-- https://www.phpmyadmin.net/
--

START TRANSACTION;



--
-- Database: `shirdi_wp410`
--

-- --------------------------------------------------------

--
-- Table structure for table `wpi3_actionscheduler_actions`
--

CREATE TABLE `wpi3_actionscheduler_actions` (
  `action_id` bigint(20) UNSIGNED NOT NULL,
  `hook` varchar(191) NOT NULL,
  `status` varchar(20) NOT NULL,
  `scheduled_date_gmt` datetime DEFAULT '0000-00-00 00:00:00',
  `scheduled_date_local` datetime DEFAULT '0000-00-00 00:00:00',
  `args` varchar(191) DEFAULT NULL,
  `schedule` longtext DEFAULT NULL,
  `group_id` bigint(20) UNSIGNED NOT NULL DEFAULT 0,
  `attempts` int(11) NOT NULL DEFAULT 0,
  `last_attempt_gmt` datetime DEFAULT '0000-00-00 00:00:00',
  `last_attempt_local` datetime DEFAULT '0000-00-00 00:00:00',
  `claim_id` bigint(20) UNSIGNED NOT NULL DEFAULT 0,
  `extended_args` varchar(8000) DEFAULT NULL,
  `priority` tinyint(3) UNSIGNED NOT NULL DEFAULT 10
) ENGINE=InnoDB DEFAULT CHARSET=utf8mb4 COLLATE=utf8mb4_unicode_520_ci;

--
-- Dumping data for table `wpi3_actionscheduler_actions`
--

INSERT INTO `wpi3_actionscheduler_actions` (`action_id`, `hook`, `status`, `scheduled_date_gmt`, `scheduled_date_local`, `args`, `schedule`, `group_id`, `attempts`, `last_attempt_gmt`, `last_attempt_local`, `claim_id`, `extended_args`, `priority`) VALUES
(36, 'woocommerce_run_on_woocommerce_admin_updated', 'failed', '2023-04-17 06:36:42', '2023-04-17 06:36:42', '[\"Automattic\\\\WooCommerce\\\\Admin\\\\RemoteInboxNotifications\\\\RemoteInboxNotificationsEngine\",\"run_on_woocommerce_admin_updated\"]', 'O:30:\"ActionScheduler_SimpleSchedule\":2:{s:22:\"\0*\0scheduled_timestamp\";i:1681713402;s:41:\"\0ActionScheduler_SimpleSchedule\0timestamp\";i:1681713402;}', 4, 1, '2023-04-17 06:36:43', '2023-04-17 06:36:43', 0, NULL, 10),
(285, 'action_scheduler/migration_hook', 'failed', '2024-01-07 13:07:47', '2024-01-07 13:07:47', '[]', 'O:30:\"ActionScheduler_SimpleSchedule\":2:{s:22:\"\0*\0scheduled_timestamp\";i:1704632867;s:41:\"\0ActionScheduler_SimpleSchedule\0timestamp\";i:1704632867;}', 1, 1, '2024-01-07 13:07:49', '2024-01-07 13:07:49', 0, NULL, 10),
(498, 'woocommerce_cleanup_draft_orders', 'complete', '2024-08-10 08:19:47', '2024-08-10 08:19:47', '[]', 'O:32:\"ActionScheduler_IntervalSchedule\":5:{s:22:\"\0*\0scheduled_timestamp\";i:1723277987;s:18:\"\0*\0first_timestamp\";i:1679569052;s:13:\"\0*\0recurrence\";i:86400;s:49:\"\0ActionScheduler_IntervalSchedule\0start_timestamp\";i:1723277987;s:53:\"\0ActionScheduler_IntervalSchedule\0interval_in_seconds\";i:86400;}', 5, 1, '2024-08-10 08:56:26', '2024-08-10 08:56:26', 0, NULL, 10),
(499, 'woocommerce_cleanup_draft_orders', 'complete', '2024-08-11 08:56:26', '2024-08-11 08:56:26', '[]', 'O:32:\"ActionScheduler_IntervalSchedule\":5:{s:22:\"\0*\0scheduled_timestamp\";i:1723366586;s:18:\"\0*\0first_timestamp\";i:1679569052;s:13:\"\0*\0recurrence\";i:86400;s:49:\"\0ActionScheduler_IntervalSchedule\0start_timestamp\";i:1723366586;s:53:\"\0ActionScheduler_IntervalSchedule\0interval_in_seconds\";i:86400;}', 5, 1, '2024-08-11 09:09:01', '2024-08-11 09:09:01', 0, NULL, 10),
(500, 'woocommerce_cleanup_draft_orders', 'complete', '2024-08-12 09:09:01', '2024-08-12 09:09:01', '[]', 'O:32:\"ActionScheduler_IntervalSchedule\":5:{s:22:\"\0*\0scheduled_timestamp\";i:1723453741;s:18:\"\0*\0first_timestamp\";i:1679569052;s:13:\"\0*\0recurrence\";i:86400;s:49:\"\0ActionScheduler_IntervalSchedule\0start_timestamp\";i:1723453741;s:53:\"\0ActionScheduler_IntervalSchedule\0interval_in_seconds\";i:86400;}', 5, 1, '2024-08-12 09:10:36', '2024-08-12 09:10:36', 0, NULL, 10),
(501, 'woocommerce_cleanup_draft_orders', 'complete', '2024-08-13 09:10:36', '2024-08-13 09:10:36', '[]', 'O:32:\"ActionScheduler_IntervalSchedule\":5:{s:22:\"\0*\0scheduled_timestamp\";i:1723540236;s:18:\"\0*\0first_timestamp\";i:1679569052;s:13:\"\0*\0recurrence\";i:86400;s:49:\"\0ActionScheduler_IntervalSchedule\0start_timestamp\";i:1723540236;s:53:\"\0ActionScheduler_IntervalSchedule\0interval_in_seconds\";i:86400;}', 5, 1, '2024-08-13 09:19:05', '2024-08-13 09:19:05', 0, NULL, 10),
(502, 'woocommerce_cleanup_draft_orders', 'complete', '2024-08-14 09:19:05', '2024-08-14 09:19:05', '[]', 'O:32:\"ActionScheduler_IntervalSchedule\":5:{s:22:\"\0*\0scheduled_timestamp\";i:1723627145;s:18:\"\0*\0first_timestamp\";i:1679569052;s:13:\"\0*\0recurrence\";i:86400;s:49:\"\0ActionScheduler_IntervalSchedule\0start_timestamp\";i:1723627145;s:53:\"\0ActionScheduler_IntervalSchedule\0interval_in_seconds\";i:86400;}', 5, 1, '2024-08-14 12:05:06', '2024-08-14 12:05:06', 0, NULL, 10),
(503, 'woocommerce_cleanup_draft_orders', 'complete', '2024-08-15 12:05:06', '2024-08-15 12:05:06', '[]', 'O:32:\"ActionScheduler_IntervalSchedule\":5:{s:22:\"\0*\0scheduled_timestamp\";i:1723723506;s:18:\"\0*\0first_timestamp\";i:1679569052;s:13:\"\0*\0recurrence\";i:86400;s:49:\"\0ActionScheduler_IntervalSchedule\0start_timestamp\";i:1723723506;s:53:\"\0ActionScheduler_IntervalSchedule\0interval_in_seconds\";i:86400;}', 5, 1, '2024-08-15 13:00:16', '2024-08-15 13:00:16', 0, NULL, 10),
(504, 'woocommerce_cleanup_draft_orders', 'complete', '2024-08-16 13:00:16', '2024-08-16 13:00:16', '[]', 'O:32:\"ActionScheduler_IntervalSchedule\":5:{s:22:\"\0*\0scheduled_timestamp\";i:1723813216;s:18:\"\0*\0first_timestamp\";i:1679569052;s:13:\"\0*\0recurrence\";i:86400;s:49:\"\0ActionScheduler_IntervalSchedule\0start_timestamp\";i:1723813216;s:53:\"\0ActionScheduler_IntervalSchedule\0interval_in_seconds\";i:86400;}', 5, 1, '2024-08-16 13:03:47', '2024-08-16 13:03:47', 0, NULL, 10),
(505, 'woocommerce_cleanup_draft_orders', 'complete', '2024-08-17 13:03:47', '2024-08-17 13:03:47', '[]', 'O:32:\"ActionScheduler_IntervalSchedule\":5:{s:22:\"\0*\0scheduled_timestamp\";i:1723899827;s:18:\"\0*\0first_timestamp\";i:1679569052;s:13:\"\0*\0recurrence\";i:86400;s:49:\"\0ActionScheduler_IntervalSchedule\0start_timestamp\";i:1723899827;s:53:\"\0ActionScheduler_IntervalSchedule\0interval_in_seconds\";i:86400;}', 5, 1, '2024-08-17 13:16:41', '2024-08-17 13:16:41', 0, NULL, 10),
(506, 'woocommerce_cleanup_draft_orders', 'complete', '2024-08-18 13:16:41', '2024-08-18 13:16:41', '[]', 'O:32:\"ActionScheduler_IntervalSchedule\":5:{s:22:\"\0*\0scheduled_timestamp\";i:1723987001;s:18:\"\0*\0first_timestamp\";i:1679569052;s:13:\"\0*\0recurrence\";i:86400;s:49:\"\0ActionScheduler_IntervalSchedule\0start_timestamp\";i:1723987001;s:53:\"\0ActionScheduler_IntervalSchedule\0interval_in_seconds\";i:86400;}', 5, 1, '2024-08-18 14:07:57', '2024-08-18 14:07:57', 0, NULL, 10),
(507, 'woocommerce_cleanup_draft_orders', 'complete', '2024-08-19 14:07:57', '2024-08-19 14:07:57', '[]', 'O:32:\"ActionScheduler_IntervalSchedule\":5:{s:22:\"\0*\0scheduled_timestamp\";i:1724076477;s:18:\"\0*\0first_timestamp\";i:1679569052;s:13:\"\0*\0recurrence\";i:86400;s:49:\"\0ActionScheduler_IntervalSchedule\0start_timestamp\";i:1724076477;s:53:\"\0ActionScheduler_IntervalSchedule\0interval_in_seconds\";i:86400;}', 5, 1, '2024-08-19 14:29:58', '2024-08-19 14:29:58', 0, NULL, 10),
(508, 'woocommerce_cleanup_draft_orders', 'complete', '2024-08-20 14:29:58', '2024-08-20 14:29:58', '[]', 'O:32:\"ActionScheduler_IntervalSchedule\":5:{s:22:\"\0*\0scheduled_timestamp\";i:1724164198;s:18:\"\0*\0first_timestamp\";i:1679569052;s:13:\"\0*\0recurrence\";i:86400;s:49:\"\0ActionScheduler_IntervalSchedule\0start_timestamp\";i:1724164198;s:53:\"\0ActionScheduler_IntervalSchedule\0interval_in_seconds\";i:86400;}', 5, 1, '2024-08-20 14:30:30', '2024-08-20 14:30:30', 0, NULL, 10),
(509, 'woocommerce_cleanup_draft_orders', 'complete', '2024-08-21 14:30:30', '2024-08-21 14:30:30', '[]', 'O:32:\"ActionScheduler_IntervalSchedule\":5:{s:22:\"\0*\0scheduled_timestamp\";i:1724250630;s:18:\"\0*\0first_timestamp\";i:1679569052;s:13:\"\0*\0recurrence\";i:86400;s:49:\"\0ActionScheduler_IntervalSchedule\0start_timestamp\";i:1724250630;s:53:\"\0ActionScheduler_IntervalSchedule\0interval_in_seconds\";i:86400;}', 5, 1, '2024-08-21 15:00:24', '2024-08-21 15:00:24', 0, NULL, 10),
(510, 'woocommerce_cleanup_draft_orders', 'complete', '2024-08-22 15:00:24', '2024-08-22 15:00:24', '[]', 'O:32:\"ActionScheduler_IntervalSchedule\":5:{s:22:\"\0*\0scheduled_timestamp\";i:1724338824;s:18:\"\0*\0first_timestamp\";i:1679569052;s:13:\"\0*\0recurrence\";i:86400;s:49:\"\0ActionScheduler_IntervalSchedule\0start_timestamp\";i:1724338824;s:53:\"\0ActionScheduler_IntervalSchedule\0interval_in_seconds\";i:86400;}', 5, 1, '2024-08-22 18:09:41', '2024-08-22 18:09:41', 0, NULL, 10),
(511, 'woocommerce_cleanup_draft_orders', 'complete', '2024-08-23 18:09:41', '2024-08-23 18:09:41', '[]', 'O:32:\"ActionScheduler_IntervalSchedule\":5:{s:22:\"\0*\0scheduled_timestamp\";i:1724436581;s:18:\"\0*\0first_timestamp\";i:1679569052;s:13:\"\0*\0recurrence\";i:86400;s:49:\"\0ActionScheduler_IntervalSchedule\0start_timestamp\";i:1724436581;s:53:\"\0ActionScheduler_IntervalSchedule\0interval_in_seconds\";i:86400;}', 5, 1, '2024-08-23 20:42:49', '2024-08-23 20:42:49', 0, NULL, 10),
(512, 'woocommerce_cleanup_draft_orders', 'complete', '2024-08-24 20:42:49', '2024-08-24 20:42:49', '[]', 'O:32:\"ActionScheduler_IntervalSchedule\":5:{s:22:\"\0*\0scheduled_timestamp\";i:1724532169;s:18:\"\0*\0first_timestamp\";i:1679569052;s:13:\"\0*\0recurrence\";i:86400;s:49:\"\0ActionScheduler_IntervalSchedule\0start_timestamp\";i:1724532169;s:53:\"\0ActionScheduler_IntervalSchedule\0interval_in_seconds\";i:86400;}', 5, 1, '2024-08-24 22:58:40', '2024-08-24 22:58:40', 0, NULL, 10),
(513, 'woocommerce_cleanup_draft_orders', 'complete', '2024-08-25 22:58:40', '2024-08-25 22:58:40', '[]', 'O:32:\"ActionScheduler_IntervalSchedule\":5:{s:22:\"\0*\0scheduled_timestamp\";i:1724626720;s:18:\"\0*\0first_timestamp\";i:1679569052;s:13:\"\0*\0recurrence\";i:86400;s:49:\"\0ActionScheduler_IntervalSchedule\0start_timestamp\";i:1724626720;s:53:\"\0ActionScheduler_IntervalSchedule\0interval_in_seconds\";i:86400;}', 5, 1, '2024-08-26 00:56:41', '2024-08-26 00:56:41', 0, NULL, 10),
(514, 'woocommerce_cleanup_draft_orders', 'complete', '2024-08-27 00:56:41', '2024-08-27 00:56:41', '[]', 'O:32:\"ActionScheduler_IntervalSchedule\":5:{s:22:\"\0*\0scheduled_timestamp\";i:1724720201;s:18:\"\0*\0first_timestamp\";i:1679569052;s:13:\"\0*\0recurrence\";i:86400;s:49:\"\0ActionScheduler_IntervalSchedule\0start_timestamp\";i:1724720201;s:53:\"\0ActionScheduler_IntervalSchedule\0interval_in_seconds\";i:86400;}', 5, 1, '2024-08-27 01:32:50', '2024-08-27 01:32:50', 0, NULL, 10),
(515, 'woocommerce_cleanup_draft_orders', 'complete', '2024-08-28 01:32:50', '2024-08-28 01:32:50', '[]', 'O:32:\"ActionScheduler_IntervalSchedule\":5:{s:22:\"\0*\0scheduled_timestamp\";i:1724808770;s:18:\"\0*\0first_timestamp\";i:1679569052;s:13:\"\0*\0recurrence\";i:86400;s:49:\"\0ActionScheduler_IntervalSchedule\0start_timestamp\";i:1724808770;s:53:\"\0ActionScheduler_IntervalSchedule\0interval_in_seconds\";i:86400;}', 5, 1, '2024-08-28 01:53:28', '2024-08-28 01:53:28', 0, NULL, 10),
(516, 'woocommerce_cleanup_draft_orders', 'complete', '2024-08-29 01:53:28', '2024-08-29 01:53:28', '[]', 'O:32:\"ActionScheduler_IntervalSchedule\":5:{s:22:\"\0*\0scheduled_timestamp\";i:1724896408;s:18:\"\0*\0first_timestamp\";i:1679569052;s:13:\"\0*\0recurrence\";i:86400;s:49:\"\0ActionScheduler_IntervalSchedule\0start_timestamp\";i:1724896408;s:53:\"\0ActionScheduler_IntervalSchedule\0interval_in_seconds\";i:86400;}', 5, 1, '2024-08-29 04:09:37', '2024-08-29 04:09:37', 0, NULL, 10),
(517, 'woocommerce_cleanup_draft_orders', 'complete', '2024-08-30 04:09:37', '2024-08-30 04:09:37', '[]', 'O:32:\"ActionScheduler_IntervalSchedule\":5:{s:22:\"\0*\0scheduled_timestamp\";i:1724990977;s:18:\"\0*\0first_timestamp\";i:1679569052;s:13:\"\0*\0recurrence\";i:86400;s:49:\"\0ActionScheduler_IntervalSchedule\0start_timestamp\";i:1724990977;s:53:\"\0ActionScheduler_IntervalSchedule\0interval_in_seconds\";i:86400;}', 5, 1, '2024-08-30 05:48:58', '2024-08-30 05:48:58', 0, NULL, 10),
(518, 'woocommerce_cleanup_draft_orders', 'complete', '2024-08-31 05:48:58', '2024-08-31 05:48:58', '[]', 'O:32:\"ActionScheduler_IntervalSchedule\":5:{s:22:\"\0*\0scheduled_timestamp\";i:1725083338;s:18:\"\0*\0first_timestamp\";i:1679569052;s:13:\"\0*\0recurrence\";i:86400;s:49:\"\0ActionScheduler_IntervalSchedule\0start_timestamp\";i:1725083338;s:53:\"\0ActionScheduler_IntervalSchedule\0interval_in_seconds\";i:86400;}', 5, 1, '2024-08-31 06:11:49', '2024-08-31 06:11:49', 0, NULL, 10),
(519, 'woocommerce_cleanup_draft_orders', 'complete', '2024-09-01 06:11:49', '2024-09-01 06:11:49', '[]', 'O:32:\"ActionScheduler_IntervalSchedule\":5:{s:22:\"\0*\0scheduled_timestamp\";i:1725171109;s:18:\"\0*\0first_timestamp\";i:1679569052;s:13:\"\0*\0recurrence\";i:86400;s:49:\"\0ActionScheduler_IntervalSchedule\0start_timestamp\";i:1725171109;s:53:\"\0ActionScheduler_IntervalSchedule\0interval_in_seconds\";i:86400;}', 5, 1, '2024-09-01 08:00:33', '2024-09-01 08:00:33', 0, NULL, 10),
(520, 'woocommerce_cleanup_draft_orders', 'complete', '2024-09-02 08:00:33', '2024-09-02 08:00:33', '[]', 'O:32:\"ActionScheduler_IntervalSchedule\":5:{s:22:\"\0*\0scheduled_timestamp\";i:1725264033;s:18:\"\0*\0first_timestamp\";i:1679569052;s:13:\"\0*\0recurrence\";i:86400;s:49:\"\0ActionScheduler_IntervalSchedule\0start_timestamp\";i:1725264033;s:53:\"\0ActionScheduler_IntervalSchedule\0interval_in_seconds\";i:86400;}', 5, 1, '2024-09-02 08:13:23', '2024-09-02 08:13:23', 0, NULL, 10),
(521, 'woocommerce_cleanup_draft_orders', 'complete', '2024-09-03 08:13:23', '2024-09-03 08:13:23', '[]', 'O:32:\"ActionScheduler_IntervalSchedule\":5:{s:22:\"\0*\0scheduled_timestamp\";i:1725351203;s:18:\"\0*\0first_timestamp\";i:1679569052;s:13:\"\0*\0recurrence\";i:86400;s:49:\"\0ActionScheduler_IntervalSchedule\0start_timestamp\";i:1725351203;s:53:\"\0ActionScheduler_IntervalSchedule\0interval_in_seconds\";i:86400;}', 5, 1, '2024-09-03 09:56:19', '2024-09-03 09:56:19', 0, NULL, 10),
(522, 'woocommerce_cleanup_draft_orders', 'complete', '2024-09-04 09:56:19', '2024-09-04 09:56:19', '[]', 'O:32:\"ActionScheduler_IntervalSchedule\":5:{s:22:\"\0*\0scheduled_timestamp\";i:1725443779;s:18:\"\0*\0first_timestamp\";i:1679569052;s:13:\"\0*\0recurrence\";i:86400;s:49:\"\0ActionScheduler_IntervalSchedule\0start_timestamp\";i:1725443779;s:53:\"\0ActionScheduler_IntervalSchedule\0interval_in_seconds\";i:86400;}', 5, 1, '2024-09-04 10:01:48', '2024-09-04 10:01:48', 0, NULL, 10),
(523, 'woocommerce_cleanup_draft_orders', 'complete', '2024-09-05 10:01:48', '2024-09-05 10:01:48', '[]', 'O:32:\"ActionScheduler_IntervalSchedule\":5:{s:22:\"\0*\0scheduled_timestamp\";i:1725530508;s:18:\"\0*\0first_timestamp\";i:1679569052;s:13:\"\0*\0recurrence\";i:86400;s:49:\"\0ActionScheduler_IntervalSchedule\0start_timestamp\";i:1725530508;s:53:\"\0ActionScheduler_IntervalSchedule\0interval_in_seconds\";i:86400;}', 5, 1, '2024-09-05 10:21:00', '2024-09-05 10:21:00', 0, NULL, 10),
(524, 'woocommerce_cleanup_draft_orders', 'complete', '2024-09-06 10:21:00', '2024-09-06 10:21:00', '[]', 'O:32:\"ActionScheduler_IntervalSchedule\":5:{s:22:\"\0*\0scheduled_timestamp\";i:1725618060;s:18:\"\0*\0first_timestamp\";i:1679569052;s:13:\"\0*\0recurrence\";i:86400;s:49:\"\0ActionScheduler_IntervalSchedule\0start_timestamp\";i:1725618060;s:53:\"\0ActionScheduler_IntervalSchedule\0interval_in_seconds\";i:86400;}', 5, 1, '2024-09-06 10:23:47', '2024-09-06 10:23:47', 0, NULL, 10),
(525, 'woocommerce_cleanup_draft_orders', 'complete', '2024-09-07 10:23:47', '2024-09-07 10:23:47', '[]', 'O:32:\"ActionScheduler_IntervalSchedule\":5:{s:22:\"\0*\0scheduled_timestamp\";i:1725704627;s:18:\"\0*\0first_timestamp\";i:1679569052;s:13:\"\0*\0recurrence\";i:86400;s:49:\"\0ActionScheduler_IntervalSchedule\0start_timestamp\";i:1725704627;s:53:\"\0ActionScheduler_IntervalSchedule\0interval_in_seconds\";i:86400;}', 5, 1, '2024-09-07 10:32:37', '2024-09-07 10:32:37', 0, NULL, 10),
(526, 'woocommerce_cleanup_draft_orders', 'complete', '2024-09-08 10:32:37', '2024-09-08 10:32:37', '[]', 'O:32:\"ActionScheduler_IntervalSchedule\":5:{s:22:\"\0*\0scheduled_timestamp\";i:1725791557;s:18:\"\0*\0first_timestamp\";i:1679569052;s:13:\"\0*\0recurrence\";i:86400;s:49:\"\0ActionScheduler_IntervalSchedule\0start_timestamp\";i:1725791557;s:53:\"\0ActionScheduler_IntervalSchedule\0interval_in_seconds\";i:86400;}', 5, 1, '2024-09-08 11:15:05', '2024-09-08 11:15:05', 0, NULL, 10),
(527, 'woocommerce_cleanup_draft_orders', 'complete', '2024-09-09 11:15:05', '2024-09-09 11:15:05', '[]', 'O:32:\"ActionScheduler_IntervalSchedule\":5:{s:22:\"\0*\0scheduled_timestamp\";i:1725880505;s:18:\"\0*\0first_timestamp\";i:1679569052;s:13:\"\0*\0recurrence\";i:86400;s:49:\"\0ActionScheduler_IntervalSchedule\0start_timestamp\";i:1725880505;s:53:\"\0ActionScheduler_IntervalSchedule\0interval_in_seconds\";i:86400;}', 5, 1, '2024-09-09 11:15:20', '2024-09-09 11:15:20', 0, NULL, 10),
(528, 'woocommerce_cleanup_draft_orders', 'pending', '2024-09-10 11:15:20', '2024-09-10 11:15:20', '[]', 'O:32:\"ActionScheduler_IntervalSchedule\":5:{s:22:\"\0*\0scheduled_timestamp\";i:1725966920;s:18:\"\0*\0first_timestamp\";i:1679569052;s:13:\"\0*\0recurrence\";i:86400;s:49:\"\0ActionScheduler_IntervalSchedule\0start_timestamp\";i:1725966920;s:53:\"\0ActionScheduler_IntervalSchedule\0interval_in_seconds\";i:86400;}', 5, 0, '0000-00-00 00:00:00', '0000-00-00 00:00:00', 0, NULL, 10);

-- --------------------------------------------------------

--
-- Table structure for table `wpi3_actionscheduler_claims`
--

CREATE TABLE `wpi3_actionscheduler_claims` (
  `claim_id` bigint(20) UNSIGNED NOT NULL,
  `date_created_gmt` datetime DEFAULT '0000-00-00 00:00:00'
) ENGINE=InnoDB DEFAULT CHARSET=utf8mb4 COLLATE=utf8mb4_unicode_520_ci;

-- --------------------------------------------------------

--
-- Table structure for table `wpi3_actionscheduler_groups`
--

CREATE TABLE `wpi3_actionscheduler_groups` (
  `group_id` bigint(20) UNSIGNED NOT NULL,
  `slug` varchar(255) NOT NULL
) ENGINE=InnoDB DEFAULT CHARSET=utf8mb4 COLLATE=utf8mb4_unicode_520_ci;

--
-- Dumping data for table `wpi3_actionscheduler_groups`
--

INSERT INTO `wpi3_actionscheduler_groups` (`group_id`, `slug`) VALUES
(1, 'action-scheduler-migration'),
(2, 'wc-admin-data'),
(3, 'woocommerce-db-updates'),
(4, 'woocommerce-remote-inbox-engine'),
(5, '');

-- --------------------------------------------------------

--
-- Table structure for table `wpi3_actionscheduler_logs`
--

CREATE TABLE `wpi3_actionscheduler_logs` (
  `log_id` bigint(20) UNSIGNED NOT NULL,
  `action_id` bigint(20) UNSIGNED NOT NULL,
  `message` text NOT NULL,
  `log_date_gmt` datetime DEFAULT '0000-00-00 00:00:00',
  `log_date_local` datetime DEFAULT '0000-00-00 00:00:00'
) ENGINE=InnoDB DEFAULT CHARSET=utf8mb4 COLLATE=utf8mb4_unicode_520_ci;

--
-- Dumping data for table `wpi3_actionscheduler_logs`
--

INSERT INTO `wpi3_actionscheduler_logs` (`log_id`, `action_id`, `message`, `log_date_gmt`, `log_date_local`) VALUES
(81, 36, 'action created', '2023-04-17 06:36:42', '2023-04-17 06:36:42'),
(82, 36, 'action started via WP Cron', '2023-04-17 06:36:43', '2023-04-17 06:36:43'),
(83, 36, 'action failed via WP Cron: Scheduled action for woocommerce_run_on_woocommerce_admin_updated will not be executed as no callbacks are registered.', '2023-04-17 06:36:43', '2023-04-17 06:36:43'),
(830, 285, 'action created', '2024-01-07 13:06:47', '2024-01-07 13:06:47'),
(831, 285, 'action started via Async Request', '2024-01-07 13:07:49', '2024-01-07 13:07:49'),
(832, 285, 'action failed via Async Request: Scheduled action for action_scheduler/migration_hook will not be executed as no callbacks are registered.', '2024-01-07 13:07:49', '2024-01-07 13:07:49'),
(1471, 498, 'action created', '2024-08-09 08:19:47', '2024-08-09 08:19:47'),
(1472, 498, 'action started via Async Request', '2024-08-10 08:56:26', '2024-08-10 08:56:26'),
(1473, 498, 'action complete via Async Request', '2024-08-10 08:56:26', '2024-08-10 08:56:26'),
(1474, 499, 'action created', '2024-08-10 08:56:26', '2024-08-10 08:56:26'),
(1475, 499, 'action started via WP Cron', '2024-08-11 09:09:01', '2024-08-11 09:09:01'),
(1476, 499, 'action complete via WP Cron', '2024-08-11 09:09:01', '2024-08-11 09:09:01'),
(1477, 500, 'action created', '2024-08-11 09:09:01', '2024-08-11 09:09:01'),
(1478, 500, 'action started via Async Request', '2024-08-12 09:10:36', '2024-08-12 09:10:36'),
(1479, 500, 'action complete via Async Request', '2024-08-12 09:10:36', '2024-08-12 09:10:36'),
(1480, 501, 'action created', '2024-08-12 09:10:36', '2024-08-12 09:10:36'),
(1481, 501, 'action started via Async Request', '2024-08-13 09:19:05', '2024-08-13 09:19:05'),
(1482, 501, 'action complete via Async Request', '2024-08-13 09:19:05', '2024-08-13 09:19:05'),
(1483, 502, 'action created', '2024-08-13 09:19:05', '2024-08-13 09:19:05'),
(1484, 502, 'action started via Async Request', '2024-08-14 12:05:06', '2024-08-14 12:05:06'),
(1485, 502, 'action complete via Async Request', '2024-08-14 12:05:06', '2024-08-14 12:05:06'),
(1486, 503, 'action created', '2024-08-14 12:05:06', '2024-08-14 12:05:06'),
(1487, 503, 'action started via WP Cron', '2024-08-15 13:00:16', '2024-08-15 13:00:16'),
(1488, 503, 'action complete via WP Cron', '2024-08-15 13:00:16', '2024-08-15 13:00:16'),
(1489, 504, 'action created', '2024-08-15 13:00:16', '2024-08-15 13:00:16'),
(1490, 504, 'action started via Async Request', '2024-08-16 13:03:47', '2024-08-16 13:03:47'),
(1491, 504, 'action complete via Async Request', '2024-08-16 13:03:47', '2024-08-16 13:03:47'),
(1492, 505, 'action created', '2024-08-16 13:03:47', '2024-08-16 13:03:47'),
(1493, 505, 'action started via WP Cron', '2024-08-17 13:16:41', '2024-08-17 13:16:41'),
(1494, 505, 'action complete via WP Cron', '2024-08-17 13:16:41', '2024-08-17 13:16:41'),
(1495, 506, 'action created', '2024-08-17 13:16:41', '2024-08-17 13:16:41'),
(1496, 506, 'action started via WP Cron', '2024-08-18 14:07:57', '2024-08-18 14:07:57'),
(1497, 506, 'action complete via WP Cron', '2024-08-18 14:07:57', '2024-08-18 14:07:57'),
(1498, 507, 'action created', '2024-08-18 14:07:57', '2024-08-18 14:07:57'),
(1499, 507, 'action started via Async Request', '2024-08-19 14:29:58', '2024-08-19 14:29:58'),
(1500, 507, 'action complete via Async Request', '2024-08-19 14:29:58', '2024-08-19 14:29:58'),
(1501, 508, 'action created', '2024-08-19 14:29:58', '2024-08-19 14:29:58'),
(1502, 508, 'action started via Async Request', '2024-08-20 14:30:30', '2024-08-20 14:30:30'),
(1503, 508, 'action complete via Async Request', '2024-08-20 14:30:30', '2024-08-20 14:30:30'),
(1504, 509, 'action created', '2024-08-20 14:30:30', '2024-08-20 14:30:30'),
(1505, 509, 'action started via Async Request', '2024-08-21 15:00:24', '2024-08-21 15:00:24'),
(1506, 509, 'action complete via Async Request', '2024-08-21 15:00:24', '2024-08-21 15:00:24'),
(1507, 510, 'action created', '2024-08-21 15:00:24', '2024-08-21 15:00:24'),
(1508, 510, 'action started via Async Request', '2024-08-22 18:09:41', '2024-08-22 18:09:41'),
(1509, 510, 'action complete via Async Request', '2024-08-22 18:09:41', '2024-08-22 18:09:41'),
(1510, 511, 'action created', '2024-08-22 18:09:41', '2024-08-22 18:09:41'),
(1511, 511, 'action started via WP Cron', '2024-08-23 20:42:49', '2024-08-23 20:42:49'),
(1512, 511, 'action complete via WP Cron', '2024-08-23 20:42:49', '2024-08-23 20:42:49'),
(1513, 512, 'action created', '2024-08-23 20:42:49', '2024-08-23 20:42:49'),
(1514, 512, 'action started via Async Request', '2024-08-24 22:58:40', '2024-08-24 22:58:40'),
(1515, 512, 'action complete via Async Request', '2024-08-24 22:58:40', '2024-08-24 22:58:40'),
(1516, 513, 'action created', '2024-08-24 22:58:40', '2024-08-24 22:58:40'),
(1517, 513, 'action started via Async Request', '2024-08-26 00:56:41', '2024-08-26 00:56:41'),
(1518, 513, 'action complete via Async Request', '2024-08-26 00:56:41', '2024-08-26 00:56:41'),
(1519, 514, 'action created', '2024-08-26 00:56:41', '2024-08-26 00:56:41'),
(1520, 514, 'action started via Async Request', '2024-08-27 01:32:50', '2024-08-27 01:32:50'),
(1521, 514, 'action complete via Async Request', '2024-08-27 01:32:50', '2024-08-27 01:32:50'),
(1522, 515, 'action created', '2024-08-27 01:32:50', '2024-08-27 01:32:50'),
(1523, 515, 'action started via Async Request', '2024-08-28 01:53:28', '2024-08-28 01:53:28'),
(1524, 515, 'action complete via Async Request', '2024-08-28 01:53:28', '2024-08-28 01:53:28'),
(1525, 516, 'action created', '2024-08-28 01:53:28', '2024-08-28 01:53:28'),
(1526, 516, 'action started via WP Cron', '2024-08-29 04:09:37', '2024-08-29 04:09:37'),
(1527, 516, 'action complete via WP Cron', '2024-08-29 04:09:37', '2024-08-29 04:09:37'),
(1528, 517, 'action created', '2024-08-29 04:09:37', '2024-08-29 04:09:37'),
(1529, 517, 'action started via Async Request', '2024-08-30 05:48:58', '2024-08-30 05:48:58'),
(1530, 517, 'action complete via Async Request', '2024-08-30 05:48:58', '2024-08-30 05:48:58'),
(1531, 518, 'action created', '2024-08-30 05:48:58', '2024-08-30 05:48:58'),
(1532, 518, 'action started via WP Cron', '2024-08-31 06:11:49', '2024-08-31 06:11:49'),
(1533, 518, 'action complete via WP Cron', '2024-08-31 06:11:49', '2024-08-31 06:11:49'),
(1534, 519, 'action created', '2024-08-31 06:11:49', '2024-08-31 06:11:49'),
(1535, 519, 'action started via WP Cron', '2024-09-01 08:00:33', '2024-09-01 08:00:33'),
(1536, 519, 'action complete via WP Cron', '2024-09-01 08:00:33', '2024-09-01 08:00:33'),
(1537, 520, 'action created', '2024-09-01 08:00:33', '2024-09-01 08:00:33'),
(1538, 520, 'action started via WP Cron', '2024-09-02 08:13:23', '2024-09-02 08:13:23'),
(1539, 520, 'action complete via WP Cron', '2024-09-02 08:13:23', '2024-09-02 08:13:23'),
(1540, 521, 'action created', '2024-09-02 08:13:23', '2024-09-02 08:13:23'),
(1541, 521, 'action started via WP Cron', '2024-09-03 09:56:19', '2024-09-03 09:56:19'),
(1542, 521, 'action complete via WP Cron', '2024-09-03 09:56:19', '2024-09-03 09:56:19'),
(1543, 522, 'action created', '2024-09-03 09:56:19', '2024-09-03 09:56:19'),
(1544, 522, 'action started via WP Cron', '2024-09-04 10:01:48', '2024-09-04 10:01:48'),
(1545, 522, 'action complete via WP Cron', '2024-09-04 10:01:48', '2024-09-04 10:01:48'),
(1546, 523, 'action created', '2024-09-04 10:01:48', '2024-09-04 10:01:48'),
(1547, 523, 'action started via Async Request', '2024-09-05 10:21:00', '2024-09-05 10:21:00'),
(1548, 523, 'action complete via Async Request', '2024-09-05 10:21:00', '2024-09-05 10:21:00'),
(1549, 524, 'action created', '2024-09-05 10:21:00', '2024-09-05 10:21:00'),
(1550, 524, 'action started via Async Request', '2024-09-06 10:23:47', '2024-09-06 10:23:47'),
(1551, 524, 'action complete via Async Request', '2024-09-06 10:23:47', '2024-09-06 10:23:47'),
(1552, 525, 'action created', '2024-09-06 10:23:47', '2024-09-06 10:23:47'),
(1553, 525, 'action started via Async Request', '2024-09-07 10:32:37', '2024-09-07 10:32:37'),
(1554, 525, 'action complete via Async Request', '2024-09-07 10:32:37', '2024-09-07 10:32:37'),
(1555, 526, 'action created', '2024-09-07 10:32:37', '2024-09-07 10:32:37'),
(1556, 526, 'action started via Async Request', '2024-09-08 11:15:05', '2024-09-08 11:15:05'),
(1557, 526, 'action complete via Async Request', '2024-09-08 11:15:05', '2024-09-08 11:15:05'),
(1558, 527, 'action created', '2024-09-08 11:15:05', '2024-09-08 11:15:05'),
(1559, 527, 'action started via Async Request', '2024-09-09 11:15:20', '2024-09-09 11:15:20'),
(1560, 527, 'action complete via Async Request', '2024-09-09 11:15:20', '2024-09-09 11:15:20'),
(1561, 528, 'action created', '2024-09-09 11:15:20', '2024-09-09 11:15:20');

-- --------------------------------------------------------

--
-- Table structure for table `wpi3_b2s_network_insights`
--

CREATE TABLE `wpi3_b2s_network_insights` (
  `id` int(11) NOT NULL,
  `blog_user_id` int(11) NOT NULL,
  `b2s_posts_network_details_id` int(11) NOT NULL,
  `insight` longtext NOT NULL,
  `create_date` datetime NOT NULL DEFAULT '0000-00-00 00:00:00'
) ENGINE=InnoDB DEFAULT CHARSET=utf8mb4 COLLATE=utf8mb4_unicode_ci;

-- --------------------------------------------------------

--
-- Table structure for table `wpi3_b2s_posts`
--

CREATE TABLE `wpi3_b2s_posts` (
  `id` int(11) NOT NULL,
  `post_id` int(11) NOT NULL,
  `blog_user_id` int(11) NOT NULL,
  `last_edit_blog_user_id` int(11) NOT NULL,
  `user_timezone` tinyint(4) NOT NULL DEFAULT 0,
  `sched_details_id` int(11) NOT NULL,
  `sched_type` tinyint(4) NOT NULL DEFAULT 0,
  `sched_date` datetime NOT NULL DEFAULT '0000-00-00 00:00:00',
  `sched_date_utc` datetime NOT NULL DEFAULT '0000-00-00 00:00:00',
  `publish_date` datetime NOT NULL DEFAULT '0000-00-00 00:00:00',
  `publish_link` varchar(255) NOT NULL,
  `publish_error_code` varchar(100) NOT NULL,
  `network_details_id` int(11) NOT NULL,
  `post_format` tinyint(4) DEFAULT NULL,
  `post_for_relay` tinyint(4) NOT NULL DEFAULT 0,
  `post_for_approve` tinyint(4) NOT NULL DEFAULT 0,
  `relay_primary_post_id` int(11) NOT NULL DEFAULT 0,
  `relay_delay_min` int(11) NOT NULL DEFAULT 0,
  `upload_video_token` varchar(255) NOT NULL,
  `hook_action` tinyint(4) NOT NULL DEFAULT 0,
  `hide` tinyint(4) NOT NULL DEFAULT 0,
  `v2_id` int(11) NOT NULL DEFAULT 0
) ENGINE=InnoDB DEFAULT CHARSET=utf8mb3 COLLATE=utf8mb3_general_ci;

-- --------------------------------------------------------

--
-- Table structure for table `wpi3_b2s_posts_drafts`
--

CREATE TABLE `wpi3_b2s_posts_drafts` (
  `id` int(11) NOT NULL,
  `last_save_date` datetime NOT NULL DEFAULT '0000-00-00 00:00:00',
  `blog_user_id` int(11) NOT NULL,
  `post_id` int(11) NOT NULL,
  `save_origin` tinyint(4) NOT NULL DEFAULT 0,
  `data` longtext NOT NULL
) ENGINE=InnoDB DEFAULT CHARSET=utf8mb4 COLLATE=utf8mb4_unicode_ci;

-- --------------------------------------------------------

--
-- Table structure for table `wpi3_b2s_posts_favorites`
--

CREATE TABLE `wpi3_b2s_posts_favorites` (
  `id` int(11) NOT NULL,
  `blog_user_id` int(11) NOT NULL,
  `post_id` int(11) NOT NULL,
  `save_date` datetime NOT NULL DEFAULT '0000-00-00 00:00:00'
) ENGINE=InnoDB DEFAULT CHARSET=utf8mb4 COLLATE=utf8mb4_unicode_ci;

-- --------------------------------------------------------

--
-- Table structure for table `wpi3_b2s_posts_insights`
--

CREATE TABLE `wpi3_b2s_posts_insights` (
  `id` int(11) NOT NULL,
  `blog_user_id` int(11) NOT NULL,
  `b2s_posts_id` int(11) NOT NULL,
  `network_post_id` varchar(50) NOT NULL,
  `b2s_posts_network_details_id` int(11) NOT NULL,
  `insight` longtext NOT NULL,
  `last_update` datetime NOT NULL DEFAULT '0000-00-00 00:00:00',
  `active` tinyint(4) NOT NULL DEFAULT 1
) ENGINE=InnoDB DEFAULT CHARSET=utf8mb4 COLLATE=utf8mb4_unicode_ci;

-- --------------------------------------------------------

--
-- Table structure for table `wpi3_b2s_posts_network_details`
--

CREATE TABLE `wpi3_b2s_posts_network_details` (
  `id` int(11) NOT NULL,
  `owner_blog_user_id` int(11) NOT NULL,
  `network_id` tinyint(4) NOT NULL,
  `network_type` tinyint(4) NOT NULL,
  `network_auth_id` int(11) NOT NULL,
  `network_display_name` varchar(100) NOT NULL,
  `data` text CHARACTER SET utf8mb4 COLLATE utf8mb4_unicode_ci DEFAULT NULL
) ENGINE=InnoDB DEFAULT CHARSET=utf8mb3 COLLATE=utf8mb3_general_ci;

-- --------------------------------------------------------

--
-- Table structure for table `wpi3_b2s_posts_sched_details`
--

CREATE TABLE `wpi3_b2s_posts_sched_details` (
  `id` int(11) NOT NULL,
  `sched_data` text DEFAULT NULL,
  `image_url` varchar(255) NOT NULL
) ENGINE=InnoDB DEFAULT CHARSET=utf8mb4 COLLATE=utf8mb4_unicode_ci;

-- --------------------------------------------------------

--
-- Table structure for table `wpi3_b2s_user`
--

CREATE TABLE `wpi3_b2s_user` (
  `id` int(11) NOT NULL,
  `token` varchar(255) NOT NULL,
  `blog_user_id` int(11) NOT NULL,
  `feature` tinyint(2) NOT NULL,
  `state_url` tinyint(2) NOT NULL,
  `register_date` datetime NOT NULL DEFAULT '0000-00-00 00:00:00'
) ENGINE=InnoDB DEFAULT CHARSET=utf8mb3 COLLATE=utf8mb3_general_ci;

--
-- Dumping data for table `wpi3_b2s_user`
--

INSERT INTO `wpi3_b2s_user` (`id`, `token`, `blog_user_id`, `feature`, `state_url`, `register_date`) VALUES
(1, 'v3_UlYydUFicHVpTmh5VFhkQ24yT3V1cEVwajlCMVlZT3dsSytCTmsrYzFoZ09JTUVBYVdOajVlT3IxbHE0NjArcXZ2eVpMWXBYNUhwQUJPWEltSG5LRElpZUpVU3Z1b1hHb1FmUmo3Sk1FTzQyUHR3QUo2elY0ZlkwcUVWWmU0bC9OSWp2RDJpbzRkTXZCWllydjdoNzZSdW1TZ2JINzl3UkhzampmV0x2dS9JPTo6RldEWnlOb2xjSHRiRWFN', 1, 0, 1, '2024-01-07 13:19:21');

-- --------------------------------------------------------

--
-- Table structure for table `wpi3_b2s_user_contact`
--

CREATE TABLE `wpi3_b2s_user_contact` (
  `id` int(11) NOT NULL,
  `blog_user_id` int(11) NOT NULL,
  `name_mandant` varchar(100) NOT NULL,
  `created` datetime NOT NULL DEFAULT '0000-00-00 00:00:00',
  `name_presse` varchar(100) NOT NULL,
  `anrede_presse` enum('0','1','2') NOT NULL DEFAULT '0' COMMENT '0=Frau,1=Herr 2=keine Angabe',
  `vorname_presse` varchar(50) NOT NULL,
  `nachname_presse` varchar(50) NOT NULL,
  `strasse_presse` varchar(100) NOT NULL,
  `nummer_presse` varchar(5) NOT NULL DEFAULT '',
  `plz_presse` varchar(10) NOT NULL,
  `ort_presse` varchar(75) NOT NULL,
  `land_presse` varchar(3) NOT NULL DEFAULT 'DE',
  `email_presse` varchar(75) NOT NULL,
  `telefon_presse` varchar(30) NOT NULL,
  `fax_presse` varchar(30) NOT NULL,
  `url_presse` varchar(150) NOT NULL
) ENGINE=InnoDB DEFAULT CHARSET=utf8mb3 COLLATE=utf8mb3_general_ci;

-- --------------------------------------------------------

--
-- Table structure for table `wpi3_b2s_user_network_settings`
--

CREATE TABLE `wpi3_b2s_user_network_settings` (
  `id` int(11) NOT NULL,
  `blog_user_id` int(11) NOT NULL,
  `mandant_id` int(11) NOT NULL,
  `network_auth_id` int(11) NOT NULL
) ENGINE=InnoDB DEFAULT CHARSET=utf8mb3 COLLATE=utf8mb3_general_ci;

-- --------------------------------------------------------

--
-- Table structure for table `wpi3_cff_facebook_feed_locator`
--

CREATE TABLE `wpi3_cff_facebook_feed_locator` (
  `id` bigint(20) UNSIGNED NOT NULL,
  `feed_id` varchar(50) NOT NULL DEFAULT '',
  `post_id` bigint(20) UNSIGNED NOT NULL,
  `html_location` varchar(50) NOT NULL DEFAULT 'unknown',
  `shortcode_atts` longtext NOT NULL,
  `last_update` datetime DEFAULT NULL
) ENGINE=InnoDB DEFAULT CHARSET=utf8mb4 COLLATE=utf8mb4_unicode_ci;

--
-- Dumping data for table `wpi3_cff_facebook_feed_locator`
--

INSERT INTO `wpi3_cff_facebook_feed_locator` (`id`, `feed_id`, `post_id`, `html_location`, `shortcode_atts`, `last_update`) VALUES
(1, '*1', 4629, 'content', '{\"feed\":\"1\"}', '2024-08-26 10:11:21');

-- --------------------------------------------------------

--
-- Table structure for table `wpi3_cff_feeds`
--

CREATE TABLE `wpi3_cff_feeds` (
  `id` bigint(20) UNSIGNED NOT NULL,
  `feed_name` text NOT NULL DEFAULT '',
  `feed_title` text NOT NULL DEFAULT '',
  `settings` longtext NOT NULL DEFAULT '',
  `author` bigint(20) UNSIGNED NOT NULL DEFAULT 1,
  `status` varchar(255) NOT NULL DEFAULT '',
  `last_modified` datetime NOT NULL
) ENGINE=InnoDB DEFAULT CHARSET=utf8mb4 COLLATE=utf8mb4_unicode_520_ci;

--
-- Dumping data for table `wpi3_cff_feeds`
--

INSERT INTO `wpi3_cff_feeds` (`id`, `feed_name`, `feed_title`, `settings`, `author`, `status`, `last_modified`) VALUES
(1, 'Shirdi Baba Society of Malaysia', '', '{\"sources\":\"406071966123703\",\"ownaccesstoken\":\"true\",\"pagetoken\":\"\",\"id\":\"406071966123703\",\"pagetype\":\"page\",\"num\":\"5\",\"limit\":\"\",\"others\":\"\",\"showpostsby\":\"me\",\"cachetype\":\"background\",\"cachetime\":\"1\",\"cacheunit\":\"hours\",\"locale\":\"en_US\",\"storytags\":\"false\",\"ajax\":\"\",\"offset\":\"\",\"account\":\"\",\"width\":\"100%\",\"widthresp\":\"\",\"height\":\"\",\"padding\":\"\",\"bgcolor\":\"#\",\"showauthor\":\"\",\"showauthornew\":\"true\",\"class\":\"\",\"type\":[\"links\",\"events\",\"videos\",\"photos\",\"albums\",\"statuses\"],\"gdpr\":\"auto\",\"loadiframes\":\"false\",\"eventsource\":\"eventspage\",\"eventoffset\":\"6\",\"eventimage\":\"full\",\"pastevents\":\"false\",\"albumsource\":\"photospage\",\"showalbumtitle\":\"on\",\"showalbumnum\":\"on\",\"albumcols\":\"4\",\"photosource\":\"photospage\",\"photocols\":\"4\",\"videosource\":\"videospage\",\"showvideoname\":\"on\",\"showvideodesc\":\"on\",\"videocols\":\"4\",\"playlist\":\"\",\"disablelightbox\":\"on\",\"filter\":\"\",\"exfilter\":\"\",\"layout\":\"full\",\"enablenarrow\":\"on\",\"oneimage\":\"\",\"mediaposition\":\"below\",\"include\":[\"author\",\"text\",\"desc\",\"sharedlinks\",\"date\",\"medialink\",\"eventtitle\",\"eventdetails\",\"link\",\"likebox\"],\"exclude\":\"\",\"masonry\":\"\",\"masonrycols\":\"\",\"masonrycolsmobile\":\"\",\"masonryjs\":\"true\",\"cols\":\"3\",\"colsmobile\":\"1\",\"colsjs\":\"true\",\"nummobile\":\"5\",\"poststyle\":\"boxed\",\"postbgcolor\":\"#\",\"postcorners\":\"0\",\"boxshadow\":\"\",\"textformat\":\"p\",\"textsize\":\"inherit\",\"textweight\":\"inherit\",\"textcolor\":\"#\",\"textlinkcolor\":\"#\",\"textlink\":\"\",\"posttags\":\"on\",\"linkhashtags\":\"on\",\"lightboxcomments\":\"off\",\"authorsize\":\"inherit\",\"authorcolor\":\"#\",\"descsize\":\"12\",\"descweight\":\"inherit\",\"desccolor\":\"#\",\"linktitleformat\":\"p\",\"linktitlesize\":\"inherit\",\"linkdescsize\":\"inherit\",\"linkurlsize\":\"12\",\"linkdesccolor\":\"#\",\"linktitlecolor\":\"#\",\"linkurlcolor\":\"#\",\"linkbgcolor\":\"#\",\"linkbordercolor\":\"#\",\"disablelinkbox\":\"off\",\"eventtitleformat\":\"p\",\"eventtitlesize\":\"inherit\",\"eventtitleweight\":\"inherit\",\"eventtitlecolor\":\"#\",\"eventtitlelink\":\"true\",\"eventdatesize\":\"inherit\",\"eventdateweight\":\"inherit\",\"eventdatecolor\":\"#\",\"eventdatepos\":\"below\",\"eventdateformat\":\"14\",\"eventdatecustom\":\"\",\"timezoneoffset\":\"false\",\"cff_enqueue_with_shortcode\":\"false\",\"eventdetailssize\":\"inherit\",\"eventdetailsweight\":\"inherit\",\"eventdetailscolor\":\"#\",\"eventlinkcolor\":\"#\",\"datepos\":\"author\",\"datesize\":\"inherit\",\"dateweight\":\"inherit\",\"datecolor\":\"#\",\"dateformat\":\"1\",\"datecustom\":\"\",\"timezone\":\"America\\/Chicago\",\"beforedate\":\"\",\"afterdate\":\"\",\"linksize\":\"inherit\",\"linkweight\":\"inherit\",\"linkcolor\":\"#\",\"linktotimeline\":\"false\",\"buttoncolor\":\"\",\"buttonhovercolor\":\"\",\"buttontextcolor\":\"\",\"buttontext\":\"Load more\",\"facebooklinktext\":\"View on Facebook\",\"sharelinktext\":\"Share\",\"iconstyle\":\"light\",\"socialtextcolor\":\"#\",\"socialbgcolor\":\"#\",\"sociallinkcolor\":\"#\",\"expandcomments\":\"\",\"commentsnum\":\"4\",\"hidecommentimages\":\"\",\"loadcommentsjs\":\"false\",\"salesposts\":\"false\",\"textlength\":\"400\",\"desclength\":\"200\",\"showlikebox\":\"on\",\"likeboxpos\":\"bottom\",\"likeboxoutside\":\"\",\"likeboxcolor\":\"\",\"likeboxtextcolor\":\"blue\",\"likeboxwidth\":\"\",\"likeboxfaces\":\"\",\"likeboxborder\":\"\",\"likeboxcover\":\"on\",\"likeboxsmallheader\":\"off\",\"likeboxhidebtn\":\"\",\"credit\":\"\",\"textissue\":\"\",\"disablesvgs\":\"\",\"restrictedpage\":\"\",\"hidesupporterposts\":\"\",\"privategroup\":\"false\",\"nofollow\":\"true\",\"timelinepag\":\"date\",\"gridpag\":\"auto\",\"disableresize\":\"false\",\"showheader\":\"on\",\"headertype\":\"visual\",\"headercover\":\"on\",\"headeravatar\":\"\",\"headername\":\"on\",\"headerbio\":\"on\",\"headercoverheight\":\"300\",\"headerlikes\":\"\",\"headeroutside\":\"on\",\"headertext\":\"Facebook Posts\",\"headerbg\":\"#\",\"headerpadding\":\"\",\"headertextsize\":\"inherit\",\"headertextweight\":\"inherit\",\"headertextcolor\":\"#\",\"headericon\":\"facebook-square\",\"headericoncolor\":\"#\",\"headericonsize\":\"28\",\"headerinc\":\"\",\"headerexclude\":\"\",\"loadmore\":\"on\",\"fulllinkimages\":\"on\",\"linkimagesize\":\"largesquare\",\"postimagesize\":\"large\",\"videoheight\":\"\",\"videoaction\":\"post\",\"videoplayer\":\"facebook\",\"sepcolor\":\"#ddd\",\"sepsize\":\"1\",\"photostext\":\"photos\",\"showfacebooklink\":\"true\",\"showsharelink\":\"true\",\"multifeedactive\":\"false\",\"daterangeactive\":\"false\",\"featuredpostactive\":\"false\",\"albumactive\":\"false\",\"masonryactive\":\"false\",\"carouselactive\":\"false\",\"reviewsactive\":\"false\",\"from\":\"\",\"until\":\"\",\"daterangefromtype\":\"specific\",\"daterangefromspecific\":\"\",\"daterangefromrelative\":\"\",\"daterangeuntiltype\":\"specific\",\"daterangeuntilspecific\":\"\",\"daterangeuntilrelative\":\"\",\"featuredpost\":\"\",\"album\":\"\",\"daterange\":\"off\",\"lightbox\":\"off\",\"reviewsrated\":\"1,2,3,4,5\",\"starsize\":\"12\",\"hidenegative\":\"\",\"reviewslinktext\":\"View all Reviews\",\"reviewshidenotext\":\"\",\"reviewsmethod\":\"all\",\"feedtype\":\"timeline\",\"likeboxcustomwidth\":\"\",\"colstablet\":\"2\",\"feedlayout\":\"masonry\",\"colorpalette\":\"inherit\",\"custombgcolor1\":\"\",\"custombgcolor2\":\"\",\"textcolor1\":\"\",\"textcolor2\":\"\",\"customlinkcolor\":\"\",\"posttextcolor\":\"\",\"misctextcolor\":\"\",\"misclinkcolor\":\"\",\"headericonenabled\":\"on\",\"lightboxbgcolor\":\"\",\"lightboxtextcolor\":\"\",\"lightboxlinkcolor\":\"\",\"beforedateenabled\":\"off\",\"afterdateenabled\":\"off\",\"showpoststypes\":\"custom\",\"headerbiosize\":\"inherit\",\"headerbiocolor\":\"#\",\"apipostlimit\":\"auto\",\"carouselheight\":\"tallest\",\"carouseldesktop_cols\":\"1\",\"carouselmobile_cols\":\"1\",\"carouselnavigation\":\"none\",\"carouselpagination\":\"true\",\"carouselautoplay\":\"false\",\"carouselinterval\":\"5000\",\"nonce\":\"dddb829387\"}', 1, 'publish', '2024-01-06 17:26:17');

-- --------------------------------------------------------

--
-- Table structure for table `wpi3_cff_feed_caches`
--

CREATE TABLE `wpi3_cff_feed_caches` (
  `id` bigint(20) UNSIGNED NOT NULL,
  `feed_id` bigint(20) UNSIGNED NOT NULL DEFAULT 1,
  `cache_key` varchar(255) NOT NULL DEFAULT '',
  `cache_value` longtext NOT NULL DEFAULT '',
  `cron_update` varchar(20) NOT NULL DEFAULT 'yes',
  `last_updated` datetime NOT NULL
) ENGINE=InnoDB DEFAULT CHARSET=utf8mb4 COLLATE=utf8mb4_unicode_520_ci;

--
-- Dumping data for table `wpi3_cff_feed_caches`
--

INSERT INTO `wpi3_cff_feed_caches` (`id`, `feed_id`, `cache_key`, `cache_value`, `cron_update`, `last_updated`) VALUES
(1, 1, 'header_backup', 'jmU89DiDwfU1TYMSuTFATmgwMHNnUERRdUJQSUYxZ3ZXcUZrY2l5WWFDTTBpNXhvTzIrejBubmVZdlh1ZEc2UGlXcVNtdEtMUHRmZzREMzBEMGZqNzNpd2hER3Z1TGcyUks0bk0rSFBNdXZwa3picVlmZWZ0K3BGck05REJHT2RVai9OYzRMaWtXTTUrTFRhWStNWVpWNEhCeWRKVUx4Zk9NRFA4bm5iQm9HaWE3eXZRY21VbWt3ZFQ0QjBBTXBNMHpwbHRjMTYyam1lZFF0UVRIYnQ0dWhITlB6b0NRYkZEcTN5WTljdnZKSm9wSDN6WWJNSnZ0UHhIWk9neEFzT29hckhXYTA4VTJJaWV2NkVCdnNkQmw1YlRlTVRudDgzRzRBN1BGUzE5TWhCaXF5MGJTR3FVaHBoNjN2RGN3YnQ0MHFlZ1FYVGE2MzE1SlVDVG9GWTVONnhyRFlkTWpMLzV6WkpTTWx1TkFOZzk0WUlZS0lwL3hSQW43QTRVZ2w2VjQrY0xveno4ZEs5SDZtOW5hRXRia3l4MEVHYko1bnB6bVRTT3lTdGFteFRzU1BYV0ZITVE4aXFaNnZrd1luNFdNSFp0RStDemEwNXRTM1JOTmNXUlZiUXNYNGVkTmo5dE1jNndJbWFLNWlGcGVVbFhQa1BRK3R0RGRTYWhIT2pYbVBWUUplcjZ0bjJNTnJCeFlRMGhxMHRMODRSUjBBcVc1ZlJ1UnA0eitBdEcxQTFiZG83OWdGMCtCWUpjZzRIdnJnZVBYeU9DbE1aYmZUT3ROR2g3UXJMdWtJUTF6eDl0aVBEVENsMm5ieWJjSkJzQXhScTAxWm9ka0x5QlVLaGY0Q0xCRnUvWmF3ekRYcmlRbTAxMjdPd2s3VmJDMWsxNzg2bkZzMVVlVXpQRXV2UmlVLzUxRkZIRW53ZmZxN3Bnb0tJeWlMc25LTC9yVnBnYjljeWd0ckU4NXBPWHQyS3pXQnRrS3NiVlFFOUc3R0xlYTJjMEtodWlPSTJNSk8zUDF0c0ZxWk1IZHRuS0RkYWxXQXU2M2JuQVZCNXpGWnVxc3g0QmJHOTJQTndIVWNUUDVTd3hhWGxzbHZ4bXZGT0tXMFNwVnZwRzRydWRFTThrSW5Rb0lmZ3psM2d4bitQQ1hYZ3FEY3MwU2NzNVpIUWtjUFFVcjhpTGdQNzVCWDNlVENLb3duZFZlalJUblV5QjZZL29ES0ZEQnVVSDMvOHB3Ujk0RWdjMzJFMnREeE45cDZDRFdVS05SQlExUDNwODRDc3gySFI1NXJncDJoemdEamRGRUxxblZpamswTSt2VFRWSWF6RVdlUEtyRlFBS2ZqcmVZNFV3ZWorTzVpamRVb0ZaMzJHeGZSYUZyNlBvWmpKWktZZXJaWFF6TSs1RXEvYlBNVThDUGxIOERFbjBQSU5iSTUybWV4bVRMdll2c0RBcGZ4dW1sYmdLb2xOZVFxNUl4YytQZ3JvczZCaVFEV3hZSkZWanJBeFczdFpDNmFHaEozb1lMQUc4M1NSVG13UTlseVNCY2R1YjRnUk51L25qMG92WG15WW9uNW02bE9LZk1OLzY1d1FVS1AzYzNSU2htbXBad3VYMFdWWlBMS3FTdVExN0lMTUQrU0ZDTkU5ZGduSzZRTldDZTY4Nk5uemdObmxyampmYnZGeTFtQXNYcXd1clB2R1BMVVNwVTVOdDR1dFFhdEt3Mmg2cFREYVJ6cWtvU2lCamw2T3EzaldjMFBiRkNZTThKRGdyRXVXLzBHanMxV252bWdEU1Y0VnU0bE9DaGwxQWd6aHhabVRhQWUrZ2c2NWVGK0d3Nm9PTXNSQUFYNFVIZlp1bnE0S05GZEpIaktRcUdHSXF1ZW12RUovK1ZyRVhQSTFyajdQRHpSNC9IRFNhSnlOZU12dWY1U2x6eWNsOTQ2N0hYMytZbitEbVVPT1VSWTBvdkZCZ2VFbkFJUWVPaGNFKzRSaFJKS3lISHUzU1pYakpWbDRhaTFtNCtVSHVTaXltSHZ4dGZYR1VxZ0pQeG4vYzlVd3BpTmcvaW91L29jSWdwOVRyUGw1bGdXaWtkOFJxUjkvSW12d25iMUZwYUV3K3czK2tQQkNFRjZLWTB3TDlxM1UzTXJ6VExyYlZDeEc2QVltV3YvVmk1VjV1WWZPNVVXcTRJWndoeXRWaXdLRmIzVU83WmJUM3R3eUdCeHoxTiswK29Gd0IwS250V1FmVWxLKytTZWFPazVpdDNXdFl1bWxUdXBXVlVxbitNRnEzV29NTW5BakxXTnl4QXJPdSt6UjBROC9PeTZwZjVramE1RC9lQ0FqallTSUIzUXNQbkhMRHZFei92akV6S29NVGhmYWhTNW5mY0pvalptSzVYUGdjK1ZSQlBuc2o1RktmbzVlTHBxaEl5bEdiOHBHWEY0ekxnWlNZbXpFL2wybUpEbDdFRTVNRkJrK25pd1IzU1A0NVNqdU5ub040NHNOcjRpQ2NQMDE5bzFCU2lkaTZzdWgxaTVlOWFpZjl6QVRFWFBiOUZ4RkNwOThFRmsyVzhpU3dZNVZYd1JJYmtUYnU5WE1GTGNhMWZHNStLN0s1UVB6VENSVmlEbkpwbDIwMCtVTk5XN0hCQ1lDMmF1Yi9xVDl2em80bjZlbk85YTN2MFNQbkp0QXFPSEV0eFp6ZVZ3NkRYY2dlcHp1WEQwZlg1ZzVyRDI1L1pEWEZhQWMrVjdTR0d4TGcrZm9vWE5WU01xQytqTU1xcXA4SDdkcTVGaVhBdHB3Y1F2Z0krRzdVMEd4MXhYWE5ITXNzUnlQbk5MV1dzaHlSY3hha05FS2pGWGtyY2JSQmZkSFZiVFY2Z0lweGFQb3Y5bkorakVkNWxmY0RvOG9qWWx3MHM4UWlDWU51eVhiTzVNYk84VENZS3FaNS9Dd3ArTkRXMEFkV0xySWpaT2dzUT09', '', '2024-09-04 12:13:56'),
(2, 1, 'header', '+sGz4J+oiCJxrwzJmNn9f1lmR0lFaWRzYmhlVkNKT09uaGFMSmw5ZUtmS0JOR0xhK2pvRG5jdWtuSUdQT0hMRW1CaGRFNklYdVVPQ2dpUjk0bWF1cCt3dEdJOG9vdjRMSDM4MTdUbzl5ZGtCZlY3dDBDMWlsMm0rMDRZWmU5Mm5LeGlxSzJTSVJNUi9PRGZFdGVHWXY0VU1CTEN2V2V5c3JJaC8rbzhXSVpuVGNwZEpTb0FjdkFnN2xBL3FreGpjazhNL0k0YVRsNG9lbi9jWjd2c0VtZGFlTWs1azhmRVBYQlhEZXNEeTFLTHpCOGhaQTdYSkN2d1dVTnVxcmNRM2Npejl5VUdvTmtxQmxZTmVxUkFpbkZLbHd6RFlyRW1BQTFnNnZ3OG9GeGVPdzV1dWlwSnhOWEl2d0JGeEJjV1FraFFWNHNCY0xNMlc3SlFOeU1IaEJ2d1ordlRWSW5sUzBabG41QWFra3VCbXVvRGlEeFBSQzVPcHF3YlpTRTM2WTlaL0FQWTNZZmRheS8zellHdmlCWS9NUnQvTFRqeHVhWlFRSysrSFpaTjkweXZGRjEvTWJ6bE9IWGpwdURhbXBkdVBWd3o3WlZCZU9LeFpNMDkxNTdDWjJQcWxGcFp2VG1BR0FsT1lqTmZOK0ZUUlJmcmhHd3FkUjlMZFdmcElaMXhzekpoVE9zbmJLR2VUYkJkZzJtc29vY1laWUwyUzcxT2U2eUhNQ0thR1hGaEkrbzFJRldpWkxiejgrbUdTcG82WDk1T0Urc2JSRU1ITEliNTJCS0lkM3NUL0lmV3dTa2lZeHpOSnRFK2RLUjJ3STJselc0VXI3OHpnbTBZQVVpdUFoWWhsYlp6aUF2M2ljaWoyVEVjS1dYeFd4UVN2Q1dUMjIwZHFRYVp3ZGVmUVY5KzVVbk1YSlV4a3BpSE9BRzJXZVFnalMwczQ5R1NQWEVwcWJ6ZWRWS3UyY004SzZNT3AzbnNWTS84Ujh4UThsR2pETGNPeXlZMTd4U1RJYzcrbHFjRy9DMzNrR1NwWXhjbVQ3ZU14NXY4K0dFSEIxN2xTNnl4WWpuNk9aWlZUdTd3RlM5S3pSamVueWtiekdNM3pZWGhmUTZUZVNiZHl2M2ZuNTVtdTlHeHB5dzYvUitzTTJGMGpTTlJyNWNVaWE4cDduRW9kQWp2cU8rN3V3NHpidStKbW9VMjdiT0dnVVZCZXZaeGg3TVBwQVdxeG1TdVgzR1d5UEh1ZDk4clhEOVl3dlpNd3lHVVc5eDllRUN2V2toVDFMQitzelp3YWpVb1ZUNGtSVXRTdVFEY2tvU20yMjgycTNCMHRhVXdodzZyNExSdHl2eDQ1ekxRYng4dVRYVkszTHEySjFoZzRrSThmUGkyTUJNdUxJd3dUbFpnMkh0bk9ManpGSWJPbkpvNVVWYi95dk5hSVVPVlhtQk1iZFJ3Y05VdE5BR3RwM1VBTFp6YkJkNFMreHhIWVJnRlZoVkU5cmsyUldLUHgyUHNkUnJCQ3JSQ1F3YkFqT2NjaEMvTEwzNEpiMlFOS2lBSnlUR2VxZW4vR2FLMEJMVENaMzhBTVdheVdNMnpRVzMyUTA3NVhwR2wvcGFrbmloaXdxdzUxV3NXa0dkVkVwcHpOdHlHZFhqclQxNXNRWG1HYVFOY3NCNG5QYjVrbGpVQ3AvNUozMWh3VHZKWTZpRnhjbE9LVnNPNzBydkgvQVQwcmRRTEJNakxVWXZ6cThqYnpyaThpUThvQnd5ZlhOUXpxWjRPNllKUzgyOGJNbzRSOG1hUms1V3NjMjkvOWJlMm5QM3NPVEVCaHJMQlFhLzVtQmQ5aDh0bmxRSkc0dU1aSG1udDBqcXFEdjFBdi9OZDJPamRJNTdsb2h3M1FFelluVFV0aUxodU9vb0hsaldIWE84b3dLUkxlYjdXdzk1bjk1S2svUVZCYzV5dnFmRVcwNW00cXVZaXYxb3VlLzh4L1RRU0Z4NUNOaitzY3h6clgrZko2TE92RXcyUXNlbTZKcytDbjFDZEtQL3N4OExyczgwV1BqNFJELzR5NXJ6NTFhNUVQOHV5M1dKQUg3cXo3aGg2N2VkVFlDQ3R5dVVJSS9WTUFveG13MG1Tai8yZUEvOVppMDNPdzdmSU9XVW5GNGpVcFNpaUJTQ1l1UXJoeGo1bit2dVAxdlRtcXdhSDhkNVFacFZVT2FkdWpOcHBCSittNjBDZ1FKVzN6anJrRkhQeEo3a2o2bG1mb2dOTUR3SDhDZHd4Rnp1NEUrRXJFZ09WV1NQNlNqYVNab1hOQzlYYzRkQXpSaS8waXdDTWY5NWhpcWt0NlQ2MUFSOUtHQytuWVhERjJISU9yZWhWcHRpaWg5c0NyOWRUT0k5eklkWFB2YmNHMm9tNUY2RDB5UFNySUV6OGUyQWtQQmh4L01NWXlJL3ZiYVpjRnJ0R0Y3L0ozRy9IUUZkUCt0TjhWYUVSWm5MMlJVMDY3c2tjQ21ZYU9vYmU0WHdXQnpwUmFOL05CTXRKbHFVRjdTMGtxT3RZZm5OOU4xWXpUMFBWcXE2eDZKVkZCRnplOXBIYVphUStvMU00U2RTQld4VlJtU090QjJaSVd3ajkrRkF3NXBVTDVzREIyOWJpSnNqa3NzbEgzTkdwanRBbEFsMjlkL2pVcWYwMmdNOEhMVHdwVjB2NU5OVVB5TXlGQjJjWTcwRCt4am8ySEpHcytTSS9aMVdjZE10UkZJWDVVU1J5d2lHNTF0N2Q0bGp1bHJtMEw5d0NHK3pjaURQeEFtdnpDOXloa2J6dzN5REZCYXVjUW5hUCtZUS91ajdOWnlkN09ZNGdnRHRrbG1jKzlIRFN0Q0RRd0tZTi95clRKTFJRYmphMUxLb21yRnFzZURudG1MR2ZVNTYvcUxMWnBXTS9MK2dHbS9vY0ZRbWN3T1FCeTJieUVBdz09', 'yes', '2024-09-04 12:13:56');
INSERT INTO `wpi3_cff_feed_caches` (`id`, `feed_id`, `cache_key`, `cache_value`, `cron_update`, `last_updated`) VALUES
(3, 1, 'posts', '[encoded data, 121432 characters]', 'yes', '2024-09-04 12:13:14');

-- --------------------------------------------------------

--
-- Table structure for table `wpi3_cff_sources`
--

CREATE TABLE `wpi3_cff_sources` (
  `id` bigint(20) UNSIGNED NOT NULL,
  `account_id` varchar(255) NOT NULL DEFAULT '',
  `account_type` varchar(255) NOT NULL DEFAULT '',
  `privilege` varchar(255) NOT NULL DEFAULT '',
  `access_token` varchar(1000) NOT NULL DEFAULT '',
  `username` varchar(255) NOT NULL DEFAULT '',
  `info` text NOT NULL DEFAULT '',
  `error` text NOT NULL DEFAULT '',
  `expires` datetime NOT NULL,
  `last_updated` datetime NOT NULL,
  `author` bigint(20) UNSIGNED NOT NULL DEFAULT 1
) ENGINE=InnoDB DEFAULT CHARSET=utf8mb4 COLLATE=utf8mb4_unicode_520_ci;

--
-- Dumping data for table `wpi3_cff_sources`
--

INSERT INTO `wpi3_cff_sources` (`id`, `account_id`, `account_type`, `privilege`, `access_token`, `username`, `info`, `error`, `expires`, `last_updated`, `author`) VALUES
(1, '406071966123703', 'page', '', 'MfGruUMYtjx6cEMq/ulYCG44L3E4ay9ycnhpemZqeS83d3VMR0QzaXFHOWh4aHZrR2RmdTd5MXpsWWVSS29TTWtwRHNUaEU3NkFaWWxjMzhhNmhXNnZLeU5nVHQxYzFoMDk5T2RMVEIvTDVxZ1hzTjBld29jUVR3MitVb2FrRUYyUU5GU3QzZGRQM2hZSWRjZVBxMDN6QW55R2sxbHhtZ2ZHS0JtYlJNYlI0ZnNYZTBaQ3l6UGo5eFlBVWRVeEVaaVdZWDlKS3I3KzJqMmRSbW5JalJQM1ZPeDhtWnBzb2ZGaUpFcVBSU1RqbVNNVW9iMEwycHJjM1FLYjZsd2tpdlhYVHFzQ2NyM3VEQWF4S3dsSXBWZmU5OUQxbkpydFBvZUZHUk4xZWpkSGdLZHNQZXZPdCtZOU1hNXBTYlJId1ZDdFdnQWhlMXVMYk9lM0UvU09jOGZzc3hkSk1zUjE1WFU3aTZTVGFjbTA3eXVqby9DK25GSWFZUmZnWG5uTnVOZnZLVTlnPT0=', 'Shirdi Baba Society of Malaysia', 'T5r2w6LxHdKh4tHnR/SlX0lvUU9SUTdPRnFBK1BFOGFtY0VvcmlZTm1xWVRKbHBFUGpmYXhXV3l0Qk8yRS94UHdocjhraG9JSnBHWUZNR3Vtajc0elVDVmFwVmYwMGtQMkNweU5IanM2T3BaT3N1dnlYeE1rZ3Z2QXNud1VXKzFCRFRGdGlsTWh6NFRtUy9CWi9CUXlOTGo3STRCbGYxbUxOWU5oejNWUkFWUitRYlhrZjg1S3ZWVWZ1bm1UTzFlYWVnS09QMmN5clhsSmJlWlJLRlg3RGloUjFaWVJlZzE1RmpxeU5DTklpMHRhbTBqVjRPUDlTRjdoYkNCc3JZdlNjZ1JxOHFuTGs1MVovZnA5RzJnS1ZubHNWQXladEpXZVFNbkJIcUJaMVI1MWdVMjhxd0d2VWg1aWZvSENiYlAzeVR1VzEwVXM0dElMdUthem9rZ285VnhvOFltSDZydTBJYUpWc0JRRk9aTEhnS0o5YlJVMTh2NWRCOENTSmZ0SnZIaExMTFh3Y2FCY3hHYkhOWkpKN3dDNkdnc0xUNTk5OGJJc0Jua2VXUnZwbUNCREY0dmkyWUh3Zy85bDVjV0krUXNkamZmaUZjbVNna0h4SjUxZzVYbjlrTGpaSnRKY3NldjlkQ2Vmd3RvOWhlSFl4NWNZMUx3cHFDQ0I3Vy9uYzJSNEFleTAxREhyaTB0QkJmelBxZ3JyZ2cvU2lUQ0lhbDFGU1hIRE1mQzh1Tldqc0tQcU9RNHZZSnFCVk9xKzFhaE54aFRseG54WGQxa3BhbDNSZ081cmo1MzBVNUNXeTIrUHlYZ1FkRmhqRk9vWDJ2V2p3WVlFVVU2SlhUeWk4RHprV3dnVXFpYU0zWGN5VmUrVzVJUWJwdUhIdTk4bFg0UmF5V2QrTk53Ym13MmRSeVc0dXprL1orbHNjN3JKMGVKUzVqQ2Zyc1dWcVY5WnRSR2xiU1RaTFFGM2padHRVWVhQQjhVQ1ZiVktRTFFwZTNzV01rWko0Nkx4akxFRFBOZmxLT2lmeWE3dm0zWmFYSmtzd09jUXBTVmc3eHpzdVR1bEVQRTZzK1JOU1VNK21jYUhMTURpRDJyckRyZlR1Q1NIQk1MOUZkM3RHM3FwL08zcFJ0eUUrTjc4VzB4WG1hcmIycEl1MVQxV3VTVVFYZmpWUlQyYThQQXZmQTFhV1dGZmI0aUFKcnpVc2xHZm5FSVdKdk9LU0JUK3BFTVQwQ3JEZDE5bVRJMHB6ZFJBVGl1UzNqNDZzdGVSblM0b1hZU0tJK1M2dzhvb1RSMWdWOEtqZUFGOEw0UGhhcWZReHA0c2Q0b0VGU2RyMjV1VWdmVm5kcDBXVEo2SzlrdWlId0Z5d2J4WjNEYjF4L2FCbVhIZ0dTck9ZeFBpck54TFFEWSt1bFRucXhKZ21hcGxDRVEwME9WT0s1amh4VWtSK3YrU1dGVGtRYi9yUFlaYmRDc3cyK3dBLzB1SVdZcWNEUTJKOXlVV3p4Nkp5aTJOdVVhbnFQUkRvRi9FSVZiMk9UK1AycG1PMU4xR2N6QW1scHNmUHNoZktTRUJLU3I3K2N1ZHBiSlJRNnFwckdJN29UVEpFQkZueStmVTFtUlhsSFU5NVBVbGxEdm5CODdtb2pCL3MxVUswenN1VG9LQlZrcVNSdVQzWmxGbEczZUZUWkF4bFhxVTdsWTBBb2xGaE8yWnBBaFdUOStGLzBXWStWSTlKbHphUVU0YU9PNzNzSGMyVEZ5WHBHRGpQQWVRR3BMejhNd2E4NnB2amt3VnYxeHdQWDB0RHJSYUY5Wk5oclZ1M0tRMXRwckNaWWdvcXRKbi93SThBbXBlYUZmdzZadkU3Y2xibzFyNzJCTFgzeWZkbks4WWpqbzhpdnMwMmoxa0w3MmR1UmU2YndZRHhNNkVlc2JVaEpSMVFiM0xEY2tscmpLNzBiSVYrNVJKR0dodXBXeFJMQkJocDBDNG9PQTUwelI1cXo4YkE5UW9PbVE0QzRITTlVQzFuRVZjUU8wR0txYnVQRGsybVc0Y3E3M1h2ZjE4dEVubk9SQkhhTzFjWlFEdVB3cE8vWEZJSTJML3JuUDlxNlNsd0VZNmtZR0ZvZFJ2STBWMU8wMmVnY1FtbUlRNWZFeFh5R0lWOEN6NWhpa0FFdldZdE9ZNXhPcTVRaVE0bG9jbDV3QUZ2Vmd3SFhjTTc5anFOODk0aFg3dTE2UnBNRUlBTkNFemRKQzZlbGlUZFdkclI5c0dYMGRiUm1tRnRsdFFNSUtLNFJwS0FtUXNqd21laU9iY3NZRkJoQzd5NTBKV09wc3Y5Q3RkL0FHczk2aWFIejNTYzZpZWlETnJscEVmcE9NNWVvUHVOWDJWNFU0NCsrUGExRjlnWE5iMVVwY0kwbWRkNitwcjc2YzU5REk3TzRWQTlhSXMxOCtGazNrU3ZYRjFVaTZtNnR5S3FnV1FURDg0Y2hjWnNPVUZZeUwwQll4TVhzaEZ0MktpbmVQYVdQMEYwLzRzUWNRL2t5U3RVbktBaGRaaEVVTkE2aVhNcjYrWHJ2RHVMckFnNE5FWERkcVhaTm9ZWDIvRnhLWFpMZ3AyckVaZDdaNXNoTHBCU3VndGdWZjFKTmFFR3V2WSt2OXRBdDczdEVFWGtJZzkvb0NxTkphUmRMbG1hOTVpLzZxWks4ellxWU82TDg9', '', '2100-12-30 00:00:00', '2024-01-06 17:23:16', 1);

-- --------------------------------------------------------

--
-- Table structure for table `wpi3_commentmeta`
--

CREATE TABLE `wpi3_commentmeta` (
  `meta_id` bigint(20) UNSIGNED NOT NULL,
  `comment_id` bigint(20) UNSIGNED NOT NULL DEFAULT 0,
  `meta_key` varchar(255) DEFAULT NULL,
  `meta_value` longtext DEFAULT NULL
) ENGINE=InnoDB DEFAULT CHARSET=utf8mb4 COLLATE=utf8mb4_unicode_ci;

-- --------------------------------------------------------

--
-- Table structure for table `wpi3_comments`
--

CREATE TABLE `wpi3_comments` (
  `comment_ID` bigint(20) UNSIGNED NOT NULL,
  `comment_post_ID` bigint(20) UNSIGNED NOT NULL DEFAULT 0,
  `comment_author` tinytext NOT NULL,
  `comment_author_email` varchar(100) NOT NULL DEFAULT '',
  `comment_author_url` varchar(200) NOT NULL DEFAULT '',
  `comment_author_IP` varchar(100) NOT NULL DEFAULT '',
  `comment_date` datetime NOT NULL DEFAULT '0000-00-00 00:00:00',
  `comment_date_gmt` datetime NOT NULL DEFAULT '0000-00-00 00:00:00',
  `comment_content` text NOT NULL,
  `comment_karma` int(11) NOT NULL DEFAULT 0,
  `comment_approved` varchar(20) NOT NULL DEFAULT '1',
  `comment_agent` varchar(255) NOT NULL DEFAULT '',
  `comment_type` varchar(20) NOT NULL DEFAULT 'comment',
  `comment_parent` bigint(20) UNSIGNED NOT NULL DEFAULT 0,
  `user_id` bigint(20) UNSIGNED NOT NULL DEFAULT 0
) ENGINE=InnoDB DEFAULT CHARSET=utf8mb4 COLLATE=utf8mb4_unicode_ci;

--
-- Dumping data for table `wpi3_comments`
--

INSERT INTO `wpi3_comments` (`comment_ID`, `comment_post_ID`, `comment_author`, `comment_author_email`, `comment_author_url`, `comment_author_IP`, `comment_date`, `comment_date_gmt`, `comment_content`, `comment_karma`, `comment_approved`, `comment_agent`, `comment_type`, `comment_parent`, `user_id`) VALUES
(1, 1, 'A WordPress Commenter', 'wapuu@wordpress.example', 'https://wordpress.org/', '', '2023-03-23 10:52:42', '2023-03-23 10:52:42', 'Hi, this is a comment.\nTo get started with moderating, editing, and deleting comments, please visit the Comments screen in the dashboard.\nCommenter avatars come from <a href=\"https://en.gravatar.com/\">Gravatar</a>.', 0, '1', '', 'comment', 0, 0),
(2, 156, 'Riva Collins', 'admin2@gmail.com', '', '::1', '2019-11-09 02:07:50', '2019-11-09 02:07:50', 'It’s no secret that the digital industry is booming. From exciting startups to need ghor \nglobal and brands, companies are reaching out.', 0, '1', '', 'comment', 0, 0),
(3, 156, 'Obila Doe', 'admin3@gmail.com', '', '::1', '2019-11-09 02:08:56', '2019-11-09 02:08:56', 'It’s no secret that the digital industry is booming. From exciting startups to need ghor hmiu\nglobal and brands, companies are reaching out.', 0, '1', '', 'comment', 0, 0),
(4, 159, 'Riva Collins', 'admin2@gmail.com', '', '::1', '2019-11-09 02:07:47', '2019-11-09 02:07:47', 'It’s no secret that the digital industry is booming. From exciting startups to need ghor \nglobal and brands, companies are reaching out.', 0, '1', '', 'comment', 0, 0),
(5, 159, 'Obila Doe', 'admin3@gmail.com', '', '::1', '2019-11-09 02:08:58', '2019-11-09 02:08:58', 'It’s no secret that the digital industry is booming. From exciting startups to need ghor hmiu\nglobal and brands, companies are reaching out.', 0, '1', '', 'comment', 0, 0),
(6, 161, 'Riva Collins', 'admin2@gmail.com', '', '::1', '2019-11-09 02:07:44', '2019-11-09 02:07:44', 'It’s no secret that the digital industry is booming. From exciting startups to need ghor \nglobal and brands, companies are reaching out.', 0, '1', '', 'comment', 0, 0),
(7, 161, 'Obila Doe', 'admin3@gmail.com', '', '::1', '2019-11-09 02:09:00', '2019-11-09 02:09:00', 'It’s no secret that the digital industry is booming. From exciting startups to need ghor hmiu\nglobal and brands, companies are reaching out.', 0, '1', '', 'comment', 0, 0),
(8, 161, 'Riva Collins', 'admin2@gmail.com', '', '::1', '2019-11-09 02:09:34', '2019-11-09 02:09:34', 'It’s no secret that the digital industry is booming. From exciting startups to need ghor hmiu global and brands, companies are reaching out.', 0, '1', '', 'comment', 7, 0),
(9, 164, 'Riva Collins', 'admin2@gmail.com', '', '::1', '2019-11-09 02:07:40', '2019-11-09 02:07:40', 'It’s no secret that the digital industry is booming. From exciting startups to need ghor \nglobal and brands, companies are reaching out.', 0, '1', '', 'comment', 0, 0),
(10, 164, 'Obila Doe', 'admin3@gmail.com', '', '::1', '2019-11-09 02:09:03', '2019-11-09 02:09:03', 'It’s no secret that the digital industry is booming. From exciting startups to need ghor hmiu\nglobal and brands, companies are reaching out.', 0, '1', '', 'comment', 0, 0),
(11, 166, 'Riva Collins', 'admin2@gmail.com', '', '::1', '2019-11-09 02:07:37', '2019-11-09 02:07:37', 'It’s no secret that the digital industry is booming. From exciting startups to need ghor \nglobal and brands, companies are reaching out.', 0, '1', '', 'comment', 0, 0),
(12, 166, 'Obila Doe', 'admin3@gmail.com', '', '::1', '2019-11-09 02:09:06', '2019-11-09 02:09:06', 'It’s no secret that the digital industry is booming. From exciting startups to need ghor hmiu\nglobal and brands, companies are reaching out.', 0, '1', '', 'comment', 0, 0),
(13, 169, 'Riva Collins', 'admin2@gmail.com', '', '::1', '2019-11-09 02:07:54', '2019-11-09 02:07:54', 'It’s no secret that the digital industry is booming. From exciting startups to need ghor \nglobal and brands, companies are reaching out.', 0, '1', '', 'comment', 0, 0),
(14, 169, 'Obila Doe', 'admin3@gmail.com', '', '::1', '2019-11-09 02:08:52', '2019-11-09 02:08:52', 'It’s no secret that the digital industry is booming. From exciting startups to need ghor hmiu\nglobal and brands, companies are reaching out.', 0, '1', '', 'comment', 0, 0),
(17, 8373, 'cara menambah followers tiktok', 'jerroldkayser@live.co.uk', 'https://www.sfgate.com/market/article/buy-tiktok-followers-18658795.php', '80.67.10.142', '2024-02-24 18:07:22', '2024-02-24 18:07:22', 'Thanks for a marvelous posting! I actually enjoyed reading it,\r\nyou happen to be a great author. I will ensure that I bookmark your blog and definitely \r\nwill come back someday. I want to encourage you to definitely continue your great \r\njob, have a nice day!', 0, '0', 'Mozilla/5.0 (X11; Ubuntu; Linux x86_64; rv:114.0) Gecko/20100101 Firefox/114.0', 'comment', 0, 0),
(18, 8373, 'do shrooms come up on a drug test', 'gradysheil@yahoo.com', 'https://www.onlymyhealth.com/where-to-buy-shrooms-online-1709897957', '38.170.163.110', '2024-03-16 17:20:47', '2024-03-16 17:20:47', 'This design is steller! You certainly know how to keep a \r\nreader entertained. Between your wit and your videos, I was almost moved to \r\nstart my own blog (well, almost...HaHa!) Great job. I really loved what \r\nyou had to say, and more than that, how you presented it.\r\n\r\nToo cool!', 0, '0', 'Mozilla/5.0 (Macintosh; Intel Mac OS X 12_5) AppleWebKit/605.1.15 (KHTML, like Gecko) Version/15.4 Safari/605.1.15', 'comment', 0, 0);

-- --------------------------------------------------------

--
-- Table structure for table `wpi3_e_events`
--

CREATE TABLE `wpi3_e_events` (
  `id` bigint(20) UNSIGNED NOT NULL,
  `event_data` text DEFAULT NULL,
  `created_at` datetime NOT NULL
) ENGINE=InnoDB DEFAULT CHARSET=utf8mb4 COLLATE=utf8mb4_unicode_520_ci;

-- --------------------------------------------------------

--
-- Table structure for table `wpi3_e_submissions`
--

CREATE TABLE `wpi3_e_submissions` (
  `id` bigint(20) UNSIGNED NOT NULL,
  `type` varchar(60) DEFAULT NULL,
  `hash_id` varchar(60) NOT NULL,
  `main_meta_id` bigint(20) UNSIGNED NOT NULL COMMENT 'Id of main field. to represent the main meta field',
  `post_id` bigint(20) UNSIGNED NOT NULL,
  `referer` varchar(500) NOT NULL,
  `referer_title` varchar(300) DEFAULT NULL,
  `element_id` varchar(20) NOT NULL,
  `form_name` varchar(60) NOT NULL,
  `campaign_id` bigint(20) UNSIGNED NOT NULL,
  `user_id` bigint(20) UNSIGNED DEFAULT NULL,
  `user_ip` varchar(46) NOT NULL,
  `user_agent` text NOT NULL,
  `actions_count` int(11) DEFAULT 0,
  `actions_succeeded_count` int(11) DEFAULT 0,
  `status` varchar(20) NOT NULL,
  `is_read` tinyint(1) NOT NULL DEFAULT 0,
  `meta` text DEFAULT NULL,
  `created_at_gmt` datetime NOT NULL,
  `updated_at_gmt` datetime NOT NULL,
  `created_at` datetime NOT NULL,
  `updated_at` datetime NOT NULL
) ENGINE=InnoDB DEFAULT CHARSET=utf8mb4 COLLATE=utf8mb4_unicode_520_ci;

--
-- Dumping data for table `wpi3_e_submissions`
--

INSERT INTO `wpi3_e_submissions` (`id`, `type`, `hash_id`, `main_meta_id`, `post_id`, `referer`, `referer_title`, `element_id`, `form_name`, `campaign_id`, `user_id`, `user_ip`, `user_agent`, `actions_count`, `actions_succeeded_count`, `status`, `is_read`, `meta`, `created_at_gmt`, `updated_at_gmt`, `created_at`, `updated_at`) VALUES
(1, 'submission', 'e12319be-ecf7-44a9-936b-e6ee9643f890', 2, 24, 'https://shirdisaibabamalaysia.com.my/contact/#', 'Contact', '7028218', 'New Form', 0, 1, '58.71.159.225', 'Mozilla/5.0 (Windows NT 10.0; Win64; x64) AppleWebKit/537.36 (KHTML, like Gecko) Chrome/120.0.0.0 Safari/537.36', 1, 1, 'new', 0, '{\"edit_post_id\":\"24\"}', '2024-01-07 03:28:44', '2024-01-07 03:28:46', '2024-01-07 03:28:44', '2024-01-07 03:28:46'),
(2, 'submission', '35500429-db9f-4ac3-9bcf-e37e35d3777d', 6, 24, '', 'Contact', '7028218', 'New Form', 0, 0, '216.24.213.228', 'Mozilla/5.0 (Windows NT 10.0; Win64; x64) AppleWebKit/537.36 (KHTML, like Gecko) Chrome/120.0.6099.71 Safari/537.36', 1, 0, 'new', 0, '{\"edit_post_id\":\"24\"}', '2024-02-07 16:38:49', '2024-02-07 16:38:49', '2024-02-07 16:38:49', '2024-02-07 16:38:49'),
(3, 'submission', '6655ba39-a31d-4a3a-9441-642859f4a78a', 10, 24, '', 'Contact', '7028218', 'New Form', 0, 0, '94.25.168.17', 'Mozilla/5.0 (Windows NT 10.0) AppleWebKit/537.36 (KHTML, like Gecko) Chrome/110.0.0.0 Safari/537.36', 1, 1, 'new', 0, '{\"edit_post_id\":\"24\"}', '2024-02-28 14:13:16', '2024-02-28 14:13:19', '2024-02-28 14:13:16', '2024-02-28 14:13:19'),
(4, 'submission', '2c876bfd-ac99-43ae-bde7-f9a62af60022', 14, 24, '', 'Contact', '7028218', 'New Form', 0, 0, '188.234.4.12', 'Mozilla/5.0 (Windows NT 10.0; Win64; x64) AppleWebKit/537.36 (KHTML, like Gecko) Chrome/120.0.6099.71 Safari/537.36', 1, 1, 'new', 0, '{\"edit_post_id\":\"24\"}', '2024-03-07 17:27:58', '2024-03-07 17:27:59', '2024-03-07 17:27:58', '2024-03-07 17:27:59'),
(5, 'submission', '9b4dee0e-8412-48cc-81f9-2f2f9a500976', 18, 24, '', 'Contact', '7028218', 'New Form', 0, 0, '94.25.174.115', 'Mozilla/5.0 (Windows NT 10.0; Win64; x64) AppleWebKit/537.36 (KHTML, like Gecko) Chrome/121.0.0.0 Safari/537.36', 1, 1, 'new', 0, '{\"edit_post_id\":\"24\"}', '2024-03-12 20:18:00', '2024-03-12 20:18:02', '2024-03-12 20:18:00', '2024-03-12 20:18:02'),
(6, 'submission', '955fc624-3401-49dd-ae10-c76e60f14583', 22, 24, '', 'Contact', '7028218', 'New Form', 0, 0, '94.103.89.102', 'Mozilla/5.0 (Windows NT 10.0; Win64; x64) AppleWebKit/537.36 (KHTML, like Gecko) Chrome/122.0.0.0 Safari/537.36', 1, 1, 'new', 0, '{\"edit_post_id\":\"24\"}', '2024-03-19 21:24:52', '2024-03-19 21:24:56', '2024-03-19 21:24:52', '2024-03-19 21:24:56'),
(7, 'submission', 'aecae701-129c-4fdb-bb9d-c4792720558b', 26, 24, '', 'Contact', '7028218', 'New Form', 0, 0, '85.209.11.117', 'Mozilla/5.0 (Windows NT 10.0; Win64; x64) AppleWebKit/537.36 (KHTML, like Gecko) Chrome/120.0.6099.71 Safari/537.36', 1, 1, 'new', 0, '{\"edit_post_id\":\"24\"}', '2024-03-30 10:11:37', '2024-03-30 10:11:38', '2024-03-30 10:11:37', '2024-03-30 10:11:38'),
(8, 'submission', '3f3e9574-7dcc-4f2d-a415-3a93ea939651', 30, 24, '', 'Contact', '7028218', 'New Form', 0, 0, '196.196.53.139', 'Mozilla/5.0 (Windows NT 10.0; Win64; x64) AppleWebKit/537.36 (KHTML, like Gecko) Chrome/120.0.0.0 Safari/537.36', 1, 1, 'new', 0, '{\"edit_post_id\":\"24\"}', '2024-03-30 21:55:15', '2024-03-30 21:55:18', '2024-03-30 21:55:15', '2024-03-30 21:55:18'),
(9, 'submission', 'e11ef2f6-d08a-4a79-8fd9-517d1c02445b', 34, 24, '', 'Contact', '7028218', 'New Form', 0, 0, '185.231.205.31', 'Mozilla/5.0 (Windows NT 10.0; Win64; x64) AppleWebKit/537.36 (KHTML, like Gecko) Chrome/121.0.0.0 Safari/537.36', 1, 1, 'new', 0, '{\"edit_post_id\":\"24\"}', '2024-04-04 20:12:16', '2024-04-04 20:12:18', '2024-04-04 20:12:16', '2024-04-04 20:12:18'),
(10, 'submission', 'bb3afd62-99d0-4679-b558-ff2f2986b6ab', 38, 24, '', 'Contact', '7028218', 'New Form', 0, 0, '37.204.201.221', 'Mozilla/5.0 (Windows NT 10.0; Win64; x64) AppleWebKit/537.36 (KHTML, like Gecko) Chrome/120.0.0.0 Safari/537.36', 1, 1, 'new', 0, '{\"edit_post_id\":\"24\"}', '2024-04-07 22:35:13', '2024-04-07 22:35:15', '2024-04-07 22:35:13', '2024-04-07 22:35:15'),
(11, 'submission', 'a2ecea44-77dc-42cd-9d0e-c4b50ce4442a', 42, 24, 'https://shirdisaibabamalaysia.com.my/contact/', 'Contact', '7028218', 'New Form', 0, 0, '154.202.116.152', 'Mozilla/5.0 (Macintosh; Intel Mac OS X 12_5) AppleWebKit/605.1.15 (KHTML, like Gecko) Version/15.4 Safari/605.1.15', 1, 1, 'new', 0, '{\"edit_post_id\":\"24\"}', '2024-04-13 13:59:24', '2024-04-13 13:59:27', '2024-04-13 13:59:24', '2024-04-13 13:59:27'),
(12, 'submission', 'a4ab8d76-6438-420b-b8ab-36fa6854427b', 46, 24, 'https://shirdisaibabamalaysia.com.my/contact/', 'Contact', '7028218', 'New Form', 0, 0, '154.202.97.43', 'Mozilla/5.0 (Windows NT 10.0; Win64; x64) AppleWebKit/537.36 (KHTML, like Gecko) Chrome/114.0.0.0 Safari/537.36 Vivaldi/5.3.2679.68', 1, 1, 'new', 0, '{\"edit_post_id\":\"24\"}', '2024-04-18 15:38:14', '2024-04-18 15:38:16', '2024-04-18 15:38:14', '2024-04-18 15:38:16'),
(13, 'submission', '3479fbd5-a5b6-429e-b9a0-c3b880d0ddb3', 50, 24, 'https://shirdisaibabamalaysia.com.my/contact/', 'Contact', '7028218', 'New Form', 0, 0, '154.202.120.146', 'Mozilla/5.0 (Windows NT 10.0; Win64; x64; Xbox; Xbox One) AppleWebKit/537.36 (KHTML, like Gecko) Chrome/114.0.0.0 Safari/537.36 Edge/44.18363.8131', 1, 1, 'new', 0, '{\"edit_post_id\":\"24\"}', '2024-04-22 20:26:52', '2024-04-22 20:26:55', '2024-04-22 20:26:52', '2024-04-22 20:26:55'),
(14, 'submission', '78978784-85c4-48d0-a252-49c88e8e5be0', 54, 24, 'https://shirdisaibabamalaysia.com.my/contact/', 'Contact', '7028218', 'New Form', 0, 0, '154.202.99.203', 'Mozilla/5.0 (Windows NT 10.0; WOW64; x64) AppleWebKit/537.36 (KHTML, like Gecko) Chrome/114.0.0.0 Safari/537.36 OPR/89.0.4447.51', 1, 1, 'new', 0, '{\"edit_post_id\":\"24\"}', '2024-04-26 14:41:27', '2024-04-26 14:41:31', '2024-04-26 14:41:27', '2024-04-26 14:41:31'),
(15, 'submission', '72a2d0d0-5786-4253-9086-67ae7dd1e07b', 58, 24, 'https://shirdisaibabamalaysia.com.my/contact/', 'Contact', '7028218', 'New Form', 0, 0, '223.182.85.63', 'Mozilla/5.0 (Windows NT 10.0; Win64; x64) AppleWebKit/537.36 (KHTML, like Gecko) Chrome/124.0.0.0 Safari/537.36', 1, 1, 'new', 0, '{\"edit_post_id\":\"24\"}', '2024-04-29 04:21:47', '2024-04-29 04:21:49', '2024-04-29 04:21:47', '2024-04-29 04:21:49'),
(16, 'submission', 'fa72420d-e25e-4cdd-a713-12c1c32a621a', 62, 24, 'https://shirdisaibabamalaysia.com.my/contact/', 'Contact', '7028218', 'New Form', 0, 0, '154.202.117.214', 'Mozilla/5.0 (Macintosh; Intel Mac OS X 12_5) AppleWebKit/537.36 (KHTML, like Gecko) Chrome/114.0.0.0 Safari/537.36 Edg/114.0.1264.71', 1, 1, 'new', 0, '{\"edit_post_id\":\"24\"}', '2024-05-08 18:18:23', '2024-05-08 18:18:26', '2024-05-08 18:18:23', '2024-05-08 18:18:26'),
(17, 'submission', '02b0d529-f59b-42df-876c-dd61ee15afb1', 66, 24, '', 'Contact', '7028218', 'New Form', 0, 0, '83.97.73.239', 'Mozilla/5.0 (Windows NT 10.0; Win64; x64) AppleWebKit/537.36 (KHTML, like Gecko) Chrome/122.0.0.0 Safari/537.36', 1, 1, 'new', 0, '{\"edit_post_id\":\"24\"}', '2024-05-09 08:01:24', '2024-05-09 08:01:26', '2024-05-09 08:01:24', '2024-05-09 08:01:26'),
(18, 'submission', 'f39723c0-d452-44c5-9f74-d570200180be', 70, 24, '', 'Contact', '7028218', 'New Form', 0, 0, '1.52.110.60', 'Mozilla/5.0 (Windows NT 10.0; Win64; x64) AppleWebKit/537.36 (KHTML, like Gecko) Chrome/118.0.0.0 Safari/537.36', 1, 1, 'new', 0, '{\"edit_post_id\":\"24\"}', '2024-05-09 21:37:03', '2024-05-09 21:37:05', '2024-05-09 21:37:03', '2024-05-09 21:37:05'),
(19, 'submission', 'f16e9d64-85f4-45dd-bee4-cdc2cb6572e4', 74, 24, '', 'Contact', '7028218', 'New Form', 0, 0, '93.82.140.137', 'Mozilla/5.0 (Windows NT 10.0; Win64; x64) AppleWebKit/537.36 (KHTML, like Gecko) Chrome/120.0.6099.71 Safari/537.36', 1, 1, 'new', 0, '{\"edit_post_id\":\"24\"}', '2024-05-11 21:48:02', '2024-05-11 21:48:03', '2024-05-11 21:48:02', '2024-05-11 21:48:03'),
(20, 'submission', '7060139a-b86f-4956-b6f6-60c8d6e401bd', 78, 24, '', 'Contact', '7028218', 'New Form', 0, 0, '176.111.174.153', 'Mozilla/5.0 (Windows NT 10.0; Win64; x64) AppleWebKit/537.36 (KHTML, like Gecko) Chrome/121.0.0.0 Safari/537.36', 1, 1, 'new', 0, '{\"edit_post_id\":\"24\"}', '2024-05-21 10:18:56', '2024-05-21 10:18:57', '2024-05-21 10:18:56', '2024-05-21 10:18:57'),
(21, 'submission', 'cbc63315-8356-4cc6-9c21-ff569f7624fd', 82, 24, '', 'Contact', '7028218', 'New Form', 0, 0, '62.122.184.194', 'Mozilla/5.0 (Windows NT 10.0; Win64; x64) AppleWebKit/537.36 (KHTML, like Gecko) Chrome/122.0.0.0 Safari/537.36', 1, 1, 'new', 0, '{\"edit_post_id\":\"24\"}', '2024-05-21 23:07:05', '2024-05-21 23:07:07', '2024-05-21 23:07:05', '2024-05-21 23:07:07'),
(22, 'submission', 'f46f84ef-cae6-4b81-9fc4-320c2b4dfe25', 86, 24, 'https://shirdisaibabamalaysia.com.my/contact/', 'Contact', '7028218', 'New Form', 0, 0, '38.153.251.13', 'Mozilla/5.0 (X11; Linux x86_64) AppleWebKit/537.36 (KHTML, like Gecko) Chrome/114.0.0.0 Safari/537.36 Vivaldi/5.3.2679.68', 1, 1, 'new', 0, '{\"edit_post_id\":\"24\"}', '2024-05-31 16:51:51', '2024-05-31 16:51:53', '2024-05-31 16:51:51', '2024-05-31 16:51:53'),
(23, 'submission', '81793a5a-e483-4e67-8a58-b73fa68b9998', 90, 24, '', 'Contact', '7028218', 'New Form', 0, 0, '85.209.11.117', 'Mozilla/5.0 (Windows NT 6.1; Win64; x64) AppleWebKit/537.36 (KHTML, like Gecko) Chrome/109.0.0.0 Safari/537.36', 1, 1, 'new', 0, '{\"edit_post_id\":\"24\"}', '2024-06-01 05:46:06', '2024-06-01 05:46:08', '2024-06-01 05:46:06', '2024-06-01 05:46:08'),
(24, 'submission', 'b766a375-2f7a-485d-9401-3506153d0841', 94, 24, '', 'Contact', '7028218', 'New Form', 0, 0, '188.23.45.230', 'Mozilla/5.0 (Windows NT 10.0; Win64; x64) AppleWebKit/537.36 (KHTML, like Gecko) Chrome/120.0.0.0 Safari/537.36', 1, 1, 'new', 0, '{\"edit_post_id\":\"24\"}', '2024-06-02 17:43:39', '2024-06-02 17:43:41', '2024-06-02 17:43:39', '2024-06-02 17:43:41'),
(25, 'submission', '39e46a51-3a51-4049-8826-cb28d271a815', 98, 24, '', 'Contact', '7028218', 'New Form', 0, 0, '85.209.11.117', 'Mozilla/5.0 (Windows NT 10.0; Win64; x64) AppleWebKit/537.36 (KHTML, like Gecko) Chrome/121.0.0.0 Safari/537.36', 1, 1, 'new', 0, '{\"edit_post_id\":\"24\"}', '2024-06-03 02:49:20', '2024-06-03 02:49:22', '2024-06-03 02:49:20', '2024-06-03 02:49:22'),
(26, 'submission', '20bdec1d-f137-46ad-8a54-832bffbe3e2c', 102, 24, '', 'Contact', '7028218', 'New Form', 0, 0, '185.190.42.200', 'Mozilla/5.0 (Windows NT 10.0; Win64; x64) AppleWebKit/537.36 (KHTML, like Gecko) Chrome/122.0.0.0 Safari/537.36', 1, 0, 'new', 0, '{\"edit_post_id\":\"24\"}', '2024-06-03 16:55:14', '2024-06-03 16:55:14', '2024-06-03 16:55:14', '2024-06-03 16:55:14'),
(27, 'submission', 'b7d57eea-ee0d-481a-b65b-1b0dbf6b34b3', 106, 24, '', 'Contact', '7028218', 'New Form', 0, 0, '83.97.73.239', 'Mozilla/5.0 (Windows NT 10.0; Win64; x64) AppleWebKit/537.36 (KHTML, like Gecko) Chrome/117.0.0.0 Safari/537.36', 1, 1, 'new', 0, '{\"edit_post_id\":\"24\"}', '2024-06-08 17:02:20', '2024-06-08 17:02:21', '2024-06-08 17:02:20', '2024-06-08 17:02:21'),
(28, 'submission', '5aa22f42-5db0-4f81-a685-e2eab9c77d1c', 110, 24, 'https://shirdisaibabamalaysia.com.my/contact/', 'Contact', '7028218', 'New Form', 0, 0, '202.184.5.232', 'Mozilla/5.0 (Linux; Android 10; K) AppleWebKit/537.36 (KHTML, like Gecko) Chrome/125.0.0.0 Mobile Safari/537.36', 1, 1, 'new', 0, '{\"edit_post_id\":\"24\"}', '2024-06-11 23:15:20', '2024-06-11 23:15:22', '2024-06-11 23:15:20', '2024-06-11 23:15:22'),
(29, 'submission', '49944554-1b1b-4c5b-bbed-376bb1bf0b63', 114, 24, '', 'Contact', '7028218', 'New Form', 0, 0, '176.111.174.153', 'Mozilla/5.0 (Windows NT 11.0; WOW64) AppleWebKit/537.36 (KHTML, like Gecko) Chrome/114.0.5814.214 Safari/537.36', 1, 1, 'new', 0, '{\"edit_post_id\":\"24\"}', '2024-06-14 14:23:29', '2024-06-14 14:23:31', '2024-06-14 14:23:29', '2024-06-14 14:23:31'),
(30, 'submission', 'ef9c0024-c638-417e-b50c-2153ecf5e26d', 118, 24, '', 'Contact', '7028218', 'New Form', 0, 0, '85.209.11.117', 'Mozilla/5.0 (Windows NT 10.0; Win64; x64) AppleWebKit/537.36 (KHTML, like Gecko) Chrome/120.0.0.0 Iron Safari/537.36', 1, 1, 'new', 0, '{\"edit_post_id\":\"24\"}', '2024-06-20 19:18:14', '2024-06-20 19:18:16', '2024-06-20 19:18:14', '2024-06-20 19:18:16'),
(31, 'submission', 'f3155a08-0ee2-4544-b932-5b0bc1526d46', 122, 24, 'https://shirdisaibabamalaysia.com.my/contact/', 'Contact', '7028218', 'New Form', 0, 0, '156.239.52.225', 'Mozilla/5.0 (Windows NT 10.0; WOW64) AppleWebKit/537.36 (KHTML, like Gecko) Chrome/114.0.0.0 Safari/537.36 Vivaldi/5.3.2679.68', 1, 1, 'new', 0, '{\"edit_post_id\":\"24\"}', '2024-06-22 05:35:59', '2024-06-22 05:36:01', '2024-06-22 05:35:59', '2024-06-22 05:36:01'),
(32, 'submission', 'a020965f-88a6-4218-9ddc-0c76baeb6a52', 126, 24, '', 'Contact', '7028218', 'New Form', 0, 0, '176.111.174.153', 'Mozilla/5.0 (Windows NT 10.0; Win64; x64) AppleWebKit/537.36 (KHTML, like Gecko) Chrome/120.0.0.0 Iron Safari/537.36', 1, 1, 'new', 0, '{\"edit_post_id\":\"24\"}', '2024-06-23 15:56:53', '2024-06-23 15:56:57', '2024-06-23 15:56:53', '2024-06-23 15:56:57'),
(33, 'submission', '81e7fd69-7c68-431c-817c-8c2313af4213', 130, 24, '', 'Contact', '7028218', 'New Form', 0, 0, '83.97.73.239', 'Mozilla/5.0 (Windows NT 10.0; Win64; x64) AppleWebKit/537.36 (KHTML, like Gecko) Chrome/115.0.0.0 Safari/537.36', 1, 1, 'new', 0, '{\"edit_post_id\":\"24\"}', '2024-06-23 17:50:48', '2024-06-23 17:50:52', '2024-06-23 17:50:48', '2024-06-23 17:50:52'),
(34, 'submission', '9c8bfe60-2eb7-45a7-b452-834513dc7892', 134, 24, '', 'Contact', '7028218', 'New Form', 0, 0, '62.122.184.194', 'Mozilla/5.0 (Windows NT 10.0; Win64; x64) AppleWebKit/537.36 (KHTML, like Gecko) Chrome/122.0.0.0 Safari/537.36', 1, 1, 'new', 0, '{\"edit_post_id\":\"24\"}', '2024-06-24 12:16:36', '2024-06-24 12:16:40', '2024-06-24 12:16:36', '2024-06-24 12:16:40'),
(35, 'submission', 'e7e60e4b-0e67-4b8c-8605-6a5e42b29a07', 138, 24, '', 'Contact', '7028218', 'New Form', 0, 0, '146.70.111.145', 'Mozilla/5.0 (Windows NT 10.0; Win64; x64) AppleWebKit/537.36 (KHTML, like Gecko) Chrome/120.0.6099.71 Safari/537.36', 1, 0, 'new', 0, '{\"edit_post_id\":\"24\"}', '2024-07-03 02:16:42', '2024-07-03 02:16:42', '2024-07-03 02:16:42', '2024-07-03 02:16:42'),
(36, 'submission', '5264294c-3d47-410d-9d99-f7561ea9adf1', 142, 24, 'https://shirdisaibabamalaysia.com.my/contact/', 'Contact', '7028218', 'New Form', 0, 0, '211.24.221.106', 'Mozilla/5.0 (Windows NT 10.0; Win64; x64) AppleWebKit/537.36 (KHTML, like Gecko) Chrome/126.0.0.0 Safari/537.36', 1, 1, 'new', 0, '{\"edit_post_id\":\"24\"}', '2024-07-04 07:02:44', '2024-07-04 07:02:46', '2024-07-04 07:02:44', '2024-07-04 07:02:46'),
(37, 'submission', '89739fb3-241d-4108-b0e4-93a57589c10e', 146, 24, '', 'Contact', '7028218', 'New Form', 0, 0, '146.70.111.138', 'Mozilla/5.0 (Windows NT 10.0; Win64; x64) AppleWebKit/537.36 (KHTML, like Gecko) Chrome/121.0.0.0 Safari/537.36', 1, 0, 'new', 0, '{\"edit_post_id\":\"24\"}', '2024-07-06 17:44:44', '2024-07-06 17:44:44', '2024-07-06 17:44:44', '2024-07-06 17:44:44'),
(38, 'submission', 'ae5d8306-56ed-4241-9dac-e5f03cd8524b', 150, 24, '', 'Contact', '7028218', 'New Form', 0, 0, '62.122.184.194', 'Mozilla/5.0 (Windows NT 6.1; Win64; x64) AppleWebKit/537.36 (KHTML, like Gecko) Chrome/114.0.5735.289 Safari/537.36', 1, 1, 'new', 0, '{\"edit_post_id\":\"24\"}', '2024-07-11 03:42:39', '2024-07-11 03:42:41', '2024-07-11 03:42:39', '2024-07-11 03:42:41'),
(39, 'submission', '0f86dcac-7c9d-4717-b641-c59271bf0816', 154, 24, '', 'Contact', '7028218', 'New Form', 0, 0, '83.97.73.239', 'Mozilla/5.0 (Windows NT 10.0; Win64; x64) AppleWebKit/537.36 (KHTML, like Gecko) Chrome/117.0.5938.132 Safari/537.36', 1, 1, 'new', 0, '{\"edit_post_id\":\"24\"}', '2024-07-23 03:58:55', '2024-07-23 03:58:56', '2024-07-23 03:58:55', '2024-07-23 03:58:56'),
(40, 'submission', 'f29acdb6-22fd-475f-8699-7f8b46d4c427', 158, 24, '', 'Contact', '7028218', 'New Form', 0, 0, '46.149.74.58', 'Mozilla/5.0 (Windows NT 10.0.0; Win64; x64; ) AppleWebKit/537.36 (KHTML, like Gecko) Chrome/124.0.6367.93 Chrome/124.0.6367.93 Not-A.Brand/99  Safari/537.36', 1, 0, 'new', 0, '{\"edit_post_id\":\"24\"}', '2024-07-25 18:17:07', '2024-07-25 18:17:07', '2024-07-25 18:17:07', '2024-07-25 18:17:07'),
(41, 'submission', '8dad8b37-e450-4101-a664-1f848f1255e1', 162, 24, '', 'Contact', '7028218', 'New Form', 0, 0, '93.82.143.99', 'Mozilla/5.0 (Windows NT 10.0; Win64; x64) AppleWebKit/537.36 (KHTML, like Gecko) Chrome/121.0.0.0 Safari/537.36', 1, 1, 'new', 0, '{\"edit_post_id\":\"24\"}', '2024-07-29 13:11:27', '2024-07-29 13:11:28', '2024-07-29 13:11:27', '2024-07-29 13:11:28'),
(42, 'submission', 'd661e1cb-e6b7-4d2f-9e73-f4df60980e86', 166, 24, '', 'Contact', '7028218', 'New Form', 0, 0, '85.209.11.117', 'Mozilla/5.0 (Windows NT 6.1; Win64; x64) AppleWebKit/537.36 (KHTML, like Gecko) Chrome/109.0.5414.120 Safari/537.36', 1, 1, 'new', 0, '{\"edit_post_id\":\"24\"}', '2024-08-07 18:19:19', '2024-08-07 18:19:21', '2024-08-07 18:19:19', '2024-08-07 18:19:21'),
(43, 'submission', '025e4c63-9cf2-4119-8461-d03c4221b353', 170, 24, '', 'Contact', '7028218', 'New Form', 0, 0, '85.209.11.117', 'Mozilla/5.0 (Windows NT 10.0; Win64; x64) AppleWebKit/537.36 (KHTML, like Gecko) Chrome/112.0.0.0 Safari/537.36', 1, 1, 'new', 0, '{\"edit_post_id\":\"24\"}', '2024-08-10 11:14:07', '2024-08-10 11:14:07', '2024-08-10 11:14:07', '2024-08-10 11:14:07'),
(44, 'submission', 'be87ff85-1ff2-44e7-8d6f-42289a1f5dd2', 174, 24, '', 'Contact', '7028218', 'New Form', 0, 0, '1.55.96.100', 'Mozilla/5.0 (Windows NT 10.0; Win64; x64) AppleWebKit/537.36 (KHTML, like Gecko) Chrome/116.0.0.0 Safari/537.36', 1, 0, 'new', 0, '{\"edit_post_id\":\"24\"}', '2024-08-12 20:30:40', '2024-08-12 20:30:40', '2024-08-12 20:30:40', '2024-08-12 20:30:40'),
(45, 'submission', 'e6c7b90b-894b-4d0e-8fda-efbffecd766a', 178, 24, '', 'Contact', '7028218', 'New Form', 0, 0, '146.70.59.42', 'Mozilla/5.0 (Windows NT 10.0.0; Win64; x64; ) AppleWebKit/537.36 (KHTML, like Gecko) Chrome/124.0.6367.60 Chrome/124.0.6367.60 Not-A.Brand/99  Safari/537.36', 1, 1, 'new', 0, '{\"edit_post_id\":\"24\"}', '2024-08-17 12:32:43', '2024-08-17 12:32:45', '2024-08-17 12:32:43', '2024-08-17 12:32:45'),
(46, 'submission', '8fec462e-b5df-4c6b-9dda-59d766591ff9', 182, 24, '', 'Contact', '7028218', 'New Form', 0, 0, '83.97.73.239', 'Mozilla/5.0 (Windows NT 10.0; Win64; x64) AppleWebKit/537.36 (KHTML, like Gecko) Chrome/121.0.0.0 Safari/537.36', 1, 1, 'new', 0, '{\"edit_post_id\":\"24\"}', '2024-08-18 04:19:50', '2024-08-18 04:19:51', '2024-08-18 04:19:50', '2024-08-18 04:19:51'),
(47, 'submission', '7db8649a-a6d7-4ab6-bcab-61349923d75f', 186, 24, '', 'Contact', '7028218', 'New Form', 0, 0, '85.209.11.117', 'Mozilla/5.0 (Windows NT 10.0; Win64; x64) AppleWebKit/537.36 (KHTML, like Gecko) Chrome/117.0.0.0 Iron Safari/537.36', 1, 1, 'new', 0, '{\"edit_post_id\":\"24\"}', '2024-09-04 13:04:02', '2024-09-04 13:04:03', '2024-09-04 13:04:02', '2024-09-04 13:04:03'),
(48, 'submission', '836ef6fb-876f-4e2c-a234-d9f264560c7a', 190, 24, '', 'Contact', '7028218', 'New Form', 0, 0, '89.110.100.201', 'Mozilla/5.0 (Windows NT 10.0.0; Win64; x64; ) AppleWebKit/537.36 (KHTML, like Gecko) Chrome/124.0.6367.61 Chrome/124.0.6367.61 Not-A.Brand/99  Safari/537.36', 1, 0, 'new', 0, '{\"edit_post_id\":\"24\"}', '2024-09-04 18:20:00', '2024-09-04 18:20:00', '2024-09-04 18:20:00', '2024-09-04 18:20:00'),
(49, 'submission', '7a691d80-bb27-497a-8939-477c7e8396bb', 194, 24, '', 'Contact', '7028218', 'New Form', 0, 0, '83.97.73.239', 'Mozilla/5.0 (Windows NT 10.0; Win64; x64) AppleWebKit/537.36 (KHTML, like Gecko) Chrome/115.0.0.0 Safari/537.36', 1, 1, 'new', 0, '{\"edit_post_id\":\"24\"}', '2024-09-05 13:33:46', '2024-09-05 13:33:47', '2024-09-05 13:33:46', '2024-09-05 13:33:47');

-- --------------------------------------------------------

--
-- Table structure for table `wpi3_e_submissions_actions_log`
--

CREATE TABLE `wpi3_e_submissions_actions_log` (
  `id` bigint(20) UNSIGNED NOT NULL,
  `submission_id` bigint(20) UNSIGNED NOT NULL,
  `action_name` varchar(60) NOT NULL,
  `action_label` varchar(60) DEFAULT NULL,
  `status` varchar(20) NOT NULL,
  `log` text DEFAULT NULL,
  `created_at_gmt` datetime NOT NULL,
  `updated_at_gmt` datetime NOT NULL,
  `created_at` datetime NOT NULL,
  `updated_at` datetime NOT NULL
) ENGINE=InnoDB DEFAULT CHARSET=utf8mb4 COLLATE=utf8mb4_unicode_520_ci;

--
-- Dumping data for table `wpi3_e_submissions_actions_log`
--

INSERT INTO `wpi3_e_submissions_actions_log` (`id`, `submission_id`, `action_name`, `action_label`, `status`, `log`, `created_at_gmt`, `updated_at_gmt`, `created_at`, `updated_at`) VALUES
(1, 1, 'email', 'Email', 'success', NULL, '2024-01-07 03:28:46', '2024-01-07 03:28:46', '2024-01-07 03:28:46', '2024-01-07 03:28:46'),
(2, 2, 'email', 'Email', 'failed', 'Your submission failed because of a server error.', '2024-02-07 16:38:51', '2024-02-07 16:38:51', '2024-02-07 16:38:51', '2024-02-07 16:38:51'),
(3, 3, 'email', 'Email', 'success', NULL, '2024-02-28 14:13:19', '2024-02-28 14:13:19', '2024-02-28 14:13:19', '2024-02-28 14:13:19'),
(4, 4, 'email', 'Email', 'success', NULL, '2024-03-07 17:27:59', '2024-03-07 17:27:59', '2024-03-07 17:27:59', '2024-03-07 17:27:59'),
(5, 5, 'email', 'Email', 'success', NULL, '2024-03-12 20:18:02', '2024-03-12 20:18:02', '2024-03-12 20:18:02', '2024-03-12 20:18:02'),
(6, 6, 'email', 'Email', 'success', NULL, '2024-03-19 21:24:56', '2024-03-19 21:24:56', '2024-03-19 21:24:56', '2024-03-19 21:24:56'),
(7, 7, 'email', 'Email', 'success', NULL, '2024-03-30 10:11:38', '2024-03-30 10:11:38', '2024-03-30 10:11:38', '2024-03-30 10:11:38'),
(8, 8, 'email', 'Email', 'success', NULL, '2024-03-30 21:55:18', '2024-03-30 21:55:18', '2024-03-30 21:55:18', '2024-03-30 21:55:18'),
(9, 9, 'email', 'Email', 'success', NULL, '2024-04-04 20:12:18', '2024-04-04 20:12:18', '2024-04-04 20:12:18', '2024-04-04 20:12:18'),
(10, 10, 'email', 'Email', 'success', NULL, '2024-04-07 22:35:15', '2024-04-07 22:35:15', '2024-04-07 22:35:15', '2024-04-07 22:35:15'),
(11, 11, 'email', 'Email', 'success', NULL, '2024-04-13 13:59:27', '2024-04-13 13:59:27', '2024-04-13 13:59:27', '2024-04-13 13:59:27'),
(12, 12, 'email', 'Email', 'success', NULL, '2024-04-18 15:38:16', '2024-04-18 15:38:16', '2024-04-18 15:38:16', '2024-04-18 15:38:16'),
(13, 13, 'email', 'Email', 'success', NULL, '2024-04-22 20:26:55', '2024-04-22 20:26:55', '2024-04-22 20:26:55', '2024-04-22 20:26:55'),
(14, 14, 'email', 'Email', 'success', NULL, '2024-04-26 14:41:31', '2024-04-26 14:41:31', '2024-04-26 14:41:31', '2024-04-26 14:41:31'),
(15, 15, 'email', 'Email', 'success', NULL, '2024-04-29 04:21:49', '2024-04-29 04:21:49', '2024-04-29 04:21:49', '2024-04-29 04:21:49'),
(16, 16, 'email', 'Email', 'success', NULL, '2024-05-08 18:18:26', '2024-05-08 18:18:26', '2024-05-08 18:18:26', '2024-05-08 18:18:26'),
(17, 17, 'email', 'Email', 'success', NULL, '2024-05-09 08:01:26', '2024-05-09 08:01:26', '2024-05-09 08:01:26', '2024-05-09 08:01:26'),
(18, 18, 'email', 'Email', 'success', NULL, '2024-05-09 21:37:05', '2024-05-09 21:37:05', '2024-05-09 21:37:05', '2024-05-09 21:37:05'),
(19, 19, 'email', 'Email', 'success', NULL, '2024-05-11 21:48:03', '2024-05-11 21:48:03', '2024-05-11 21:48:03', '2024-05-11 21:48:03'),
(20, 20, 'email', 'Email', 'success', NULL, '2024-05-21 10:18:57', '2024-05-21 10:18:57', '2024-05-21 10:18:57', '2024-05-21 10:18:57'),
(21, 21, 'email', 'Email', 'success', NULL, '2024-05-21 23:07:07', '2024-05-21 23:07:07', '2024-05-21 23:07:07', '2024-05-21 23:07:07'),
(22, 22, 'email', 'Email', 'success', NULL, '2024-05-31 16:51:53', '2024-05-31 16:51:53', '2024-05-31 16:51:53', '2024-05-31 16:51:53'),
(23, 23, 'email', 'Email', 'success', NULL, '2024-06-01 05:46:08', '2024-06-01 05:46:08', '2024-06-01 05:46:08', '2024-06-01 05:46:08'),
(24, 24, 'email', 'Email', 'success', NULL, '2024-06-02 17:43:41', '2024-06-02 17:43:41', '2024-06-02 17:43:41', '2024-06-02 17:43:41'),
(25, 25, 'email', 'Email', 'success', NULL, '2024-06-03 02:49:22', '2024-06-03 02:49:22', '2024-06-03 02:49:22', '2024-06-03 02:49:22'),
(26, 26, 'email', 'Email', 'failed', 'Your submission failed because of a server error.', '2024-06-03 16:55:18', '2024-06-03 16:55:18', '2024-06-03 16:55:18', '2024-06-03 16:55:18'),
(27, 27, 'email', 'Email', 'success', NULL, '2024-06-08 17:02:21', '2024-06-08 17:02:21', '2024-06-08 17:02:21', '2024-06-08 17:02:21'),
(28, 28, 'email', 'Email', 'success', NULL, '2024-06-11 23:15:22', '2024-06-11 23:15:22', '2024-06-11 23:15:22', '2024-06-11 23:15:22'),
(29, 29, 'email', 'Email', 'success', NULL, '2024-06-14 14:23:31', '2024-06-14 14:23:31', '2024-06-14 14:23:31', '2024-06-14 14:23:31'),
(30, 30, 'email', 'Email', 'success', NULL, '2024-06-20 19:18:16', '2024-06-20 19:18:16', '2024-06-20 19:18:16', '2024-06-20 19:18:16'),
(31, 31, 'email', 'Email', 'success', NULL, '2024-06-22 05:36:01', '2024-06-22 05:36:01', '2024-06-22 05:36:01', '2024-06-22 05:36:01'),
(32, 32, 'email', 'Email', 'success', NULL, '2024-06-23 15:56:57', '2024-06-23 15:56:57', '2024-06-23 15:56:57', '2024-06-23 15:56:57'),
(33, 33, 'email', 'Email', 'success', NULL, '2024-06-23 17:50:52', '2024-06-23 17:50:52', '2024-06-23 17:50:52', '2024-06-23 17:50:52'),
(34, 34, 'email', 'Email', 'success', NULL, '2024-06-24 12:16:40', '2024-06-24 12:16:40', '2024-06-24 12:16:40', '2024-06-24 12:16:40'),
(35, 35, 'email', 'Email', 'failed', 'Your submission failed because of a server error.', '2024-07-03 02:16:43', '2024-07-03 02:16:43', '2024-07-03 02:16:43', '2024-07-03 02:16:43'),
(36, 36, 'email', 'Email', 'success', NULL, '2024-07-04 07:02:46', '2024-07-04 07:02:46', '2024-07-04 07:02:46', '2024-07-04 07:02:46'),
(37, 37, 'email', 'Email', 'failed', 'Your submission failed because of a server error.', '2024-07-06 17:44:46', '2024-07-06 17:44:46', '2024-07-06 17:44:46', '2024-07-06 17:44:46'),
(38, 38, 'email', 'Email', 'success', NULL, '2024-07-11 03:42:41', '2024-07-11 03:42:41', '2024-07-11 03:42:41', '2024-07-11 03:42:41'),
(39, 39, 'email', 'Email', 'success', NULL, '2024-07-23 03:58:56', '2024-07-23 03:58:56', '2024-07-23 03:58:56', '2024-07-23 03:58:56'),
(40, 40, 'email', 'Email', 'failed', 'Your submission failed because of a server error.', '2024-07-25 18:17:09', '2024-07-25 18:17:09', '2024-07-25 18:17:09', '2024-07-25 18:17:09'),
(41, 41, 'email', 'Email', 'success', NULL, '2024-07-29 13:11:28', '2024-07-29 13:11:28', '2024-07-29 13:11:28', '2024-07-29 13:11:28'),
(42, 42, 'email', 'Email', 'success', NULL, '2024-08-07 18:19:21', '2024-08-07 18:19:21', '2024-08-07 18:19:21', '2024-08-07 18:19:21'),
(43, 43, 'email', 'Email', 'success', NULL, '2024-08-10 11:14:07', '2024-08-10 11:14:07', '2024-08-10 11:14:07', '2024-08-10 11:14:07'),
(44, 44, 'email', 'Email', 'failed', 'Your submission failed because of a server error.', '2024-08-12 20:30:41', '2024-08-12 20:30:41', '2024-08-12 20:30:41', '2024-08-12 20:30:41'),
(45, 45, 'email', 'Email', 'success', NULL, '2024-08-17 12:32:45', '2024-08-17 12:32:45', '2024-08-17 12:32:45', '2024-08-17 12:32:45'),
(46, 46, 'email', 'Email', 'success', NULL, '2024-08-18 04:19:51', '2024-08-18 04:19:51', '2024-08-18 04:19:51', '2024-08-18 04:19:51'),
(47, 47, 'email', 'Email', 'success', NULL, '2024-09-04 13:04:03', '2024-09-04 13:04:03', '2024-09-04 13:04:03', '2024-09-04 13:04:03'),
(48, 48, 'email', 'Email', 'failed', 'Your submission failed because of a server error.', '2024-09-04 18:20:02', '2024-09-04 18:20:02', '2024-09-04 18:20:02', '2024-09-04 18:20:02'),
(49, 49, 'email', 'Email', 'success', NULL, '2024-09-05 13:33:47', '2024-09-05 13:33:47', '2024-09-05 13:33:47', '2024-09-05 13:33:47');

-- --------------------------------------------------------

--
-- Table structure for table `wpi3_e_submissions_values`
--

CREATE TABLE `wpi3_e_submissions_values` (
  `id` bigint(20) UNSIGNED NOT NULL,
  `submission_id` bigint(20) UNSIGNED NOT NULL DEFAULT 0,
  `key` varchar(60) DEFAULT NULL,
  `value` longtext DEFAULT NULL
) ENGINE=InnoDB DEFAULT CHARSET=utf8mb4 COLLATE=utf8mb4_unicode_520_ci;

--
-- Dumping data for table `wpi3_e_submissions_values`
--

INSERT INTO `wpi3_e_submissions_values` (`id`, `submission_id`, `key`, `value`) VALUES
(1, 1, 'name', 'Datuk Kannan'),
(2, 1, 'email', 'mshankar_varma@yahoo.com'),
(3, 1, 'message', 'Sai Ram where are you.'),
(4, 1, 'field_cd540ef', '+60164373940'),
(5, 2, 'name', 'IdaFusa'),
(6, 2, 'email', 'idaFusa@plumberdynamo.com'),
(7, 2, 'message', 'Нi!\r\nI аррlaud wоmеn who have the сourаgе tо еnϳоy the lоvе of manу women and сhoоsе thе one whо will be hеr bеst friеnd during thе bumpу and crazу thing саllеd lifе.\r\nΙ wantеd tо be thаt frіend, nоt ϳust thе stаble, reliаblе, bоrіng houѕеwife оf аn оrdіnаrу mаrrіed сouрle.\r\nΙ аm 27 yеarѕ оld, Ιda, from Denmark.\r\nMy рrofile іs here: http://tempresoce.ml/zpg-12404/'),
(8, 2, 'field_cd540ef', ''),
(9, 3, 'name', 'IrinaVat'),
(10, 3, 'email', 'oleg.lebedevuvs@yandex.ru'),
(11, 3, 'message', 'https://clck.ru/36EvcK'),
(12, 3, 'field_cd540ef', ''),
(13, 4, 'name', 'Josephgoxia'),
(14, 4, 'email', 'r4keta51@yandex.com'),
(15, 4, 'message', 'restoration of bath enamel'),
(16, 4, 'field_cd540ef', ''),
(17, 5, 'name', 'LucillePiofs'),
(18, 5, 'email', 'vsev.tchumakov@yandex.ru'),
(19, 5, 'message', 'https://clck.ru/36Evzx'),
(20, 5, 'field_cd540ef', ''),
(21, 6, 'name', 'Juliomoock'),
(22, 6, 'email', 'julioj5_browne2@outlook.com'),
(23, 6, 'message', 'http://specodegdaoptom.ru/'),
(24, 6, 'field_cd540ef', ''),
(25, 7, 'name', 'MasonWal'),
(26, 7, 'email', 'kaenquirynicholls@gmail.com'),
(27, 7, 'message', 'Aloha, makemake wau eʻike i kāu kumukūʻai.'),
(28, 7, 'field_cd540ef', ''),
(29, 8, 'name', 'StevenGow'),
(30, 8, 'email', 'vinbon896@gmail.com'),
(31, 8, 'message', 'Top online casіos! \r\nGet Big bоnus for frее singup \r\n \r\nhttps://tinyurl.com/yckrs5ht'),
(32, 8, 'field_cd540ef', ''),
(33, 9, 'name', 'Bryanvar'),
(34, 9, 'email', 'vandal_aleisha@hotmail.com'),
(35, 9, 'message', 'Одним из важных преимуществ Кэт Казино cat casino  является возможность играть онлайн. Доступ к огромному выбору слотов, карточных и настольных игр открывается сразу после регистрации. Для тех, кто ценит мобильность и удобство, Cat Casino предлагает играть через браузер или мобильное приложение, обеспечивая непрерывный доступ к любимым играм. \r\n.'),
(36, 9, 'field_cd540ef', ''),
(37, 10, 'name', 'Jamesexave'),
(38, 10, 'email', 'valentinellington@wwjmp.com'),
(39, 10, 'message', 'make money work for you uk'),
(40, 10, 'field_cd540ef', ''),
(41, 11, 'name', 'Harriett Biddell'),
(42, 11, 'email', 'biddell.harriett@gmail.com'),
(43, 11, 'message', 'This tool allows you to easily start dropshipping top products from US and EU suppliers. \r\n\r\nGet started for free and see why Spocket consistently gets 5 stars.\r\n\r\nhttps://marketersmentor.com/us-eu-dropshipping\r\n\r\nIt adds your logo and brand to the invoices. You are not just selling products, you are building your own brand.\r\n\r\nAdd Products From Verified US & EU Suppliers for Faster Shipping Times & Better Products.\r\n\r\nLearn More: https://marketersmentor.com/us-eu-dropshipping\r\n\r\n\r\n\r\n\r\n\r\n\r\n\r\n\r\nUnsubscribe\r\nhttps://marketersmentor.com/unsubscribe'),
(44, 11, 'field_cd540ef', ''),
(45, 12, 'name', 'Alberta Gepp'),
(46, 12, 'email', 'alberta.gepp72@msn.com'),
(47, 12, 'message', 'Browse thousands of best selling dropshipping products from US/EU dropshipping suppliers.\r\n\r\nhttps://marketersmentor.com/trending\r\n\r\nEach best selling product has a track record of sales and is backed by fast shipping and quality suppliers. \r\n\r\nWith new best sellers weekly, you’ll find everything you need to skyrocket your online sales.\r\n\r\nCheck out all the trending dropshipping products \r\nand see whats selling fast now: https://marketersmentor.com/trending\r\n\r\n\r\n\r\n\r\n\r\n\r\n\r\n\r\n\r\n\r\nUnsubscribe\r\nhttps://marketersmentor.com/unsubscribe'),
(48, 12, 'field_cd540ef', ''),
(49, 13, 'name', 'Chris Reber'),
(50, 13, 'email', 'chris.reber@googlemail.com'),
(51, 13, 'message', 'This tool allows you to choose the best custom products to sell from thousands of print-on-demand suppliers all over the world.\r\n\r\nhttps://marketersmentor.com/print-on-demand\r\n\r\nWith 80% of dropshipping suppliers based in the US or Europe, shipping is quick, reliable, and effortless.\r\n\r\nBe one of the first to identify popular dropshipping items, and gain a competitive advantage over your competitors today. \r\n\r\nhttps://marketersmentor.com/print-on-demand\r\n\r\n\r\n\r\n\r\n\r\n\r\n\r\n\r\n\r\n\r\nUnsubscribe\r\nhttps://marketersmentor.com/unsubscribe'),
(52, 13, 'field_cd540ef', ''),
(53, 14, 'name', 'Robyn Duckett'),
(54, 14, 'email', 'robyn.duckett@yahoo.com'),
(55, 14, 'message', 'Approved by over 200,000 e-commerce enthusiasts\r\n\r\nWhat sets this tool apart from other ad spy tools is its comprehensive collection of e-commerce ads for Facebook, Pinterest, and even Tik Tok. \r\n\r\nThis makes it the ultimate ad spy tool that leaves no stone unturned.\r\n\r\nhttps://saloof.com/ads-spy\r\n\r\nNot only that, but it also offers a unique feature that allows users to track product placements made by influencers across more than 30 markets on Instagram and Snapchat. \r\n\r\nBy providing access to this information, it enables users to stay on top of their game and make data-driven decisions.\r\n\r\nLearn More: https://saloof.com/ads-spy\r\n\r\n\r\n\r\n\r\n\r\n\r\n\r\n\r\nUnsubscribe\r\nhttps://saloof.com/unsubscribe'),
(56, 14, 'field_cd540ef', ''),
(57, 15, 'name', 'Danny K'),
(58, 15, 'email', 'pat@aneesho.com'),
(59, 15, 'message', 'Do you need help with graphic design - brochures, banners, flyers, advertisements, social media posts, logos etc? \r\n\r\nWe charge a low fixed monthly fee. Let me know if you\'re interested and would like to see our portfolio.'),
(60, 15, 'field_cd540ef', '8102440753'),
(61, 16, 'name', 'Kindra Tall'),
(62, 16, 'email', 'tall.kindra65@outlook.com'),
(63, 16, 'message', 'In online marketing, the “Hook, Story, Offer” framework is a simple and effective method for writing sales copy anywhere \r\nand everywhere — for ads, emails, landing pages, sales funnels, soap opera sequences, and more.\r\n\r\nhttps://marketersmentor.com/hook-story-offer\r\n\r\nIf your landing pages, ads, or opt-in rate are low conversion, the first thing you must look at are:\r\n\r\nHook\r\nStory\r\nand Offer\r\n\r\nLearn More: https://marketersmentor.com/hook-story-offer\r\n\r\n\r\n\r\n\r\n\r\n\r\n\r\n\r\nUnsubscribe\r\nhttps://marketersmentor.com/unsubscribe'),
(64, 16, 'field_cd540ef', ''),
(65, 17, 'name', 'MasonWal'),
(66, 17, 'email', 'kaenquirynicholls@gmail.com'),
(67, 17, 'message', 'Hæ, ég vildi vita verð þitt.'),
(68, 17, 'field_cd540ef', ''),
(69, 18, 'name', 'Jeraldsmups'),
(70, 18, 'email', 'brittanydeal341@hotmail.com'),
(71, 18, 'message', 'Join https://accsmarket.net, the leading provider of verified accounts across diverse digital platforms, as a valued partner. Expand your business reach and access a wide range of verified accounts tailored to different needs. With our reliable platform and dedicated support, collaborating with https://accsmarket.net ensures mutual success and growth in the competitive online market. \r\n \r\n \r\nClick links : https://accsmarket.net \r\n \r\nThx'),
(72, 18, 'field_cd540ef', 'Accsmarket'),
(73, 19, 'name', 'CarlosNot'),
(74, 19, 'email', 'inet4747@outlook.com'),
(75, 19, 'message', 'In Etsy, Shopify Pinterest+SEO + artificial intelligence give high sales results'),
(76, 19, 'field_cd540ef', ''),
(77, 20, 'name', 'RobertWal'),
(78, 20, 'email', 'lucido.leinteract@gmail.com'),
(79, 20, 'message', 'Zdravo, htio sam znati vašu cijenu.'),
(80, 20, 'field_cd540ef', ''),
(81, 21, 'name', 'DavidWal'),
(82, 21, 'email', 'lucido.leinteract@gmail.com'),
(83, 21, 'message', 'Hæ, ég vildi vita verð þitt.'),
(84, 21, 'field_cd540ef', ''),
(85, 22, 'name', 'Susannah Feez'),
(86, 22, 'email', 'susannah.feez@googlemail.com'),
(87, 22, 'message', 'One of Dan\'s companies generated $1 Million Dollars with only ONE Funnel.\r\n\r\nHow did he do that? Surprisingly, the fastest way to bring traffic to your website only takes four steps. \r\nAnd those are only 4 steps of 20 you could learn. \r\n\r\nWatch the video to explore all of Dan\'s traffic secrets: https://saloof.com/dan-lok/\r\n\r\n\r\n\r\n\r\n\r\n\r\n\r\n\r\nUnsubscribe\r\nhttps://saloof.com/unsubscribe'),
(88, 22, 'field_cd540ef', ''),
(89, 23, 'name', 'MasonWal'),
(90, 23, 'email', 'kaenquirynicholls@gmail.com'),
(91, 23, 'message', 'Salam, qiymətinizi bilmək istədim.'),
(92, 23, 'field_cd540ef', ''),
(93, 24, 'name', 'Robertsnulp'),
(94, 24, 'email', 'inet4747@outlook.com'),
(95, 24, 'message', 'In Etsy, Amazon, eBay, Shopify https://pint77.com Pinterest+SEO +II =  high sales results'),
(96, 24, 'field_cd540ef', ''),
(97, 25, 'name', 'MasonWal'),
(98, 25, 'email', 'kaenquirynicholls@gmail.com'),
(99, 25, 'message', 'Ողջույն, ես ուզում էի իմանալ ձեր գինը.'),
(100, 25, 'field_cd540ef', ''),
(101, 26, 'name', 'Pillsslids'),
(102, 26, 'email', 'iunskiygipertonik@gmail.com'),
(103, 26, 'message', 'Erectile dysfunction treatments available online from TruePills. \r\nDiscreet, next day delivery and lowest price guarantee. \r\n \r\nViagra is a well-known, branded and common erectile dysfunction (ED) treatment for men. \r\nIt\'s available through our Online TruePills service. \r\n \r\nTrial ED Pack consists of the following ED drugs: \r\n \r\nViagra Active Ingredient: Sildenafil 100mg 5 pills \r\nCialis 20mg 5 pills \r\nLevitra 20mg 5 pills \r\n \r\nhttps://true-pill.top/ \r\n \r\nFonderyl\r\nAvanafil\r\nAnolexinon\r\nFirin\r\nUrazol\r\nMonadox\r\nAtecor\r\nAgapurin\r\nIbuprofen\r\nRanopril\r\nVaseretic\r\nAmloblock\r\nAlloprim\r\nTopiragamma\r\nDolaxen\r\nSofaxin\r\nAtralin\r\nGamathiazid\r\nCyclostad\r\nHistamГ©thizine\r\nProdep\r\nCyclocur\r\nPirimetan\r\nMontelukastum\r\nVelacin\r\nMirt\r\nDigoxanova\r\nVersid\r\nXelevia\r\nAlendro-q\r\nTupast\r\nSeralis\r\nFuqixing\r\nPentacol\r\nSorbon\r\nCoumadine\r\nFinpecia\r\nRisperiwin\r\nBylans\r\nNoriline'),
(104, 26, 'field_cd540ef', ''),
(105, 27, 'name', 'MasonWal'),
(106, 27, 'email', 'kaenquirynicholls@gmail.com'),
(107, 27, 'message', 'Hi, ego volo scire vestri pretium.'),
(108, 27, 'field_cd540ef', ''),
(109, 28, 'name', 'Jayanthi Shanker'),
(110, 28, 'email', 'Chithavikaasa@gmail.com'),
(111, 28, 'message', 'I wish to visit sai mandir can I get the location'),
(112, 28, 'field_cd540ef', '7338181632'),
(113, 29, 'name', 'RobertWal'),
(114, 29, 'email', 'cautioningsehomogen@gmail.com'),
(115, 29, 'message', 'Ndewo, achọrọ m ịmara ọnụahịa gị.'),
(116, 29, 'field_cd540ef', ''),
(117, 30, 'name', 'MasonWal'),
(118, 30, 'email', 'yjdisantoyjdissemin@gmail.com'),
(119, 30, 'message', 'Kaixo, zure prezioa jakin nahi nuen.'),
(120, 30, 'field_cd540ef', ''),
(121, 31, 'name', 'Jon Lewis'),
(122, 31, 'email', 'info@marketersmentor.com'),
(123, 31, 'message', '8 years of experience put into 1 video. Here is literally everything you need to know to achieve your first million dollars with Dropshipping in 2024.\r\n\r\nwatch it now: https://www.youtube.com/watch?v=nT8luUsO4SU\r\n\r\nTalk soon!\r\nJon\r\n\r\n\r\n\r\n\r\n\r\n\r\n\r\n\r\nUnsubscribe\r\nhttps://marketersmentor.com/unsubscribe/'),
(124, 31, 'field_cd540ef', ''),
(125, 32, 'name', 'AdjWal'),
(126, 32, 'email', 'kayleighbpsteamship@gmail.com'),
(127, 32, 'message', 'Xin chào, tôi muốn biết giá của bạn.'),
(128, 32, 'field_cd540ef', ''),
(129, 33, 'name', 'MaxWal'),
(130, 33, 'email', 'yjdisantoyjdissemin@gmail.com'),
(131, 33, 'message', 'Hi, kam dashur të di çmimin tuaj'),
(132, 33, 'field_cd540ef', ''),
(133, 34, 'name', 'DavidWal'),
(134, 34, 'email', 'kayleighbpsteamship@gmail.com'),
(135, 34, 'message', 'Hi, მინდოდა ვიცოდე თქვენი ფასი.'),
(136, 34, 'field_cd540ef', ''),
(137, 35, 'name', 'WilliamNob'),
(138, 35, 'email', 'marina-kovalyova-1997@bk.ru'),
(139, 35, 'message', 'Why a rare image of one of Malaysia’s last tigers is giving conservationists hope \r\nm3ga \r\nEmmanuel Rondeau has photographed tigers across Asia for the past decade, from the remotest recesses of Siberia to the pristine valleys of Bhutan. But when he set out to photograph the tigers in the ancient rainforests of Malaysia, he had his doubts. \r\n \r\n“We were really not sure that this was going to work,” says the French wildlife photographer. That’s because the country has just 150 tigers left, hidden across tens of thousands of square kilometers of dense rainforest. \r\n \r\nhttps://me3ga-gl.cc \r\nmega555net com \r\n \r\n“Tiger numbers in Malaysia have been going down, down, down, at an alarming rate,” says Rondeau. In the 1950s, Malaysia had around 3,000 tigers, but a combination of habitat loss, a decline in prey, and poaching decimated the population. By 2010, there were just 500 left, according to WWF, and the number has continued to fall. \r\n \r\nThe Malayan tiger is a subspecies native to Peninsular Malaysia, and it’s the smallest of the tiger subspecies in Southeast Asia. \r\n \r\n“We are in this moment where, if things suddenly go bad, in five years the Malayan tiger could be a figure of the past, and it goes into the history books,” Rondeau adds. \r\n \r\nDetermined not to let that happen, Rondeau joined forces with WWF-Malaysia last year to profile the elusive big cat and put a face to the nation’s conservation work. \r\n \r\nIt took 12 weeks of preparations, eight cameras, 300 pounds of equipment, five months of patient photography and countless miles trekked through the 117,500-hectare Royal Belum State Park… but finally, in November, Rondeau got the shot that he hopes can inspire the next generation of conservationists. \r\n \r\nhttps://mega555net777.com \r\nmega555kf7lsmb54yd6etzginolhxxi4ytdoma2rf77ngq55fhfcnyid \r\n \r\n“This image is the last image of the Malayan tiger — or it’s the first image of the return of the Malayan tiger,” he says.'),
(140, 35, 'field_cd540ef', ''),
(141, 36, 'name', 'Punitha'),
(142, 36, 'email', 'punithasinnathamby@gmail.com'),
(143, 36, 'message', 'i want do my nephew ear piercing ceremony \r\ncan advice me on this'),
(144, 36, 'field_cd540ef', '0123472103'),
(145, 37, 'name', 'WillieOrgat'),
(146, 37, 'email', 'golubevaevelina19908114@list.ru'),
(147, 37, 'message', 'A fairly new player in the Russian darknet arena,  blacksprut Blacksprut has quickly gained attention for its interesting features and growing popularity. While some aspects raise questions, it has the potential to become a prominent figure in the darknet scene. \r\nFeatures: \r\n \r\nBlacksprut https://bs-gl-darknet.com offers an \"Instant Transactions\" feature, inspired by the success of similar systems on other platforms like Hydra. Couriers hide goods within the city and provide buyers with coordinates, adding an adventurous element to the purchasing process.'),
(148, 37, 'field_cd540ef', ''),
(149, 38, 'name', 'DavidWal'),
(150, 38, 'email', 'kayleighbpsteamship@gmail.com'),
(151, 38, 'message', 'Szia, meg akartam tudni az árát.'),
(152, 38, 'field_cd540ef', ''),
(153, 39, 'name', 'MasonWal'),
(154, 39, 'email', 'yjdisantoyjdissemin@gmail.com'),
(155, 39, 'message', 'Hola, quería saber tu precio..'),
(156, 39, 'field_cd540ef', ''),
(157, 40, 'name', 'Anthonykvam'),
(158, 40, 'email', 'kokain@kypit-kokain-moscow.online'),
(159, 40, 'message', 'Купить Кокаин в Москве? Самый чистый Кокаин в Москве Купить \r\nССЫЛКА НА САЙТ- https://mephedrone.top'),
(160, 40, 'field_cd540ef', ''),
(161, 41, 'name', 'CarlosNot'),
(162, 41, 'email', 'inet4747@outlook.com'),
(163, 41, 'message', 'You are sleeping - your PC is collecting crypto. The Grasse Network uses 1% of your PC to collect artificial intelligence data from the Internet. Join for free. You can now connect your Solana wallet to Grass'),
(164, 41, 'field_cd540ef', ''),
(165, 42, 'name', 'MasonWal'),
(166, 42, 'email', 'yjdisantoyjdissemin@gmail.com'),
(167, 42, 'message', 'Γεια σου, ήθελα να μάθω την τιμή σας.'),
(168, 42, 'field_cd540ef', ''),
(169, 43, 'name', 'MasonWal'),
(170, 43, 'email', 'yjdisantoyjdissemin@gmail.com'),
(171, 43, 'message', 'Hola, volia saber el seu preu.'),
(172, 43, 'field_cd540ef', ''),
(173, 44, 'name', 'Jeraldsmups'),
(174, 44, 'email', 'sharonfox@hotmail.com'),
(175, 44, 'message', 'Become a valued partner with https://accsmarket.net and gain access to a vast array of verified accounts spanning multiple digital platforms. \r\nCollaborate with us to expand your business opportunities and cater to the diverse needs of your clients effectively. \r\nWith our reliable platform and dedicated support, partnering with https://accsmarket.net ensures mutual success and growth in the competitive realm of online sales. \r\n \r\n \r\nVisit here : https://accsmarket.net \r\n \r\nThanks U'),
(176, 44, 'field_cd540ef', 'Accsmarket'),
(177, 45, 'name', 'Ngcmed'),
(178, 45, 'email', 'ngc3019125@gmail.com'),
(179, 45, 'message', 'Top сasіnоs \r\n200% deposite bonus and 250 freespin \r\nGеt уоur sіgn-up bоnus \r\nhttps://tinyurl.com/3wjpcxny'),
(180, 45, 'field_cd540ef', ''),
(181, 46, 'name', 'MasonWal'),
(182, 46, 'email', 'yjdisantoyjdissemin@gmail.com'),
(183, 46, 'message', 'Hej, jeg ønskede at kende din pris.'),
(184, 46, 'field_cd540ef', ''),
(185, 47, 'name', 'MasonWal'),
(186, 47, 'email', 'yjdisantoyjdissemin@gmail.com'),
(187, 47, 'message', 'Hi, მინდოდა ვიცოდე თქვენი ფასი.'),
(188, 47, 'field_cd540ef', ''),
(189, 48, 'name', 'Billyuters'),
(190, 48, 'email', 'cocaine@kypit-kokain-moscow.ru'),
(191, 48, 'message', 'Купить Кокаин в Москве? Сайт - KOKSIK.VIP Купить Кокаин (КОКС) Москва! - KOKSIK.VIP \r\n. \r\n. \r\n. \r\n. \r\n. \r\n. \r\n. \r\n. \r\n. \r\nДля заказа Кокаин (КОКС) а в Москве 24/7 САЙТ - https://kokosik.vip/ \r\nКупить в Москве Кокаин (КОКС)  закладкой 24/7 САЙТ - https://kokosik.vip/ \r\nЗаказать Кокаин (КОКС)  в Москве доставкой САЙТ - https://kokosik.vip/ \r\nПокупка в руки Кокаин (КОКС) а в Москве 24/7 САЙТ - https://kokosik.vip/ \r\nЛучший Кокаин (КОКС)  в Москве САЙТ - https://kokosik.vip/ \r\nКачественный Кокаин (КОКС)  в Москве САЙТ - https://kokosik.vip/ \r\n. \r\n. \r\n. \r\n. \r\n. \r\n. \r\n. \r\n. \r\n. \r\n. \r\n. \r\n. \r\n. \r\n. \r\n. \r\n. \r\n. \r\n. \r\nДЛЯ ЗАКАЗА ТОВАРА В МОСКВЕ НУЖНО НАПИСАТЬ НА САЙТ - https://kokosik.vip/ \r\n. \r\n. \r\n. \r\n. \r\n. \r\n. \r\n. \r\n. \r\n. \r\n. \r\n. \r\n. \r\n. \r\n. \r\n. \r\n. \r\n. \r\n. \r\n. \r\n. \r\n. \r\n. \r\n. \r\n. \r\n. \r\n. \r\n. \r\n. \r\n. \r\n. \r\n. \r\n. \r\n. \r\n. \r\n. \r\n. \r\n. \r\n. \r\n. \r\n. \r\n. \r\n. \r\n. \r\n. \r\n. \r\n. \r\n. \r\n. \r\n. \r\nТеги для гугла - Мне нужно Купить Кокаин (КОКС)  в Москве? Какие цены на Кокаин (КОКС)  в Москве? Каким образом можно Купить Кокаин (КОКС)  в Москве? Какие сейчас цены на Кокаин (КОКС)  в Москве? \r\nКто сейчас продает Кокаин (КОКС)  в Москве? Как много завезли Кокаин (КОКС) а в Москве? Кокаин (КОКС)  в Москве купить без йода абсолютно без вреда для организма? \r\nЦарь-Кокаин (КОКС)  это название того Кокаин (КОКС) а который продают на официальном доверенном сайте гаранте? Украсть такой Кокаин (КОКС)  в Москве не получиться, потому что работают профессионалы? \r\nКакие бывают разновидности Кокаин (КОКС) а сейчас в Москве и почему у нас он самый лучший Кокаин (КОКС)  в Москве? Если взять много Кокаин (КОКС) а в Москве а заплатить за него мало, такое Возможно? \r\nНовые правила покупки и доставки Кокаин (КОКС) а в Москве уже действуют? Круглосуточная покупка Кокаин (КОКС) а в Москве только на официальном сайте по ссылке, больше нигде? \r\nКристаллы Кокаин (КОКС) а в Москве уже сравнивают с градом? Шыкарное качество Кокаин (КОКС) а в Москве никогда никого не оставит равнодушным или безразличны? \r\nМоментальная покупка Кокаин (КОКС) а в Москве и круглосуточная потдержка Кокаин (КОКС) а в Москве всегда на связи, даже в выходные и праздничные дни? \r\nЩедрость насыпи в закладках Кокаин (КОКС) а в Москве иногда даже удивляет, потому что закладки Кокаин (КОКС) а в Москве всегда на 10% больше чем в заказе? \r\nЗанять деньги или занять дорожку такого Кокаин (КОКС) а в Москве это не стыдно, это жизнь которой живут постоянно люди в Москве? \r\nХорошо что Вы всегда на связи - самый частый отзыв про наш Кокаин (КОКС)  в Москве за последние пять лет работы на рынке Кокаин (КОКС) а в Москве! \r\nФинальная версия разработок всех рецептов Кокаин (КОКС) а в Москве можно купить на нашем сайте уже не первый год? Улететь в Небеса сквозь все преграды можно только с нашим Кокаин (КОКС) ом в Москве! \r\nЕдинственный Магазин в Москве который реально безопасно доставляет товар в руки не важно какого количества, Это именно наш Сайт Кокаин (КОКС) а в Москве! Наш Кокаин (КОКС)  в Москве знаю Все! \r\n. \r\n. \r\n. \r\nМОСКВА-РОССИЯ-Кокаин (КОКС) -ЗАКЛАДКИ-ДОСТАВКА В РУКИ -ГАРАНТИИ - КУПИТЬ - КРУГЛОСУТОЧНО - РОССИЯ \r\n. \r\n. \r\n. \r\nКонец тегов'),
(192, 48, 'field_cd540ef', ''),
(193, 49, 'name', 'MasonWal'),
(194, 49, 'email', 'yjdisantoyjdissemin@gmail.com'),
(195, 49, 'message', 'Hi, kam dashur të di çmimin tuaj'),
(196, 49, 'field_cd540ef', '');

-- --------------------------------------------------------

--
-- Table structure for table `wpi3_links`
--

CREATE TABLE `wpi3_links` (
  `link_id` bigint(20) UNSIGNED NOT NULL,
  `link_url` varchar(255) NOT NULL DEFAULT '',
  `link_name` varchar(255) NOT NULL DEFAULT '',
  `link_image` varchar(255) NOT NULL DEFAULT '',
  `link_target` varchar(25) NOT NULL DEFAULT '',
  `link_description` varchar(255) NOT NULL DEFAULT '',
  `link_visible` varchar(20) NOT NULL DEFAULT 'Y',
  `link_owner` bigint(20) UNSIGNED NOT NULL DEFAULT 1,
  `link_rating` int(11) NOT NULL DEFAULT 0,
  `link_updated` datetime NOT NULL DEFAULT '0000-00-00 00:00:00',
  `link_rel` varchar(255) NOT NULL DEFAULT '',
  `link_notes` mediumtext NOT NULL,
  `link_rss` varchar(255) NOT NULL DEFAULT ''
) ENGINE=InnoDB DEFAULT CHARSET=utf8mb4 COLLATE=utf8mb4_unicode_ci;

-- --------------------------------------------------------

--
-- Table structure for table `wpi3_litespeed_url`
--

CREATE TABLE `wpi3_litespeed_url` (
  `id` bigint(20) NOT NULL,
  `url` varchar(500) NOT NULL,
  `cache_tags` varchar(1000) NOT NULL DEFAULT ''
) ENGINE=InnoDB DEFAULT CHARSET=utf8mb4 COLLATE=utf8mb4_unicode_520_ci;

-- --------------------------------------------------------

--
-- Table structure for table `wpi3_litespeed_url_file`
--

CREATE TABLE `wpi3_litespeed_url_file` (
  `id` bigint(20) NOT NULL,
  `url_id` bigint(20) NOT NULL,
  `vary` varchar(32) CHARACTER SET utf8mb4 COLLATE utf8mb4_unicode_ci NOT NULL DEFAULT '' COMMENT 'md5 of final vary',
  `filename` varchar(32) CHARACTER SET utf8mb4 COLLATE utf8mb4_unicode_ci NOT NULL DEFAULT '' COMMENT 'md5 of file content',
  `type` tinyint(4) NOT NULL COMMENT 'css=1,js=2,ccss=3,ucss=4',
  `mobile` tinyint(4) NOT NULL COMMENT 'mobile=1',
  `webp` tinyint(4) NOT NULL COMMENT 'webp=1',
  `expired` int(11) NOT NULL DEFAULT 0
) ENGINE=InnoDB DEFAULT CHARSET=utf8mb4 COLLATE=utf8mb4_unicode_520_ci;

-- --------------------------------------------------------

--
-- Table structure for table `wpi3_mt_plugin`
--

CREATE TABLE `wpi3_mt_plugin` (
  `mt_id` int(11) NOT NULL,
  `mt_text` text CHARACTER SET utf8mb3 COLLATE utf8mb3_bin NOT NULL,
  `mt_order` int(11) NOT NULL DEFAULT 0,
  `mt_status` char(3) NOT NULL DEFAULT 'No',
  `mt_group` varchar(100) NOT NULL DEFAULT 'GROUP1',
  `mt_date` datetime NOT NULL DEFAULT '0000-00-00 00:00:00'
) ENGINE=MyISAM DEFAULT CHARSET=utf8mb3 COLLATE=utf8mb3_general_ci;

--
-- Dumping data for table `wpi3_mt_plugin`
--

INSERT INTO `wpi3_mt_plugin` (`mt_id`, `mt_text`, `mt_order`, `mt_status`, `mt_group`, `mt_date`) VALUES
(2, 'Contact us:<br>  *Datuk SP Kannan :  +60122739486 <br>   *Mr Sellamuthu  +60123578552 ', 1, 'YES', 'GROUP1', '9999-12-31 00:00:00');

-- --------------------------------------------------------

--
-- Table structure for table `wpi3_newsletter`
--

CREATE TABLE `wpi3_newsletter` (
  `name` varchar(100) NOT NULL DEFAULT '',
  `email` varchar(100) NOT NULL DEFAULT '',
  `token` varchar(50) NOT NULL DEFAULT '',
  `language` varchar(10) NOT NULL DEFAULT '',
  `status` varchar(1) NOT NULL DEFAULT 'S',
  `id` int(11) NOT NULL,
  `profile` mediumtext DEFAULT NULL,
  `created` timestamp NOT NULL DEFAULT current_timestamp(),
  `updated` int(11) NOT NULL DEFAULT 0,
  `last_activity` int(11) NOT NULL DEFAULT 0,
  `followup_step` tinyint(4) NOT NULL DEFAULT 0,
  `followup_time` bigint(20) NOT NULL DEFAULT 0,
  `followup` tinyint(4) NOT NULL DEFAULT 0,
  `surname` varchar(100) NOT NULL DEFAULT '',
  `sex` char(1) NOT NULL DEFAULT 'n',
  `feed_time` bigint(20) NOT NULL DEFAULT 0,
  `feed` tinyint(4) NOT NULL DEFAULT 0,
  `referrer` varchar(50) NOT NULL DEFAULT '',
  `ip` varchar(50) NOT NULL DEFAULT '',
  `wp_user_id` int(11) NOT NULL DEFAULT 0,
  `http_referer` varchar(255) NOT NULL DEFAULT '',
  `geo` tinyint(4) NOT NULL DEFAULT 0,
  `country` varchar(4) NOT NULL DEFAULT '',
  `region` varchar(100) NOT NULL DEFAULT '',
  `city` varchar(100) NOT NULL DEFAULT '',
  `bounce_type` varchar(50) NOT NULL DEFAULT '',
  `bounce_time` int(11) NOT NULL DEFAULT 0,
  `unsub_email_id` int(11) NOT NULL DEFAULT 0,
  `unsub_time` int(11) NOT NULL DEFAULT 0,
  `list_1` tinyint(4) NOT NULL DEFAULT 0,
  `list_2` tinyint(4) NOT NULL DEFAULT 0,
  `list_3` tinyint(4) NOT NULL DEFAULT 0,
  `list_4` tinyint(4) NOT NULL DEFAULT 0,
  `list_5` tinyint(4) NOT NULL DEFAULT 0,
  `list_6` tinyint(4) NOT NULL DEFAULT 0,
  `list_7` tinyint(4) NOT NULL DEFAULT 0,
  `list_8` tinyint(4) NOT NULL DEFAULT 0,
  `list_9` tinyint(4) NOT NULL DEFAULT 0,
  `list_10` tinyint(4) NOT NULL DEFAULT 0,
  `list_11` tinyint(4) NOT NULL DEFAULT 0,
  `list_12` tinyint(4) NOT NULL DEFAULT 0,
  `list_13` tinyint(4) NOT NULL DEFAULT 0,
  `list_14` tinyint(4) NOT NULL DEFAULT 0,
  `list_15` tinyint(4) NOT NULL DEFAULT 0,
  `list_16` tinyint(4) NOT NULL DEFAULT 0,
  `list_17` tinyint(4) NOT NULL DEFAULT 0,
  `list_18` tinyint(4) NOT NULL DEFAULT 0,
  `list_19` tinyint(4) NOT NULL DEFAULT 0,
  `list_20` tinyint(4) NOT NULL DEFAULT 0,
  `list_21` tinyint(4) NOT NULL DEFAULT 0,
  `list_22` tinyint(4) NOT NULL DEFAULT 0,
  `list_23` tinyint(4) NOT NULL DEFAULT 0,
  `list_24` tinyint(4) NOT NULL DEFAULT 0,
  `list_25` tinyint(4) NOT NULL DEFAULT 0,
  `list_26` tinyint(4) NOT NULL DEFAULT 0,
  `list_27` tinyint(4) NOT NULL DEFAULT 0,
  `list_28` tinyint(4) NOT NULL DEFAULT 0,
  `list_29` tinyint(4) NOT NULL DEFAULT 0,
  `list_30` tinyint(4) NOT NULL DEFAULT 0,
  `list_31` tinyint(4) NOT NULL DEFAULT 0,
  `list_32` tinyint(4) NOT NULL DEFAULT 0,
  `list_33` tinyint(4) NOT NULL DEFAULT 0,
  `list_34` tinyint(4) NOT NULL DEFAULT 0,
  `list_35` tinyint(4) NOT NULL DEFAULT 0,
  `list_36` tinyint(4) NOT NULL DEFAULT 0,
  `list_37` tinyint(4) NOT NULL DEFAULT 0,
  `list_38` tinyint(4) NOT NULL DEFAULT 0,
  `list_39` tinyint(4) NOT NULL DEFAULT 0,
  `list_40` tinyint(4) NOT NULL DEFAULT 0,
  `profile_1` varchar(255) NOT NULL DEFAULT '',
  `profile_2` varchar(255) NOT NULL DEFAULT '',
  `profile_3` varchar(255) NOT NULL DEFAULT '',
  `profile_4` varchar(255) NOT NULL DEFAULT '',
  `profile_5` varchar(255) NOT NULL DEFAULT '',
  `profile_6` varchar(255) NOT NULL DEFAULT '',
  `profile_7` varchar(255) NOT NULL DEFAULT '',
  `profile_8` varchar(255) NOT NULL DEFAULT '',
  `profile_9` varchar(255) NOT NULL DEFAULT '',
  `profile_10` varchar(255) NOT NULL DEFAULT '',
  `profile_11` varchar(255) NOT NULL DEFAULT '',
  `profile_12` varchar(255) NOT NULL DEFAULT '',
  `profile_13` varchar(255) NOT NULL DEFAULT '',
  `profile_14` varchar(255) NOT NULL DEFAULT '',
  `profile_15` varchar(255) NOT NULL DEFAULT '',
  `profile_16` varchar(255) NOT NULL DEFAULT '',
  `profile_17` varchar(255) NOT NULL DEFAULT '',
  `profile_18` varchar(255) NOT NULL DEFAULT '',
  `profile_19` varchar(255) NOT NULL DEFAULT '',
  `profile_20` varchar(255) NOT NULL DEFAULT '',
  `test` tinyint(4) NOT NULL DEFAULT 0,
  `source` varchar(50) NOT NULL DEFAULT ''
) ENGINE=InnoDB DEFAULT CHARSET=utf8mb4 COLLATE=utf8mb4_unicode_520_ci;

--
-- Dumping data for table `wpi3_newsletter`
--

INSERT INTO `wpi3_newsletter` (`name`, `email`, `token`, `language`, `status`, `id`, `profile`, `created`, `updated`, `last_activity`, `followup_step`, `followup_time`, `followup`, `surname`, `sex`, `feed_time`, `feed`, `referrer`, `ip`, `wp_user_id`, `http_referer`, `geo`, `country`, `region`, `city`, `bounce_type`, `bounce_time`, `unsub_email_id`, `unsub_time`, `list_1`, `list_2`, `list_3`, `list_4`, `list_5`, `list_6`, `list_7`, `list_8`, `list_9`, `list_10`, `list_11`, `list_12`, `list_13`, `list_14`, `list_15`, `list_16`, `list_17`, `list_18`, `list_19`, `list_20`, `list_21`, `list_22`, `list_23`, `list_24`, `list_25`, `list_26`, `list_27`, `list_28`, `list_29`, `list_30`, `list_31`, `list_32`, `list_33`, `list_34`, `list_35`, `list_36`, `list_37`, `list_38`, `list_39`, `list_40`, `profile_1`, `profile_2`, `profile_3`, `profile_4`, `profile_5`, `profile_6`, `profile_7`, `profile_8`, `profile_9`, `profile_10`, `profile_11`, `profile_12`, `profile_13`, `profile_14`, `profile_15`, `profile_16`, `profile_17`, `profile_18`, `profile_19`, `profile_20`, `test`, `source`) VALUES
('', 'mshankar_varma@yahoo.com', '41c9d09f15', '', 'C', 1, NULL, '2023-03-23 10:57:37', 0, 0, 0, 0, 0, '', 'n', 0, 0, '', '', 0, '', 0, '', '', '', '', 0, 0, 0, 0, 0, 0, 0, 0, 0, 0, 0, 0, 0, 0, 0, 0, 0, 0, 0, 0, 0, 0, 0, 0, 0, 0, 0, 0, 0, 0, 0, 0, 0, 0, 0, 0, 0, 0, 0, 0, 0, 0, 0, '', '', '', '', '', '', '', '', '', '', '', '', '', '', '', '', '', '', '', '', 1, ''),
('Jagdish ', 'jagdishyogeswaran28@gmail.com', 'e2d4ad1444', '', 'C', 2, NULL, '2023-10-12 23:57:39', 1697155059, 0, 0, 0, 0, 'Yogeswaran', 'm', 0, 0, 'widget-minimal', '113.210.86.56', 0, '', 0, '', '', '', '', 0, 0, 0, 0, 0, 0, 0, 0, 0, 0, 0, 0, 0, 0, 0, 0, 0, 0, 0, 0, 0, 0, 0, 0, 0, 0, 0, 0, 0, 0, 0, 0, 0, 0, 0, 0, 0, 0, 0, 0, 0, 0, 0, '', '', '', '', '', '', '', '', '', '', '', '', '', '', '', '', '', '', '', '', 0, ''),
('', 'jjjbnm712@gmail.com', 'dde270935d', '', 'C', 3, NULL, '2023-10-20 11:25:12', 1697801112, 0, 0, 0, 0, '', 'n', 0, 0, '', '58.71.167.74', 0, '', 0, '', '', '', '', 0, 0, 0, 0, 0, 0, 0, 0, 0, 0, 0, 0, 0, 0, 0, 0, 0, 0, 0, 0, 0, 0, 0, 0, 0, 0, 0, 0, 0, 0, 0, 0, 0, 0, 0, 0, 0, 0, 0, 0, 0, 0, 0, '', '', '', '', '', '', '', '', '', '', '', '', '', '', '', '', '', '', '', '', 0, ''),
('', 'kunasegaran.kuna@yahoo.com', '58c046e017', '', 'C', 4, NULL, '2023-10-24 09:49:41', 1698140981, 0, 0, 0, 0, '', 'n', 0, 0, '', '180.75.243.92', 0, '', 0, '', '', '', '', 0, 0, 0, 0, 0, 0, 0, 0, 0, 0, 0, 0, 0, 0, 0, 0, 0, 0, 0, 0, 0, 0, 0, 0, 0, 0, 0, 0, 0, 0, 0, 0, 0, 0, 0, 0, 0, 0, 0, 0, 0, 0, 0, '', '', '', '', '', '', '', '', '', '', '', '', '', '', '', '', '', '', '', '', 0, ''),
('', 'skdef@usm.my', 'dd0ea73197', '', 'C', 5, NULL, '2023-11-20 02:04:30', 1700445870, 0, 0, 0, 0, '', 'n', 0, 0, 'widget-minimal', '202.188.166.62', 0, '', 0, '', '', '', '', 0, 0, 0, 0, 0, 0, 0, 0, 0, 0, 0, 0, 0, 0, 0, 0, 0, 0, 0, 0, 0, 0, 0, 0, 0, 0, 0, 0, 0, 0, 0, 0, 0, 0, 0, 0, 0, 0, 0, 0, 0, 0, 0, '', '', '', '', '', '', '', '', '', '', '', '', '', '', '', '', '', '', '', '', 0, ''),
('', 'chithavikaasa@gmail.com', '98cb0686a4', '', 'C', 6, NULL, '2024-06-11 23:13:16', 1718147596, 0, 0, 0, 0, '', 'n', 0, 0, 'widget-minimal', '202.184.5.232', 0, '', 0, '', '', '', '', 0, 0, 0, 0, 0, 0, 0, 0, 0, 0, 0, 0, 0, 0, 0, 0, 0, 0, 0, 0, 0, 0, 0, 0, 0, 0, 0, 0, 0, 0, 0, 0, 0, 0, 0, 0, 0, 0, 0, 0, 0, 0, 0, '', '', '', '', '', '', '', '', '', '', '', '', '', '', '', '', '', '', '', '', 0, ''),
('', 'mpkmoha@gmail.com', '99f16d5f16', '', 'C', 7, NULL, '2024-07-09 12:39:00', 1720528740, 0, 0, 0, 0, '', 'n', 0, 0, '', '172.225.181.93', 0, '', 0, '', '', '', '', 0, 0, 0, 0, 0, 0, 0, 0, 0, 0, 0, 0, 0, 0, 0, 0, 0, 0, 0, 0, 0, 0, 0, 0, 0, 0, 0, 0, 0, 0, 0, 0, 0, 0, 0, 0, 0, 0, 0, 0, 0, 0, 0, '', '', '', '', '', '', '', '', '', '', '', '', '', '', '', '', '', '', '', '', 0, '');

-- --------------------------------------------------------

--
-- Table structure for table `wpi3_newsletter_emails`
--

CREATE TABLE `wpi3_newsletter_emails` (
  `id` int(11) NOT NULL,
  `language` varchar(10) NOT NULL DEFAULT '',
  `subject` varchar(255) NOT NULL DEFAULT '',
  `message` longtext DEFAULT NULL,
  `created` timestamp NOT NULL DEFAULT current_timestamp(),
  `status` enum('new','sending','sent','paused','error') NOT NULL DEFAULT 'new',
  `total` int(11) NOT NULL DEFAULT 0,
  `last_id` int(11) NOT NULL DEFAULT 0,
  `sent` int(11) NOT NULL DEFAULT 0,
  `track` int(11) NOT NULL DEFAULT 1,
  `list` int(11) NOT NULL DEFAULT 0,
  `type` varchar(50) NOT NULL DEFAULT '',
  `query` longtext DEFAULT NULL,
  `editor` tinyint(4) NOT NULL DEFAULT 0,
  `sex` varchar(20) NOT NULL DEFAULT '',
  `theme` varchar(50) NOT NULL DEFAULT '',
  `message_text` longtext DEFAULT NULL,
  `preferences` longtext DEFAULT NULL,
  `send_on` int(11) NOT NULL DEFAULT 0,
  `token` varchar(10) NOT NULL DEFAULT '',
  `options` longtext DEFAULT NULL,
  `private` tinyint(1) NOT NULL DEFAULT 0,
  `click_count` int(10) UNSIGNED NOT NULL DEFAULT 0,
  `version` varchar(10) NOT NULL DEFAULT '',
  `open_count` int(10) UNSIGNED NOT NULL DEFAULT 0,
  `unsub_count` int(10) UNSIGNED NOT NULL DEFAULT 0,
  `error_count` int(10) UNSIGNED NOT NULL DEFAULT 0,
  `stats_time` int(10) UNSIGNED NOT NULL DEFAULT 0,
  `updated` int(10) UNSIGNED NOT NULL DEFAULT 0
) ENGINE=InnoDB DEFAULT CHARSET=utf8mb4 COLLATE=utf8mb4_unicode_520_ci;

-- --------------------------------------------------------

--
-- Table structure for table `wpi3_newsletter_sent`
--

CREATE TABLE `wpi3_newsletter_sent` (
  `email_id` int(10) UNSIGNED NOT NULL DEFAULT 0,
  `user_id` int(10) UNSIGNED NOT NULL DEFAULT 0,
  `status` tinyint(1) UNSIGNED NOT NULL DEFAULT 0,
  `open` tinyint(1) UNSIGNED NOT NULL DEFAULT 0,
  `time` int(10) UNSIGNED NOT NULL DEFAULT 0,
  `error` varchar(255) NOT NULL DEFAULT '',
  `ip` varchar(100) NOT NULL DEFAULT ''
) ENGINE=InnoDB DEFAULT CHARSET=utf8mb4 COLLATE=utf8mb4_unicode_520_ci;

-- --------------------------------------------------------

--
-- Table structure for table `wpi3_newsletter_stats`
--

CREATE TABLE `wpi3_newsletter_stats` (
  `id` int(11) NOT NULL,
  `created` timestamp NOT NULL DEFAULT current_timestamp(),
  `url` varchar(255) NOT NULL DEFAULT '',
  `user_id` int(11) NOT NULL DEFAULT 0,
  `email_id` varchar(10) NOT NULL DEFAULT '0',
  `ip` varchar(100) NOT NULL DEFAULT ''
) ENGINE=InnoDB DEFAULT CHARSET=utf8mb4 COLLATE=utf8mb4_unicode_520_ci;

-- --------------------------------------------------------

--
-- Table structure for table `wpi3_newsletter_user_logs`
--

CREATE TABLE `wpi3_newsletter_user_logs` (
  `id` int(11) NOT NULL,
  `user_id` int(11) NOT NULL DEFAULT 0,
  `ip` varchar(50) NOT NULL DEFAULT '',
  `source` varchar(50) NOT NULL DEFAULT '',
  `data` longtext DEFAULT NULL,
  `created` int(11) NOT NULL DEFAULT 0
) ENGINE=InnoDB DEFAULT CHARSET=utf8mb4 COLLATE=utf8mb4_unicode_520_ci;

--
-- Dumping data for table `wpi3_newsletter_user_logs`
--

INSERT INTO `wpi3_newsletter_user_logs` (`id`, `user_id`, `ip`, `source`, `data`, `created`) VALUES
(1, 2, '113.210.86.56', 'subscribe', '{\"status\":\"C\"}', 1697155059),
(2, 2, '113.210.86.56', 'profile', '{\"status\":\"C\"}', 1697155120),
(3, 2, '113.210.86.56', 'profile', '{\"status\":\"C\"}', 1697155129),
(4, 3, '58.71.167.74', 'subscribe', '{\"status\":\"C\"}', 1697801112),
(5, 4, '180.75.243.92', 'subscribe', '{\"status\":\"C\"}', 1698140981),
(6, 5, '202.188.166.62', 'subscribe', '{\"status\":\"C\"}', 1700445870),
(7, 6, '202.184.5.232', 'subscribe', '{\"status\":\"C\"}', 1718147596),
(8, 7, '172.225.181.93', 'subscribe', '{\"status\":\"C\"}', 1720528740);

-- --------------------------------------------------------

--
-- Table structure for table `wpi3_newsletter_user_meta`
--

CREATE TABLE `wpi3_newsletter_user_meta` (
  `id` int(11) NOT NULL,
  `user_id` int(11) NOT NULL DEFAULT 0,
  `meta_key` varchar(100) NOT NULL DEFAULT '',
  `value` longtext DEFAULT NULL
) ENGINE=InnoDB DEFAULT CHARSET=utf8mb4 COLLATE=utf8mb4_unicode_520_ci;

-- --------------------------------------------------------

--
-- Table structure for table `wpi3_options`
--

CREATE TABLE `wpi3_options` (
  `option_id` bigint(20) UNSIGNED NOT NULL,
  `option_name` varchar(191) NOT NULL DEFAULT '',
  `option_value` longtext NOT NULL,
  `autoload` varchar(20) NOT NULL DEFAULT 'yes'
) ENGINE=InnoDB DEFAULT CHARSET=utf8mb4 COLLATE=utf8mb4_unicode_ci;


INSERT INTO `wpi3_options` (`option_id`, `option_name`, `option_value`, `autoload`) VALUES
(55, 'upload_url_path', '', 'yes'),
(56, 'thumbnail_size_w', '150', 'yes'),
(57, 'thumbnail_size_h', '150', 'yes'),
(58, 'thumbnail_crop', '1', 'yes'),
(59, 'medium_size_w', '300', 'yes'),
(60, 'medium_size_h', '300', 'yes'),
(61, 'avatar_default', 'mystery', 'yes'),
(62, 'large_size_w', '1024', 'yes'),
(63, 'large_size_h', '1024', 'yes'),
(64, 'image_default_link_type', 'none', 'yes'),
(65, 'image_default_size', '', 'yes'),
(66, 'image_default_align', '', 'yes'),
(67, 'close_comments_for_old_posts', '0', 'yes'),
(68, 'close_comments_days_old', '14', 'yes'),
(69, 'thread_comments', '1', 'yes'),
(70, 'thread_comments_depth', '5', 'yes'),
(71, 'page_comments', '0', 'yes'),
(72, 'comments_per_page', '50', 'yes'),
(73, 'default_comments_page', 'newest', 'yes'),
(74, 'comment_order', 'asc', 'yes'),
(75, 'sticky_posts', 'a:0:{}', 'yes'),
(76, 'widget_categories', 'a:3:{i:1;a:6:{s:5:\"title\";s:0:\"\";s:5:\"count\";i:1;s:12:\"hierarchical\";i:1;s:8:\"dropdown\";i:0;s:8:\"el_class\";s:0:\"\";s:10:\"hide_title\";b:0;}i:2;a:6:{s:5:\"title\";s:0:\"\";s:5:\"count\";i:1;s:12:\"hierarchical\";i:1;s:8:\"dropdown\";i:0;s:8:\"el_class\";s:0:\"\";s:10:\"hide_title\";b:0;}s:12:\"_multiwidget\";i:1;}', 'yes'),
(77, 'widget_text', 'a:2:{i:1;a:6:{s:5:\"title\";s:0:\"\";s:4:\"text\";s:100:\"We understand the importance of approaching each work integrally and believe in the power of simple.\";s:6:\"filter\";b:1;s:6:\"visual\";b:1;s:8:\"el_class\";s:0:\"\";s:10:\"hide_title\";b:1;}s:12:\"_multiwidget\";i:1;}', 'yes'),
(78, 'widget_rss', 'a:2:{i:1;a:0:{}s:12:\"_multiwidget\";i:1;}', 'yes'),
(79, 'uninstall_plugins', 'a:7:{s:35:\"litespeed-cache/litespeed-cache.php\";s:47:\"LiteSpeed\\Activation::uninstall_litespeed_cache\";s:23:\"elementor/elementor.php\";a:2:{i:0;s:21:\"Elementor\\Maintenance\";i:1;s:9:\"uninstall\";}s:33:\"instagram-feed/instagram-feed.php\";s:22:\"sb_instagram_uninstall\";s:41:\"cmp-coming-soon-maintenance/niteo-cmp.php\";s:17:\"cmp_plugin_delete\";s:45:\"custom-facebook-feed/custom-facebook-feed.php\";a:2:{i:0;s:39:\"CustomFacebookFeed\\Custom_Facebook_Feed\";i:1;s:13:\"cff_uninstall\";}s:47:\"facebook-auto-publish/facebook-auto-publish.php\";s:25:\"fbap_free_network_destroy\";s:27:\"blog2social/blog2social.php\";s:15:\"uninstallPlugin\";}', 'no'),
(80, 'timezone_string', '', 'yes'),
(81, 'page_for_posts', '8085', 'yes'),
(82, 'page_on_front', '4629', 'yes'),
(83, 'default_post_format', '0', 'yes'),
(84, 'link_manager_enabled', '0', 'yes'),
(85, 'finished_splitting_shared_terms', '1', 'yes'),
(86, 'site_icon', '8449', 'yes'),
(87, 'medium_large_size_w', '768', 'yes'),
(88, 'medium_large_size_h', '0', 'yes'),
(89, 'wp_page_for_privacy_policy', '3', 'yes'),
(90, 'show_comments_cookies_opt_in', '1', 'yes'),
(91, 'admin_email_lifespan', '1724923317', 'yes'),
(92, 'disallowed_keys', '', 'no'),
(93, 'comment_previously_approved', '1', 'yes'),
(94, 'auto_plugin_theme_update_emails', 'a:0:{}', 'no'),
(95, 'auto_update_core_dev', 'enabled', 'yes'),
(96, 'auto_update_core_minor', 'enabled', 'yes'),
(97, 'auto_update_core_major', 'enabled', 'yes'),
(98, 'wp_force_deactivated_plugins', 'a:0:{}', 'yes'),
(99, 'initial_db_version', '53496', 'yes'),
(100, 'wpi3_user_roles', 'a:8:{s:13:\"administrator\";a:2:{s:4:\"name\";s:13:\"Administrator\";s:12:\"capabilities\";a:119:{s:13:\"switch_themes\";b:1;s:11:\"edit_themes\";b:1;s:16:\"activate_plugins\";b:1;s:12:\"edit_plugins\";b:1;s:10:\"edit_users\";b:1;s:10:\"edit_files\";b:1;s:14:\"manage_options\";b:1;s:17:\"moderate_comments\";b:1;s:17:\"manage_categories\";b:1;s:12:\"manage_links\";b:1;s:12:\"upload_files\";b:1;s:6:\"import\";b:1;s:15:\"unfiltered_html\";b:1;s:10:\"edit_posts\";b:1;s:17:\"edit_others_posts\";b:1;s:20:\"edit_published_posts\";b:1;s:13:\"publish_posts\";b:1;s:10:\"edit_pages\";b:1;s:4:\"read\";b:1;s:8:\"level_10\";b:1;s:7:\"level_9\";b:1;s:7:\"level_8\";b:1;s:7:\"level_7\";b:1;s:7:\"level_6\";b:1;s:7:\"level_5\";b:1;s:7:\"level_4\";b:1;s:7:\"level_3\";b:1;s:7:\"level_2\";b:1;s:7:\"level_1\";b:1;s:7:\"level_0\";b:1;s:17:\"edit_others_pages\";b:1;s:20:\"edit_published_pages\";b:1;s:13:\"publish_pages\";b:1;s:12:\"delete_pages\";b:1;s:19:\"delete_others_pages\";b:1;s:22:\"delete_published_pages\";b:1;s:12:\"delete_posts\";b:1;s:19:\"delete_others_posts\";b:1;s:22:\"delete_published_posts\";b:1;s:20:\"delete_private_posts\";b:1;s:18:\"edit_private_posts\";b:1;s:18:\"read_private_posts\";b:1;s:20:\"delete_private_pages\";b:1;s:18:\"edit_private_pages\";b:1;s:18:\"read_private_pages\";b:1;s:12:\"delete_users\";b:1;s:12:\"create_users\";b:1;s:17:\"unfiltered_upload\";b:1;s:14:\"edit_dashboard\";b:1;s:14:\"update_plugins\";b:1;s:14:\"delete_plugins\";b:1;s:15:\"install_plugins\";b:1;s:13:\"update_themes\";b:1;s:14:\"install_themes\";b:1;s:11:\"update_core\";b:1;s:10:\"list_users\";b:1;s:12:\"remove_users\";b:1;s:13:\"promote_users\";b:1;s:18:\"edit_theme_options\";b:1;s:13:\"delete_themes\";b:1;s:6:\"export\";b:1;s:24:\"edit_booked_appointments\";b:1;s:21:\"manage_booked_options\";b:1;s:29:\"manage_instagram_feed_options\";b:1;s:18:\"manage_woocommerce\";b:1;s:24:\"view_woocommerce_reports\";b:1;s:12:\"edit_product\";b:1;s:12:\"read_product\";b:1;s:14:\"delete_product\";b:1;s:13:\"edit_products\";b:1;s:20:\"edit_others_products\";b:1;s:16:\"publish_products\";b:1;s:21:\"read_private_products\";b:1;s:15:\"delete_products\";b:1;s:23:\"delete_private_products\";b:1;s:25:\"delete_published_products\";b:1;s:22:\"delete_others_products\";b:1;s:21:\"edit_private_products\";b:1;s:23:\"edit_published_products\";b:1;s:20:\"manage_product_terms\";b:1;s:18:\"edit_product_terms\";b:1;s:20:\"delete_product_terms\";b:1;s:20:\"assign_product_terms\";b:1;s:15:\"edit_shop_order\";b:1;s:15:\"read_shop_order\";b:1;s:17:\"delete_shop_order\";b:1;s:16:\"edit_shop_orders\";b:1;s:23:\"edit_others_shop_orders\";b:1;s:19:\"publish_shop_orders\";b:1;s:24:\"read_private_shop_orders\";b:1;s:18:\"delete_shop_orders\";b:1;s:26:\"delete_private_shop_orders\";b:1;s:28:\"delete_published_shop_orders\";b:1;s:25:\"delete_others_shop_orders\";b:1;s:24:\"edit_private_shop_orders\";b:1;s:26:\"edit_published_shop_orders\";b:1;s:23:\"manage_shop_order_terms\";b:1;s:21:\"edit_shop_order_terms\";b:1;s:23:\"delete_shop_order_terms\";b:1;s:23:\"assign_shop_order_terms\";b:1;s:16:\"edit_shop_coupon\";b:1;s:16:\"read_shop_coupon\";b:1;s:18:\"delete_shop_coupon\";b:1;s:17:\"edit_shop_coupons\";b:1;s:24:\"edit_others_shop_coupons\";b:1;s:20:\"publish_shop_coupons\";b:1;s:25:\"read_private_shop_coupons\";b:1;s:19:\"delete_shop_coupons\";b:1;s:27:\"delete_private_shop_coupons\";b:1;s:29:\"delete_published_shop_coupons\";b:1;s:26:\"delete_others_shop_coupons\";b:1;s:25:\"edit_private_shop_coupons\";b:1;s:27:\"edit_published_shop_coupons\";b:1;s:24:\"manage_shop_coupon_terms\";b:1;s:22:\"edit_shop_coupon_terms\";b:1;s:24:\"delete_shop_coupon_terms\";b:1;s:24:\"assign_shop_coupon_terms\";b:1;s:35:\"manage_custom_facebook_feed_options\";b:1;s:18:\"blog2social_access\";b:1;}}s:6:\"editor\";a:2:{s:4:\"name\";s:6:\"Editor\";s:12:\"capabilities\";a:35:{s:17:\"moderate_comments\";b:1;s:17:\"manage_categories\";b:1;s:12:\"manage_links\";b:1;s:12:\"upload_files\";b:1;s:15:\"unfiltered_html\";b:1;s:10:\"edit_posts\";b:1;s:17:\"edit_others_posts\";b:1;s:20:\"edit_published_posts\";b:1;s:13:\"publish_posts\";b:1;s:10:\"edit_pages\";b:1;s:4:\"read\";b:1;s:7:\"level_7\";b:1;s:7:\"level_6\";b:1;s:7:\"level_5\";b:1;s:7:\"level_4\";b:1;s:7:\"level_3\";b:1;s:7:\"level_2\";b:1;s:7:\"level_1\";b:1;s:7:\"level_0\";b:1;s:17:\"edit_others_pages\";b:1;s:20:\"edit_published_pages\";b:1;s:13:\"publish_pages\";b:1;s:12:\"delete_pages\";b:1;s:19:\"delete_others_pages\";b:1;s:22:\"delete_published_pages\";b:1;s:12:\"delete_posts\";b:1;s:19:\"delete_others_posts\";b:1;s:22:\"delete_published_posts\";b:1;s:20:\"delete_private_posts\";b:1;s:18:\"edit_private_posts\";b:1;s:18:\"read_private_posts\";b:1;s:20:\"delete_private_pages\";b:1;s:18:\"edit_private_pages\";b:1;s:18:\"read_private_pages\";b:1;s:18:\"blog2social_access\";b:1;}}s:6:\"author\";a:2:{s:4:\"name\";s:6:\"Author\";s:12:\"capabilities\";a:11:{s:12:\"upload_files\";b:1;s:10:\"edit_posts\";b:1;s:20:\"edit_published_posts\";b:1;s:13:\"publish_posts\";b:1;s:4:\"read\";b:1;s:7:\"level_2\";b:1;s:7:\"level_1\";b:1;s:7:\"level_0\";b:1;s:12:\"delete_posts\";b:1;s:22:\"delete_published_posts\";b:1;s:18:\"blog2social_access\";b:1;}}s:11:\"contributor\";a:2:{s:4:\"name\";s:11:\"Contributor\";s:12:\"capabilities\";a:6:{s:10:\"edit_posts\";b:1;s:4:\"read\";b:1;s:7:\"level_1\";b:1;s:7:\"level_0\";b:1;s:12:\"delete_posts\";b:1;s:18:\"blog2social_access\";b:1;}}s:10:\"subscriber\";a:2:{s:4:\"name\";s:10:\"Subscriber\";s:12:\"capabilities\";a:3:{s:4:\"read\";b:1;s:7:\"level_0\";b:1;s:18:\"blog2social_access\";b:1;}}s:20:\"booked_booking_agent\";a:2:{s:4:\"name\";s:13:\"Booking Agent\";s:12:\"capabilities\";a:3:{s:4:\"read\";b:1;s:24:\"edit_booked_appointments\";b:1;s:18:\"blog2social_access\";b:1;}}s:8:\"customer\";a:2:{s:4:\"name\";s:8:\"Customer\";s:12:\"capabilities\";a:2:{s:4:\"read\";b:1;s:18:\"blog2social_access\";b:1;}}s:12:\"shop_manager\";a:2:{s:4:\"name\";s:12:\"Shop manager\";s:12:\"capabilities\";a:93:{s:7:\"level_9\";b:1;s:7:\"level_8\";b:1;s:7:\"level_7\";b:1;s:7:\"level_6\";b:1;s:7:\"level_5\";b:1;s:7:\"level_4\";b:1;s:7:\"level_3\";b:1;s:7:\"level_2\";b:1;s:7:\"level_1\";b:1;s:7:\"level_0\";b:1;s:4:\"read\";b:1;s:18:\"read_private_pages\";b:1;s:18:\"read_private_posts\";b:1;s:10:\"edit_posts\";b:1;s:10:\"edit_pages\";b:1;s:20:\"edit_published_posts\";b:1;s:20:\"edit_published_pages\";b:1;s:18:\"edit_private_pages\";b:1;s:18:\"edit_private_posts\";b:1;s:17:\"edit_others_posts\";b:1;s:17:\"edit_others_pages\";b:1;s:13:\"publish_posts\";b:1;s:13:\"publish_pages\";b:1;s:12:\"delete_posts\";b:1;s:12:\"delete_pages\";b:1;s:20:\"delete_private_pages\";b:1;s:20:\"delete_private_posts\";b:1;s:22:\"delete_published_pages\";b:1;s:22:\"delete_published_posts\";b:1;s:19:\"delete_others_posts\";b:1;s:19:\"delete_others_pages\";b:1;s:17:\"manage_categories\";b:1;s:12:\"manage_links\";b:1;s:17:\"moderate_comments\";b:1;s:12:\"upload_files\";b:1;s:6:\"export\";b:1;s:6:\"import\";b:1;s:10:\"list_users\";b:1;s:18:\"edit_theme_options\";b:1;s:18:\"manage_woocommerce\";b:1;s:24:\"view_woocommerce_reports\";b:1;s:12:\"edit_product\";b:1;s:12:\"read_product\";b:1;s:14:\"delete_product\";b:1;s:13:\"edit_products\";b:1;s:20:\"edit_others_products\";b:1;s:16:\"publish_products\";b:1;s:21:\"read_private_products\";b:1;s:15:\"delete_products\";b:1;s:23:\"delete_private_products\";b:1;s:25:\"delete_published_products\";b:1;s:22:\"delete_others_products\";b:1;s:21:\"edit_private_products\";b:1;s:23:\"edit_published_products\";b:1;s:20:\"manage_product_terms\";b:1;s:18:\"edit_product_terms\";b:1;s:20:\"delete_product_terms\";b:1;s:20:\"assign_product_terms\";b:1;s:15:\"edit_shop_order\";b:1;s:15:\"read_shop_order\";b:1;s:17:\"delete_shop_order\";b:1;s:16:\"edit_shop_orders\";b:1;s:23:\"edit_others_shop_orders\";b:1;s:19:\"publish_shop_orders\";b:1;s:24:\"read_private_shop_orders\";b:1;s:18:\"delete_shop_orders\";b:1;s:26:\"delete_private_shop_orders\";b:1;s:28:\"delete_published_shop_orders\";b:1;s:25:\"delete_others_shop_orders\";b:1;s:24:\"edit_private_shop_orders\";b:1;s:26:\"edit_published_shop_orders\";b:1;s:23:\"manage_shop_order_terms\";b:1;s:21:\"edit_shop_order_terms\";b:1;s:23:\"delete_shop_order_terms\";b:1;s:23:\"assign_shop_order_terms\";b:1;s:16:\"edit_shop_coupon\";b:1;s:16:\"read_shop_coupon\";b:1;s:18:\"delete_shop_coupon\";b:1;s:17:\"edit_shop_coupons\";b:1;s:24:\"edit_others_shop_coupons\";b:1;s:20:\"publish_shop_coupons\";b:1;s:25:\"read_private_shop_coupons\";b:1;s:19:\"delete_shop_coupons\";b:1;s:27:\"delete_private_shop_coupons\";b:1;s:29:\"delete_published_shop_coupons\";b:1;s:26:\"delete_others_shop_coupons\";b:1;s:25:\"edit_private_shop_coupons\";b:1;s:27:\"edit_published_shop_coupons\";b:1;s:24:\"manage_shop_coupon_terms\";b:1;s:22:\"edit_shop_coupon_terms\";b:1;s:24:\"delete_shop_coupon_terms\";b:1;s:24:\"assign_shop_coupon_terms\";b:1;s:18:\"blog2social_access\";b:1;}}}', 'yes'),
(101, 'fresh_site', '0', 'yes'),
(102, 'user_count', '3', 'no'),
(103, 'widget_block', 'a:5:{i:2;a:1:{s:7:\"content\";s:19:\"<!-- wp:search /-->\";}i:3;a:1:{s:7:\"content\";s:154:\"<!-- wp:group --><div class=\"wp-block-group\"><!-- wp:heading --><h2>Recent Posts</h2><!-- /wp:heading --><!-- wp:latest-posts /--></div><!-- /wp:group -->\";}i:5;a:1:{s:7:\"content\";s:146:\"<!-- wp:group --><div class=\"wp-block-group\"><!-- wp:heading --><h2>Archives</h2><!-- /wp:heading --><!-- wp:archives /--></div><!-- /wp:group -->\";}i:6;a:1:{s:7:\"content\";s:150:\"<!-- wp:group --><div class=\"wp-block-group\"><!-- wp:heading --><h2>Categories</h2><!-- /wp:heading --><!-- wp:categories /--></div><!-- /wp:group -->\";}s:12:\"_multiwidget\";i:1;}', 'yes'),
(104, 'sidebars_widgets', 'a:6:{s:19:\"wp_inactive_widgets\";a:0:{}s:12:\"sidebar-blog\";a:6:{i:0;s:7:\"block-2\";i:1;s:7:\"block-3\";i:2;s:12:\"categories-1\";i:3;s:17:\"ct_recent_posts-1\";i:4;s:10:\"archives-1\";i:5;s:15:\"media_gallery-1\";}s:12:\"sidebar-page\";a:7:{i:0;s:8:\"search-2\";i:1;s:12:\"categories-2\";i:2;s:17:\"ct_recent_posts-2\";i:3;s:10:\"archives-2\";i:4;s:15:\"media_gallery-2\";i:5;s:11:\"tag_cloud-2\";i:6;s:19:\"newsletter_widget-2\";}s:12:\"sidebar-shop\";a:4:{i:0;s:28:\"woocommerce_product_search-1\";i:1;s:32:\"woocommerce_product_categories-1\";i:2;s:26:\"woocommerce_price_filter-1\";i:3;s:22:\"woocommerce_products-1\";}s:14:\"sidebar-hidden\";a:6:{i:0;s:7:\"block-5\";i:1;s:7:\"block-6\";i:2;s:13:\"media_image-1\";i:3;s:6:\"text-1\";i:4;s:19:\"getintouch_widget-1\";i:5;s:18:\"cs_social_widget-1\";}s:13:\"array_version\";i:3;}', 'yes'),
(105, 'cron', 'a:29:{i:1725938543;a:1:{s:26:\"action_scheduler_run_queue\";a:1:{s:32:\"0d04ed39571b55704c122d726248bbac\";a:3:{s:8:\"schedule\";s:12:\"every_minute\";s:4:\"args\";a:1:{i:0;s:7:\"WP Cron\";}s:8:\"interval\";i:60;}}}i:1725938573;a:1:{s:10:\"newsletter\";a:1:{s:32:\"40cd750bba9870f18aada2478b24840a\";a:3:{s:8:\"schedule\";s:10:\"newsletter\";s:4:\"args\";a:0:{}s:8:\"interval\";i:300;}}}i:1725938578;a:2:{s:19:\"litespeed_task_lqip\";a:1:{s:32:\"40cd750bba9870f18aada2478b24840a\";a:3:{s:8:\"schedule\";s:16:\"litespeed_filter\";s:4:\"args\";a:0:{}s:8:\"interval\";i:60;}}s:27:\"litespeed_task_imgoptm_pull\";a:1:{s:32:\"40cd750bba9870f18aada2478b24840a\";a:3:{s:8:\"schedule\";s:16:\"litespeed_filter\";s:4:\"args\";a:0:{}s:8:\"interval\";i:60;}}}i:1725939115;a:1:{s:20:\"jetpack_clean_nonces\";a:1:{s:32:\"40cd750bba9870f18aada2478b24840a\";a:3:{s:8:\"schedule\";s:6:\"hourly\";s:4:\"args\";a:0:{}s:8:\"interval\";i:3600;}}}i:1725940363;a:1:{s:34:\"wp_privacy_delete_old_export_files\";a:1:{s:32:\"40cd750bba9870f18aada2478b24840a\";a:3:{s:8:\"schedule\";s:6:\"hourly\";s:4:\"args\";a:0:{}s:8:\"interval\";i:3600;}}}i:1725940647;a:1:{s:33:\"wc_admin_process_orders_milestone\";a:1:{s:32:\"40cd750bba9870f18aada2478b24840a\";a:3:{s:8:\"schedule\";s:6:\"hourly\";s:4:\"args\";a:0:{}s:8:\"interval\";i:3600;}}}i:1725940657;a:1:{s:29:\"wc_admin_unsnooze_admin_notes\";a:1:{s:32:\"40cd750bba9870f18aada2478b24840a\";a:3:{s:8:\"schedule\";s:6:\"hourly\";s:4:\"args\";a:0:{}s:8:\"interval\";i:3600;}}}i:1725940895;a:1:{s:32:\"woocommerce_cancel_unpaid_orders\";a:1:{s:32:\"40cd750bba9870f18aada2478b24840a\";a:2:{s:8:\"schedule\";b:0;s:4:\"args\";a:0:{}}}}i:1725941673;a:1:{s:25:\"group_post_scheduler_cron\";a:1:{s:32:\"40cd750bba9870f18aada2478b24840a\";a:3:{s:8:\"schedule\";s:6:\"hourly\";s:4:\"args\";a:0:{}s:8:\"interval\";i:3600;}}}i:1725956072;a:1:{s:12:\"cff_cron_job\";a:1:{s:32:\"40cd750bba9870f18aada2478b24840a\";a:3:{s:8:\"schedule\";s:10:\"twicedaily\";s:4:\"args\";a:0:{}s:8:\"interval\";i:43200;}}}i:1725964315;a:1:{s:20:\"jetpack_v2_heartbeat\";a:1:{s:32:\"40cd750bba9870f18aada2478b24840a\";a:3:{s:8:\"schedule\";s:5:\"daily\";s:4:\"args\";a:0:{}s:8:\"interval\";i:86400;}}}i:1725965562;a:4:{s:32:\"recovery_mode_clean_expired_keys\";a:1:{s:32:\"40cd750bba9870f18aada2478b24840a\";a:3:{s:8:\"schedule\";s:5:\"daily\";s:4:\"args\";a:0:{}s:8:\"interval\";i:86400;}}s:16:\"wp_version_check\";a:1:{s:32:\"40cd750bba9870f18aada2478b24840a\";a:3:{s:8:\"schedule\";s:10:\"twicedaily\";s:4:\"args\";a:0:{}s:8:\"interval\";i:43200;}}s:17:\"wp_update_plugins\";a:1:{s:32:\"40cd750bba9870f18aada2478b24840a\";a:3:{s:8:\"schedule\";s:10:\"twicedaily\";s:4:\"args\";a:0:{}s:8:\"interval\";i:43200;}}s:16:\"wp_update_themes\";a:1:{s:32:\"40cd750bba9870f18aada2478b24840a\";a:3:{s:8:\"schedule\";s:10:\"twicedaily\";s:4:\"args\";a:0:{}s:8:\"interval\";i:43200;}}}i:1725965578;a:3:{s:19:\"wp_scheduled_delete\";a:1:{s:32:\"40cd750bba9870f18aada2478b24840a\";a:3:{s:8:\"schedule\";s:5:\"daily\";s:4:\"args\";a:0:{}s:8:\"interval\";i:86400;}}s:25:\"delete_expired_transients\";a:1:{s:32:\"40cd750bba9870f18aada2478b24840a\";a:3:{s:8:\"schedule\";s:5:\"daily\";s:4:\"args\";a:0:{}s:8:\"interval\";i:86400;}}s:21:\"wp_update_user_counts\";a:1:{s:32:\"40cd750bba9870f18aada2478b24840a\";a:3:{s:8:\"schedule\";s:10:\"twicedaily\";s:4:\"args\";a:0:{}s:8:\"interval\";i:43200;}}}i:1725965580;a:1:{s:30:\"wp_scheduled_auto_draft_delete\";a:1:{s:32:\"40cd750bba9870f18aada2478b24840a\";a:3:{s:8:\"schedule\";s:5:\"daily\";s:4:\"args\";a:0:{}s:8:\"interval\";i:86400;}}}i:1725965841;a:1:{s:27:\"check_plugin_updates-booked\";a:1:{s:32:\"40cd750bba9870f18aada2478b24840a\";a:3:{s:8:\"schedule\";s:10:\"twicedaily\";s:4:\"args\";a:0:{}s:8:\"interval\";i:43200;}}}i:1725965843;a:3:{s:28:\"elementor/tracker/send_event\";a:1:{s:32:\"40cd750bba9870f18aada2478b24840a\";a:3:{s:8:\"schedule\";s:5:\"daily\";s:4:\"args\";a:0:{}s:8:\"interval\";i:86400;}}s:21:\"sb_instagram_cron_job\";a:1:{s:32:\"40cd750bba9870f18aada2478b24840a\";a:3:{s:8:\"schedule\";s:10:\"twicedaily\";s:4:\"args\";a:0:{}s:8:\"interval\";i:43200;}}s:23:\"sb_instagram_twicedaily\";a:1:{s:32:\"40cd750bba9870f18aada2478b24840a\";a:3:{s:8:\"schedule\";s:10:\"twicedaily\";s:4:\"args\";a:0:{}s:8:\"interval\";i:43200;}}}i:1725965844;a:1:{s:14:\"wc_admin_daily\";a:1:{s:32:\"40cd750bba9870f18aada2478b24840a\";a:3:{s:8:\"schedule\";s:5:\"daily\";s:4:\"args\";a:0:{}s:8:\"interval\";i:86400;}}}i:1725965907;a:2:{s:34:\"yith_wcwl_delete_expired_wishlists\";a:1:{s:32:\"40cd750bba9870f18aada2478b24840a\";a:3:{s:8:\"schedule\";s:5:\"daily\";s:4:\"args\";a:0:{}s:8:\"interval\";i:86400;}}s:15:\"sbi_feed_update\";a:1:{s:32:\"40cd750bba9870f18aada2478b24840a\";a:3:{s:8:\"schedule\";s:10:\"twicedaily\";s:4:\"args\";a:0:{}s:8:\"interval\";i:43200;}}}i:1725974209;a:1:{s:28:\"woocommerce_cleanup_sessions\";a:1:{s:32:\"40cd750bba9870f18aada2478b24840a\";a:3:{s:8:\"schedule\";s:10:\"twicedaily\";s:4:\"args\";a:0:{}s:8:\"interval\";i:43200;}}}i:1725987787;a:1:{s:30:\"wp_delete_temp_updater_backups\";a:1:{s:32:\"40cd750bba9870f18aada2478b24840a\";a:3:{s:8:\"schedule\";s:6:\"weekly\";s:4:\"args\";a:0:{}s:8:\"interval\";i:604800;}}}i:1725995819;a:2:{s:33:\"woocommerce_cleanup_personal_data\";a:1:{s:32:\"40cd750bba9870f18aada2478b24840a\";a:3:{s:8:\"schedule\";s:5:\"daily\";s:4:\"args\";a:0:{}s:8:\"interval\";i:86400;}}s:30:\"woocommerce_tracker_send_event\";a:1:{s:32:\"40cd750bba9870f18aada2478b24840a\";a:3:{s:8:\"schedule\";s:5:\"daily\";s:4:\"args\";a:0:{}s:8:\"interval\";i:86400;}}}i:1726006609;a:2:{s:24:\"woocommerce_cleanup_logs\";a:1:{s:32:\"40cd750bba9870f18aada2478b24840a\";a:3:{s:8:\"schedule\";s:5:\"daily\";s:4:\"args\";a:0:{}s:8:\"interval\";i:86400;}}s:31:\"woocommerce_cleanup_rate_limits\";a:1:{s:32:\"40cd750bba9870f18aada2478b24840a\";a:3:{s:8:\"schedule\";s:5:\"daily\";s:4:\"args\";a:0:{}s:8:\"interval\";i:86400;}}}i:1726012800;a:1:{s:27:\"woocommerce_scheduled_sales\";a:1:{s:32:\"40cd750bba9870f18aada2478b24840a\";a:3:{s:8:\"schedule\";s:5:\"daily\";s:4:\"args\";a:0:{}s:8:\"interval\";i:86400;}}}i:1726223223;a:1:{s:23:\"cff_usage_tracking_cron\";a:1:{s:32:\"40cd750bba9870f18aada2478b24840a\";a:3:{s:8:\"schedule\";s:6:\"weekly\";s:4:\"args\";a:0:{}s:8:\"interval\";i:604800;}}}i:1726224762;a:1:{s:30:\"wp_site_health_scheduled_check\";a:1:{s:32:\"40cd750bba9870f18aada2478b24840a\";a:3:{s:8:\"schedule\";s:6:\"weekly\";s:4:\"args\";a:0:{}s:8:\"interval\";i:604800;}}}i:1726466400;a:4:{s:20:\"cff_feed_issue_email\";a:1:{s:32:\"40cd750bba9870f18aada2478b24840a\";a:3:{s:8:\"schedule\";s:9:\"cffweekly\";s:4:\"args\";a:0:{}s:8:\"interval\";i:604800;}}s:23:\"cff_notification_update\";a:1:{s:32:\"40cd750bba9870f18aada2478b24840a\";a:3:{s:8:\"schedule\";s:9:\"cffweekly\";s:4:\"args\";a:0:{}s:8:\"interval\";i:604800;}}s:29:\"sb_instagram_feed_issue_email\";a:1:{s:32:\"40cd750bba9870f18aada2478b24840a\";a:3:{s:8:\"schedule\";s:9:\"sbiweekly\";s:4:\"args\";a:0:{}s:8:\"interval\";i:604800;}}s:23:\"sbi_notification_update\";a:1:{s:32:\"40cd750bba9870f18aada2478b24840a\";a:3:{s:8:\"schedule\";s:9:\"sbiweekly\";s:4:\"args\";a:0:{}s:8:\"interval\";i:604800;}}}i:1726509488;a:1:{s:23:\"sbi_usage_tracking_cron\";a:1:{s:32:\"40cd750bba9870f18aada2478b24840a\";a:3:{s:8:\"schedule\";s:6:\"weekly\";s:4:\"args\";a:0:{}s:8:\"interval\";i:604800;}}}i:1727032669;a:1:{s:25:\"woocommerce_geoip_updater\";a:1:{s:32:\"40cd750bba9870f18aada2478b24840a\";a:3:{s:8:\"schedule\";s:11:\"fifteendays\";s:4:\"args\";a:0:{}s:8:\"interval\";i:1296000;}}}s:7:\"version\";i:2;}', 'yes'),
(106, 'widget_pages', 'a:1:{s:12:\"_multiwidget\";i:1;}', 'yes'),
(107, 'widget_calendar', 'a:1:{s:12:\"_multiwidget\";i:1;}', 'yes'),
(108, 'widget_archives', 'a:3:{i:1;a:5:{s:5:\"title\";s:0:\"\";s:5:\"count\";i:1;s:8:\"dropdown\";i:0;s:8:\"el_class\";s:0:\"\";s:10:\"hide_title\";b:0;}i:2;a:5:{s:5:\"title\";s:0:\"\";s:5:\"count\";i:1;s:8:\"dropdown\";i:0;s:8:\"el_class\";s:0:\"\";s:10:\"hide_title\";b:0;}s:12:\"_multiwidget\";i:1;}', 'yes'),
(109, 'widget_media_audio', 'a:1:{s:12:\"_multiwidget\";i:1;}', 'yes'),
(110, 'widget_media_image', 'a:2:{i:1;a:17:{s:4:\"size\";s:4:\"full\";s:5:\"width\";i:607;s:6:\"height\";i:160;s:7:\"caption\";s:0:\"\";s:3:\"alt\";s:0:\"\";s:9:\"link_type\";s:6:\"custom\";s:8:\"link_url\";s:38:\"https://demo.casethemes.net/consultio/\";s:13:\"image_classes\";s:0:\"\";s:12:\"link_classes\";s:0:\"\";s:8:\"link_rel\";s:0:\"\";s:17:\"link_target_blank\";b:0;s:11:\"image_title\";s:0:\"\";s:13:\"attachment_id\";i:6113;s:3:\"url\";s:86:\"https://demo.casethemes.net/consultio/wp-content/uploads/2021/10/logo-dark-sidebar.png\";s:5:\"title\";s:0:\"\";s:8:\"el_class\";s:19:\"logo-hidden-sidebar\";s:10:\"hide_title\";b:0;}s:12:\"_multiwidget\";i:1;}', 'yes'),
(111, 'widget_media_gallery', 'a:3:{i:1;a:8:{s:5:\"title\";s:7:\"Gallery\";s:3:\"ids\";a:8:{i:0;i:8177;i:1;i:8176;i:2;i:8175;i:3;i:8173;i:4;i:8057;i:5;i:8056;i:6;i:8049;i:7;i:8216;}s:7:\"columns\";i:3;s:4:\"size\";s:6:\"medium\";s:9:\"link_type\";s:4:\"file\";s:14:\"orderby_random\";b:1;s:8:\"el_class\";s:0:\"\";s:10:\"hide_title\";b:0;}i:2;a:8:{s:5:\"title\";s:7:\"Gallery\";s:3:\"ids\";a:6:{i:0;i:1553;i:1;i:1554;i:2;i:1552;i:3;i:1555;i:4;i:1556;i:5;i:1557;}s:7:\"columns\";i:3;s:4:\"size\";s:6:\"medium\";s:9:\"link_type\";s:4:\"file\";s:14:\"orderby_random\";b:0;s:8:\"el_class\";s:0:\"\";s:10:\"hide_title\";b:0;}s:12:\"_multiwidget\";i:1;}', 'yes'),
(112, 'widget_media_video', 'a:1:{s:12:\"_multiwidget\";i:1;}', 'yes'),
(113, 'widget_meta', 'a:1:{s:12:\"_multiwidget\";i:1;}', 'yes'),
(114, 'widget_search', 'a:2:{i:2;a:3:{s:5:\"title\";s:0:\"\";s:8:\"el_class\";s:0:\"\";s:10:\"hide_title\";b:0;}s:12:\"_multiwidget\";i:1;}', 'yes'),
(115, 'widget_recent-posts', 'a:1:{s:12:\"_multiwidget\";i:1;}', 'yes'),
(116, 'widget_recent-comments', 'a:1:{s:12:\"_multiwidget\";i:1;}', 'yes'),
(117, 'widget_tag_cloud', 'a:2:{i:2;a:6:{s:5:\"title\";s:4:\"Tags\";s:5:\"count\";i:0;s:8:\"taxonomy\";s:8:\"post_tag\";s:8:\"el_class\";s:0:\"\";s:10:\"hide_title\";b:0;s:15:\"use_theme_style\";b:0;}s:12:\"_multiwidget\";i:1;}', 'yes'),
(118, 'widget_nav_menu', 'a:1:{s:12:\"_multiwidget\";i:1;}', 'yes'),
(119, 'widget_custom_html', 'a:1:{s:12:\"_multiwidget\";i:1;}', 'yes'),
(120, 'recovery_keys', 'a:0:{}', 'yes'),
(121, 'theme_mods_twentytwentythree', 'a:2:{s:18:\"custom_css_post_id\";i:-1;s:16:\"sidebars_widgets\";a:2:{s:4:\"time\";i:1679568901;s:4:\"data\";a:3:{s:19:\"wp_inactive_widgets\";a:0:{}s:9:\"sidebar-1\";a:3:{i:0;s:7:\"block-2\";i:1;s:7:\"block-3\";i:2;s:7:\"block-4\";}s:9:\"sidebar-2\";a:2:{i:0;s:7:\"block-5\";i:1;s:7:\"block-6\";}}}}', 'no'),
(127, 'https_detection_errors', 'a:0:{}', 'yes'),
(136, 'litespeed.conf.__activation', '-1', 'yes'),
(137, 'litespeed.cloud._summary', '{\"curr_request.ver\":0,\"last_request.ver\":1719465417,\"news.utime\":1706296547,\"curr_request.news\":0,\"last_request.news\":1706296547,\"news.id\":5701,\"news.plugin\":\"\",\"news.title\":\"<div class=\\\"litespeed_icon\\\" style=\\\"padding-top:10px;\\\">LiteSpeed Cache: New Version Available<\\/div>\",\"news.content\":\"Good news! A new version of LSCWP is available now. Please upgrade to v5.7.0.1 for some important bug fixes.\",\"news.zip\":\"\",\"news.new\":0,\"curr_request.ver_check\":0,\"last_request.ver_check\":1724178632}', 'yes'),
(139, 'litespeed.conf.hash', 'Hau42F9O7wdT6GiNth4C4kjXVMMl5oEL', 'yes'),
(140, 'litespeed.conf.auto_upgrade', '', 'yes'),
(141, 'litespeed.conf.api_key', '', 'yes'),
(142, 'litespeed.conf.server_ip', '', 'yes'),
(143, 'litespeed.conf.guest', '', 'yes'),
(144, 'litespeed.conf.guest_optm', '', 'yes'),
(145, 'litespeed.conf.news', '1', 'yes'),
(146, 'litespeed.conf.guest_uas', '[\"Lighthouse\",\"GTmetrix\",\"Google\",\"Pingdom\",\"bot\",\"PTST\",\"HeadlessChrome\"]', 'yes'),
(147, 'litespeed.conf.guest_ips', '[\"208.70.247.157\",\"172.255.48.130\",\"172.255.48.131\",\"172.255.48.132\",\"172.255.48.133\",\"172.255.48.134\",\"172.255.48.135\",\"172.255.48.136\",\"172.255.48.137\",\"172.255.48.138\",\"172.255.48.139\",\"172.255.48.140\",\"172.255.48.141\",\"172.255.48.142\",\"172.255.48.143\",\"172.255.48.144\",\"172.255.48.145\",\"172.255.48.146\",\"172.255.48.147\",\"52.229.122.240\",\"104.214.72.101\",\"13.66.7.11\",\"13.85.24.83\",\"13.85.24.90\",\"13.85.82.26\",\"40.74.242.253\",\"40.74.243.13\",\"40.74.243.176\",\"104.214.48.247\",\"157.55.189.189\",\"104.214.110.135\",\"70.37.83.240\",\"65.52.36.250\",\"13.78.216.56\",\"52.162.212.163\",\"23.96.34.105\",\"65.52.113.236\",\"172.255.61.34\",\"172.255.61.35\",\"172.255.61.36\",\"172.255.61.37\",\"172.255.61.38\",\"172.255.61.39\",\"172.255.61.40\",\"104.41.2.19\",\"191.235.98.164\",\"191.235.99.221\",\"191.232.194.51\",\"52.237.235.185\",\"52.237.250.73\",\"52.237.236.145\",\"104.211.143.8\",\"104.211.165.53\",\"52.172.14.87\",\"40.83.89.214\",\"52.175.57.81\",\"20.188.63.151\",\"20.52.36.49\",\"52.246.165.153\",\"51.144.102.233\",\"13.76.97.224\",\"102.133.169.66\",\"52.231.199.170\",\"13.53.162.7\",\"40.123.218.94\"]', 'yes'),
(148, 'litespeed.conf.cache', '1', 'yes'),
(149, 'litespeed.conf.cache-priv', '1', 'yes'),
(150, 'litespeed.conf.cache-commenter', '1', 'yes'),
(151, 'litespeed.conf.cache-rest', '1', 'yes'),
(152, 'litespeed.conf.cache-page_login', '1', 'yes'),
(153, 'litespeed.conf.cache-favicon', '1', 'yes'),
(154, 'litespeed.conf.cache-resources', '1', 'yes'),
(155, 'litespeed.conf.cache-mobile', '', 'yes'),
(156, 'litespeed.conf.cache-mobile_rules', '[\"Mobile\",\"Android\",\"Silk\\/\",\"Kindle\",\"BlackBerry\",\"Opera Mini\",\"Opera Mobi\"]', 'yes'),
(157, 'litespeed.conf.cache-browser', '', 'yes'),
(158, 'litespeed.conf.cache-exc_useragents', '[]', 'yes'),
(159, 'litespeed.conf.cache-exc_cookies', '[]', 'yes'),
(160, 'litespeed.conf.cache-exc_qs', '[]', 'yes'),
(161, 'litespeed.conf.cache-exc_cat', '[]', 'yes'),
(162, 'litespeed.conf.cache-exc_tag', '[]', 'yes'),
(163, 'litespeed.conf.cache-force_uri', '[]', 'yes'),
(164, 'litespeed.conf.cache-force_pub_uri', '[]', 'yes'),
(165, 'litespeed.conf.cache-priv_uri', '[]', 'yes'),
(166, 'litespeed.conf.cache-exc', '[]', 'yes'),
(167, 'litespeed.conf.cache-exc_roles', '[]', 'yes'),
(168, 'litespeed.conf.cache-drop_qs', '[\"fbclid\",\"gclid\",\"utm*\",\"_ga\"]', 'yes'),
(169, 'litespeed.conf.cache-ttl_pub', '604800', 'yes'),
(170, 'litespeed.conf.cache-ttl_priv', '1800', 'yes'),
(171, 'litespeed.conf.cache-ttl_frontpage', '604800', 'yes'),
(172, 'litespeed.conf.cache-ttl_feed', '604800', 'yes'),
(173, 'litespeed.conf.cache-ttl_rest', '604800', 'yes'),
(174, 'litespeed.conf.cache-ttl_browser', '31557600', 'yes'),
(175, 'litespeed.conf.cache-ttl_status', '[\"404 3600\",\"500 600\"]', 'yes'),
(176, 'litespeed.conf.cache-login_cookie', '', 'yes'),
(177, 'litespeed.conf.cache-vary_group', '[]', 'yes'),
(178, 'litespeed.conf.purge-upgrade', '1', 'yes'),
(179, 'litespeed.conf.purge-stale', '', 'yes'),
(180, 'litespeed.conf.purge-post_all', '', 'yes'),
(181, 'litespeed.conf.purge-post_f', '1', 'yes'),
(182, 'litespeed.conf.purge-post_h', '1', 'yes'),
(183, 'litespeed.conf.purge-post_p', '1', 'yes'),
(184, 'litespeed.conf.purge-post_pwrp', '1', 'yes'),
(185, 'litespeed.conf.purge-post_a', '1', 'yes'),
(186, 'litespeed.conf.purge-post_y', '', 'yes'),
(187, 'litespeed.conf.purge-post_m', '1', 'yes'),
(188, 'litespeed.conf.purge-post_d', '', 'yes'),
(189, 'litespeed.conf.purge-post_t', '1', 'yes'),
(190, 'litespeed.conf.purge-post_pt', '1', 'yes'),
(191, 'litespeed.conf.purge-timed_urls', '[]', 'yes'),
(192, 'litespeed.conf.purge-timed_urls_time', '', 'yes'),
(193, 'litespeed.conf.purge-hook_all', '[\"switch_theme\",\"wp_create_nav_menu\",\"wp_update_nav_menu\",\"wp_delete_nav_menu\",\"create_term\",\"edit_terms\",\"delete_term\",\"add_link\",\"edit_link\",\"delete_link\"]', 'yes'),
(194, 'litespeed.conf.esi', '', 'yes'),
(195, 'litespeed.conf.esi-cache_admbar', '1', 'yes'),
(196, 'litespeed.conf.esi-cache_commform', '1', 'yes'),
(197, 'litespeed.conf.esi-nonce', '[\"stats_nonce\",\"subscribe_nonce\"]', 'yes'),
(198, 'litespeed.conf.util-instant_click', '', 'yes'),
(199, 'litespeed.conf.util-no_https_vary', '', 'yes'),
(200, 'litespeed.conf.debug-disable_all', '', 'yes'),
(201, 'litespeed.conf.debug', '', 'yes'),
(202, 'litespeed.conf.debug-ips', '[\"127.0.0.1\"]', 'yes'),
(203, 'litespeed.conf.debug-level', '', 'yes'),
(204, 'litespeed.conf.debug-filesize', '3', 'yes'),
(205, 'litespeed.conf.debug-cookie', '', 'yes'),
(206, 'litespeed.conf.debug-collaps_qs', '', 'yes'),
(207, 'litespeed.conf.debug-inc', '[]', 'yes'),
(208, 'litespeed.conf.debug-exc', '[]', 'yes'),
(209, 'litespeed.conf.debug-exc_strings', '[]', 'yes'),
(210, 'litespeed.conf.db_optm-revisions_max', '0', 'yes'),
(211, 'litespeed.conf.db_optm-revisions_age', '0', 'yes'),
(212, 'litespeed.conf.optm-css_min', '', 'yes'),
(213, 'litespeed.conf.optm-css_comb', '', 'yes'),
(214, 'litespeed.conf.optm-css_comb_ext_inl', '1', 'yes'),
(215, 'litespeed.conf.optm-ucss', '', 'yes'),
(216, 'litespeed.conf.optm-ucss_inline', '', 'yes'),
(217, 'litespeed.conf.optm-ucss_whitelist', '[]', 'yes'),
(218, 'litespeed.conf.optm-ucss_file_exc_inline', '[]', 'yes'),
(219, 'litespeed.conf.optm-ucss_exc', '[]', 'yes'),
(220, 'litespeed.conf.optm-css_exc', '[]', 'yes'),
(221, 'litespeed.conf.optm-js_min', '', 'yes'),
(222, 'litespeed.conf.optm-js_comb', '', 'yes'),
(223, 'litespeed.conf.optm-js_comb_ext_inl', '1', 'yes'),
(224, 'litespeed.conf.optm-js_exc', '[\"jquery.js\",\"jquery.min.js\"]', 'yes'),
(225, 'litespeed.conf.optm-html_min', '', 'yes'),
(226, 'litespeed.conf.optm-html_lazy', '[]', 'yes'),
(227, 'litespeed.conf.optm-qs_rm', '', 'yes'),
(228, 'litespeed.conf.optm-ggfonts_rm', '', 'yes'),
(229, 'litespeed.conf.optm-css_async', '', 'yes'),
(230, 'litespeed.conf.optm-ccss_per_url', '', 'yes'),
(231, 'litespeed.conf.optm-ccss_sep_posttype', '[\"page\"]', 'yes'),
(232, 'litespeed.conf.optm-ccss_sep_uri', '[]', 'yes'),
(233, 'litespeed.conf.optm-css_async_inline', '1', 'yes'),
(234, 'litespeed.conf.optm-css_font_display', '', 'yes'),
(235, 'litespeed.conf.optm-js_defer', '', 'yes'),
(236, 'litespeed.conf.optm-emoji_rm', '', 'yes'),
(237, 'litespeed.conf.optm-noscript_rm', '', 'yes'),
(238, 'litespeed.conf.optm-ggfonts_async', '', 'yes'),
(239, 'litespeed.conf.optm-exc_roles', '[]', 'yes'),
(240, 'litespeed.conf.optm-ccss_con', '', 'yes'),
(241, 'litespeed.conf.optm-js_defer_exc', '[\"jquery.js\",\"jquery.min.js\",\"gtm.js\",\"analytics.js\"]', 'yes'),
(242, 'litespeed.conf.optm-gm_js_exc', '[]', 'yes'),
(243, 'litespeed.conf.optm-dns_prefetch', '[]', 'yes'),
(244, 'litespeed.conf.optm-dns_prefetch_ctrl', '', 'yes'),
(245, 'litespeed.conf.optm-exc', '[]', 'yes'),
(246, 'litespeed.conf.optm-guest_only', '1', 'yes'),
(247, 'litespeed.conf.object', '', 'yes'),
(248, 'litespeed.conf.object-kind', '', 'yes'),
(249, 'litespeed.conf.object-host', 'localhost', 'yes'),
(250, 'litespeed.conf.object-port', '11211', 'yes'),
(251, 'litespeed.conf.object-life', '360', 'yes'),
(252, 'litespeed.conf.object-persistent', '1', 'yes'),
(253, 'litespeed.conf.object-admin', '1', 'yes'),
(254, 'litespeed.conf.object-transients', '1', 'yes'),
(255, 'litespeed.conf.object-db_id', '0', 'yes'),
(256, 'litespeed.conf.object-user', '', 'yes'),
(257, 'litespeed.conf.object-pswd', '', 'yes'),
(258, 'litespeed.conf.object-global_groups', '[\"users\",\"userlogins\",\"useremail\",\"userslugs\",\"usermeta\",\"user_meta\",\"site-transient\",\"site-options\",\"site-lookup\",\"site-details\",\"blog-lookup\",\"blog-details\",\"blog-id-cache\",\"rss\",\"global-posts\",\"global-cache-test\"]', 'yes'),
(259, 'litespeed.conf.object-non_persistent_groups', '[\"comment\",\"counts\",\"plugins\",\"wc_session_id\"]', 'yes'),
(260, 'litespeed.conf.discuss-avatar_cache', '', 'yes'),
(261, 'litespeed.conf.discuss-avatar_cron', '', 'yes'),
(262, 'litespeed.conf.discuss-avatar_cache_ttl', '604800', 'yes'),
(263, 'litespeed.conf.optm-localize', '', 'yes'),
(264, 'litespeed.conf.optm-localize_domains', '[\"### Popular scripts ###\",\"https:\\/\\/platform.twitter.com\\/widgets.js\",\"https:\\/\\/connect.facebook.net\\/en_US\\/fbevents.js\"]', 'yes'),
(265, 'litespeed.conf.media-lazy', '', 'yes'),
(266, 'litespeed.conf.media-lazy_placeholder', '', 'yes'),
(267, 'litespeed.conf.media-placeholder_resp', '', 'yes'),
(268, 'litespeed.conf.media-placeholder_resp_color', '#cfd4db', 'yes'),
(269, 'litespeed.conf.media-placeholder_resp_svg', '<svg xmlns=\"http://www.w3.org/2000/svg\" width=\"{width}\" height=\"{height}\" viewBox=\"0 0 {width} {height}\"><rect width=\"100%\" height=\"100%\" style=\"fill:{color};fill-opacity: 0.1;\"/></svg>', 'yes'),
(270, 'litespeed.conf.media-lqip', '', 'yes'),
(271, 'litespeed.conf.media-lqip_qual', '4', 'yes'),
(272, 'litespeed.conf.media-lqip_min_w', '150', 'yes'),
(273, 'litespeed.conf.media-lqip_min_h', '150', 'yes'),
(274, 'litespeed.conf.media-placeholder_resp_async', '1', 'yes'),
(275, 'litespeed.conf.media-iframe_lazy', '', 'yes'),
(276, 'litespeed.conf.media-add_missing_sizes', '', 'yes'),
(277, 'litespeed.conf.media-lazy_exc', '[]', 'yes'),
(278, 'litespeed.conf.media-lazy_cls_exc', '[\"wmu-preview-img\"]', 'yes'),
(279, 'litespeed.conf.media-lazy_parent_cls_exc', '[]', 'yes'),
(280, 'litespeed.conf.media-iframe_lazy_cls_exc', '[]', 'yes'),
(281, 'litespeed.conf.media-iframe_lazy_parent_cls_exc', '[]', 'yes'),
(282, 'litespeed.conf.media-lazy_uri_exc', '[]', 'yes'),
(283, 'litespeed.conf.media-lqip_exc', '[]', 'yes'),
(284, 'litespeed.conf.media-vpi', '', 'yes'),
(285, 'litespeed.conf.media-vpi_cron', '', 'yes'),
(286, 'litespeed.conf.img_optm-auto', '', 'yes'),
(287, 'litespeed.conf.img_optm-cron', '1', 'yes'),
(288, 'litespeed.conf.img_optm-ori', '1', 'yes'),
(289, 'litespeed.conf.img_optm-rm_bkup', '', 'yes'),
(290, 'litespeed.conf.img_optm-webp', '', 'yes'),
(291, 'litespeed.conf.img_optm-lossless', '', 'yes'),
(292, 'litespeed.conf.img_optm-exif', '1', 'yes'),
(293, 'litespeed.conf.img_optm-webp_attr', '[\"img.src\",\"div.data-thumb\",\"img.data-src\",\"img.data-lazyload\",\"div.data-large_image\",\"img.retina_logo_url\",\"div.data-parallax-image\",\"div.data-vc-parallax-image\",\"video.poster\"]', 'yes'),
(294, 'litespeed.conf.img_optm-webp_replace_srcset', '', 'yes'),
(295, 'litespeed.conf.img_optm-jpg_quality', '82', 'yes'),
(296, 'litespeed.conf.crawler', '', 'yes'),
(297, 'litespeed.conf.crawler-usleep', '500', 'yes'),
(298, 'litespeed.conf.crawler-run_duration', '400', 'yes'),
(299, 'litespeed.conf.crawler-run_interval', '600', 'yes'),
(300, 'litespeed.conf.crawler-crawl_interval', '302400', 'yes'),
(301, 'litespeed.conf.crawler-threads', '3', 'yes'),
(302, 'litespeed.conf.crawler-timeout', '30', 'yes'),
(303, 'litespeed.conf.crawler-load_limit', '1', 'yes'),
(304, 'litespeed.conf.crawler-sitemap', '', 'yes'),
(305, 'litespeed.conf.crawler-drop_domain', '1', 'yes'),
(306, 'litespeed.conf.crawler-map_timeout', '120', 'yes'),
(307, 'litespeed.conf.crawler-roles', '[]', 'yes'),
(308, 'litespeed.conf.crawler-cookies', '[]', 'yes'),
(309, 'litespeed.conf.misc-heartbeat_front', '', 'yes'),
(310, 'litespeed.conf.misc-heartbeat_front_ttl', '60', 'yes'),
(311, 'litespeed.conf.misc-heartbeat_back', '', 'yes'),
(312, 'litespeed.conf.misc-heartbeat_back_ttl', '60', 'yes'),
(313, 'litespeed.conf.misc-heartbeat_editor', '', 'yes'),
(314, 'litespeed.conf.misc-heartbeat_editor_ttl', '15', 'yes'),
(315, 'litespeed.conf.cdn', '', 'yes'),
(316, 'litespeed.conf.cdn-ori', '[]', 'yes'),
(317, 'litespeed.conf.cdn-ori_dir', '[\"wp-content\",\"wp-includes\"]', 'yes'),
(318, 'litespeed.conf.cdn-exc', '[]', 'yes'),
(319, 'litespeed.conf.cdn-quic', '', 'yes'),
(320, 'litespeed.conf.cdn-cloudflare', '', 'yes'),
(321, 'litespeed.conf.cdn-cloudflare_email', '', 'yes'),
(322, 'litespeed.conf.cdn-cloudflare_key', '', 'yes'),
(323, 'litespeed.conf.cdn-cloudflare_name', '', 'yes'),
(324, 'litespeed.conf.cdn-cloudflare_zone', '', 'yes'),
(325, 'litespeed.conf.cdn-mapping', '[{\"url\":\"\",\"inc_img\":\"1\",\"inc_css\":\"1\",\"inc_js\":\"1\",\"filetype\":[\".aac\",\".css\",\".eot\",\".gif\",\".jpeg\",\".jpg\",\".js\",\".less\",\".mp3\",\".mp4\",\".ogg\",\".otf\",\".pdf\",\".png\",\".svg\",\".ttf\",\".webp\",\".woff\",\".woff2\"]}]', 'yes'),
(326, 'litespeed.conf.cdn-attr', '[\".src\",\".data-src\",\".href\",\".poster\",\"source.srcset\"]', 'yes'),
(327, 'litespeed.conf.qc-token', '', 'yes'),
(328, 'litespeed.conf.qc-nameservers', '', 'yes'),
(329, 'litespeed.purge.queue', '-1', 'yes'),
(330, 'litespeed.purge.queue2', '-1', 'yes'),
(331, 'litespeed.admin_display.thirdparty_litespeed_check', '1', 'yes'),
(338, 'litespeed.gui.lscwp_whm_install', '-1', 'yes'),
(339, 'litespeed.gui.dismiss', '-1', 'yes'),
(340, 'litespeed.gui._summary', '{\"new_version\":1680173580,\"score\":1680778380}', 'yes'),
(341, 'litespeed.data.upgrading', '-1', 'yes'),
(342, 'litespeed.admin_display.messages', '-1', 'yes'),
(359, 'finished_updating_comment_type', '1', 'yes'),
(362, 'current_theme', 'Consultio', 'yes'),
(363, 'theme_mods_consultio', 'a:5:{i:0;b:0;s:18:\"nav_menu_locations\";a:5:{s:7:\"primary\";i:57;s:9:\"menu-left\";i:57;s:5:\"popup\";i:55;s:10:\"menu-popup\";i:57;s:9:\"secondary\";i:57;}s:18:\"custom_css_post_id\";i:-1;s:16:\"ct_theme_options\";a:36:{s:8:\"wellcome\";s:53:\"Welcome to our <span>Shirdi Sai baba Malaysia!</span>\";s:13:\"h_phone_label\";s:42:\"Call Us:  +603-3323 5259  /+603 3323 9319 \";s:7:\"h_phone\";s:62:\" Datuk SP Kannan : +60122739486 / Mr Sellamuthu : +60123578552\";s:12:\"h_phone_link\";s:28:\" Datuk Kannan : +60122739486\";s:15:\"h_address_label\";s:1:\" \";s:9:\"h_address\";s:67:\" Lot 2574, Jalan Seruling 59, Tmn Klang Jaya 41200 Klang, Selangor \";s:14:\"h_address_link\";s:1:\" \";s:12:\"h_time_label\";s:15:\"Monday - Sunday\";s:7:\"h_email\";s:23:\"kannan_baba@yahoo.co.uk\";s:12:\"h_email_link\";s:23:\"kannan_baba@yahoo.co.uk\";s:15:\"secondary_color\";s:7:\"#e5e5e5\";s:7:\"favicon\";a:5:{s:3:\"url\";s:0:\"\";s:2:\"id\";s:0:\"\";s:6:\"height\";s:0:\"\";s:5:\"width\";s:0:\"\";s:9:\"thumbnail\";s:0:\"\";}s:15:\"topbar_bg_color\";s:7:\"#eac820\";s:14:\"sub_menu_color\";a:3:{s:7:\"regular\";s:7:\"#ffffff\";s:5:\"hover\";s:7:\"#4e2191\";s:6:\"active\";s:7:\"#211a75\";}s:16:\"sub_menu_bgcolor\";s:7:\"#dd9933\";s:17:\"sticky_menu_color\";a:3:{s:7:\"regular\";s:7:\"#dd9933\";s:5:\"hover\";s:7:\"#dd9933\";s:6:\"active\";s:7:\"#6d0f2d\";}s:15:\"main_menu_color\";a:3:{s:7:\"regular\";s:7:\"#000000\";s:5:\"hover\";s:7:\"#f72222\";s:6:\"active\";s:7:\"#ff3838\";}s:10:\"h_btn_text\";s:11:\" Donate Now\";s:8:\"h_btn_on\";s:4:\"hide\";s:10:\"h_btn_link\";s:4:\"8091\";s:10:\"logo_light\";a:5:{s:3:\"url\";s:84:\"https://shirdisaibabamalaysia.com.my/wp-content/uploads/2024/01/horse-baba-logo.jpeg\";s:2:\"id\";s:4:\"8445\";s:6:\"height\";s:3:\"882\";s:5:\"width\";s:3:\"831\";s:9:\"thumbnail\";s:95:\"https://shirdisaibabamalaysia.com.my/wp-content/uploads/2023/04/BABA-EQUINE-HOUSES1-150x150.png\";}s:4:\"logo\";a:5:{s:3:\"url\";s:84:\"https://shirdisaibabamalaysia.com.my/wp-content/uploads/2024/01/horse-baba-logo.jpeg\";s:2:\"id\";s:4:\"8445\";s:6:\"height\";s:3:\"882\";s:5:\"width\";s:3:\"831\";s:9:\"thumbnail\";s:95:\"https://shirdisaibabamalaysia.com.my/wp-content/uploads/2023/04/BABA-EQUINE-HOUSES1-150x150.png\";}s:11:\"logo_mobile\";a:5:{s:3:\"url\";s:84:\"https://shirdisaibabamalaysia.com.my/wp-content/uploads/2024/01/horse-baba-logo.jpeg\";s:2:\"id\";s:4:\"8445\";s:6:\"height\";s:3:\"882\";s:5:\"width\";s:3:\"831\";s:9:\"thumbnail\";s:95:\"https://shirdisaibabamalaysia.com.my/wp-content/uploads/2023/04/BABA-EQUINE-HOUSES1-150x150.png\";}s:11:\"hidden_logo\";s:4:\"hide\";s:8:\"h_topbar\";s:4:\"show\";s:20:\"h_social_twitter_url\";s:0:\"\";s:12:\"h_popup_logo\";a:5:{s:3:\"url\";s:0:\"\";s:2:\"id\";s:0:\"\";s:6:\"height\";s:0:\"\";s:5:\"width\";s:0:\"\";s:9:\"thumbnail\";s:0:\"\";}s:19:\"h_popup_twitter_url\";s:1:\" \";s:21:\"h_popup_instagram_url\";s:1:\" \";s:19:\"h_popup_inkedin_url\";s:1:\" \";s:10:\"h_bg_popup\";a:7:{s:16:\"background-color\";s:11:\"transparent\";s:17:\"background-repeat\";s:9:\"no-repeat\";s:15:\"background-size\";s:5:\"cover\";s:21:\"background-attachment\";s:0:\"\";s:19:\"background-position\";s:13:\"center center\";s:16:\"background-image\";s:76:\"https://shirdisaibabamalaysia.com.my/wp-content/uploads/2019/11/theme-14.jpg\";s:5:\"media\";a:4:{s:2:\"id\";s:4:\"1543\";s:6:\"height\";s:4:\"1200\";s:5:\"width\";s:4:\"1920\";s:9:\"thumbnail\";s:76:\"https://shirdisaibabamalaysia.com.my/wp-content/uploads/2019/11/theme-14.jpg\";}}s:21:\"h_social_facebook_url\";s:52:\"https://www.facebook.com/ShirdiBabaSocietyOfMalaysia\";s:13:\"h_email_label\";s:8:\"Mail us:\";s:15:\"header_bg_color\";s:7:\"#eeee22\";s:22:\"header_mobile_bg_color\";s:7:\"#eeee22\";s:9:\"logo_maxh\";a:2:{s:6:\"height\";s:5:\"100px\";s:5:\"units\";s:2:\"px\";}}s:11:\"custom_logo\";i:8447;}', 'yes'),
(364, 'theme_switched', '', 'yes'),
(365, 'litespeed.optimize.timestamp_purge_css', '1724178631', 'yes'),
(366, 'elementor_cpt_support', 'a:7:{i:0;s:4:\"page\";i:1;s:4:\"post\";i:2;s:9:\"portfolio\";i:3;s:7:\"service\";i:4;s:10:\"case-study\";i:5;s:6:\"footer\";i:6;s:12:\"ct-mega-menu\";}', 'yes'),
(370, 'recently_activated', 'a:0:{}', 'yes');
INSERT INTO `wpi3_options` (`option_id`, `option_name`, `option_value`, `autoload`) VALUES
(373, 'font-awesome-releases', 'a:2:{s:12:\"refreshed_at\";i:1679569043;s:4:\"data\";a:3:{s:16:\"latest_version_5\";s:6:\"5.15.4\";s:16:\"latest_version_6\";s:5:\"6.3.0\";s:8:\"releases\";a:52:{s:5:\"5.0.1\";a:1:{s:3:\"sri\";a:2:{s:4:\"free\";a:12:{s:11:\"css/all.css\";s:71:\"sha384-VVoO3UHXsmXwXvf1kJx2jV3b1LbOfTqKL46DdeLG8z4pImkQ4GAP9GMy+MxHMDYG\";s:14:\"css/brands.css\";s:71:\"sha384-JT52EiskN0hkvVxJA8d2wg8W/tLxrC02M4u5+YAezNnBlY/N2yy3X51pKC1QaPkw\";s:19:\"css/fontawesome.css\";s:71:\"sha384-7mC9VNNEUg5vt0kVQGblkna/29L8CpTJ5fkpo0nlmTbfCoDXyuK/gPO3wx8bglOz\";s:15:\"css/regular.css\";s:71:\"sha384-JZ2w5NHrKZS6hqVAVlhUO3eHPVzjDZqOpWBZZ6opcmMwVjN7uoagKSSftrq8F0pn\";s:13:\"css/solid.css\";s:71:\"sha384-TQW9cJIp+U8M7mByg5ZKUQoIxj0ac36aOpNzqQ04HpwyrJivS38EQsKHO2rR5eit\";s:19:\"css/svg-with-js.css\";s:71:\"sha384-X1ZQAmDHBeo7eaAJwWMyyA3mva9mMK10CpRFvX8PejR0XIUjwvGDqr2TwJqwbH9S\";s:9:\"js/all.js\";s:71:\"sha384-2CD5KZ3lSO1FK9XJ2hsLsEPy5/TBISgKIk2NSEcS03GbEnWEfhzd0x6DBIkqgPN1\";s:12:\"js/brands.js\";s:71:\"sha384-i3UPn8g8uJGiS6R/++68nHyfYAnr/lE/biTuWYbya2dONccicnZZPlAH6P8EWf28\";s:17:\"js/fontawesome.js\";s:71:\"sha384-tqpP2rDLsdWkeBrG3Jachyp0yzl/pmhnsdV88ySUFZATuziAnHWsHRSS97l5D9jn\";s:13:\"js/regular.js\";s:71:\"sha384-hXqI+wajk6jJu2DXwf2oqBg6q5+HqXM5yz9smX94pDjiLzH81gAuVtjter66i1Ct\";s:11:\"js/solid.js\";s:71:\"sha384-kbPfTyGdGugnvSKEBJCd6+vYipOQ6a+2np5O4Ty3sW7tgI0MpwPyAh+QwUpMujV9\";s:14:\"js/v4-shims.js\";s:71:\"sha384-BRge2B8T+0rmvB/KszFfdQ0PDvPnhV2J80JMKrnq21Fq6tHeKFhSIrdoroXvk7eB\";}s:3:\"pro\";a:0:{}}}s:5:\"5.0.2\";a:1:{s:3:\"sri\";a:2:{s:4:\"free\";a:12:{s:11:\"css/all.css\";s:71:\"sha384-bJB2Wn8ZuuMwYA12t6nmPqVTqT64ruKTAWqdxs/Oal3vexA7RPAo3FtVU5hIil2E\";s:14:\"css/brands.css\";s:71:\"sha384-F8vNf2eNIHep58ofQztLhhWsZXaTzzfZRqFfWmh7Cup7LqrF0HCtB6UCAIIkZZYZ\";s:19:\"css/fontawesome.css\";s:71:\"sha384-CTTGZltCsihOiEwOCbT7p1lhij8kYk6lapCladmNzxj4yXj/AKp6q3+CRoNN3UCG\";s:15:\"css/regular.css\";s:71:\"sha384-GtLUznQ3nMgus15JP1pAE2UH9HAQi8gjQTNfIT+Gq6zFPeeq3y+Xtxt5HUBFF0YO\";s:13:\"css/solid.css\";s:71:\"sha384-WEKepgUDOaHRK2/r+qA7W/Srd+36IIOmBm/+wm9aSz6acYC0LkyM9UJElLVNy95T\";s:19:\"css/svg-with-js.css\";s:71:\"sha384-sV6Qj6KRPF7HrXfo5NK0evVt+YbNxUuGZU2udYKDAxwxPVTuEE6lofcZJhRMK4WT\";s:9:\"js/all.js\";s:71:\"sha384-xiGKJ+4CP2p2WkTifyjHDeZVAg1zBrnJV8LU33N7J+5BWp1biPcSpEJJY7hFiRLn\";s:12:\"js/brands.js\";s:71:\"sha384-V+scQ15NnQuKVajRBsSery7bV87d0xDAoCs4pB8ZcwW74+zzW5CkgRmIFOYw8kKX\";s:17:\"js/fontawesome.js\";s:71:\"sha384-CxMnuVDquTXcsJnW1rAfSm4uzGr12HENF1oe+JRZm4jcQDerJ6VeA1XLvAso396r\";s:13:\"js/regular.js\";s:71:\"sha384-ihKlq3j4PocIYMPkNra+ieEVsLuFzj4rp1yjn3jq+La7r4G9kf9COpWfOI8SGapM\";s:11:\"js/solid.js\";s:71:\"sha384-KDEuZV2OBU0Q264kBX2Idu9gYr5z/fQrtvUsKfuKGEDkDxV0GBVN/qi3QoLZPmbJ\";s:14:\"js/v4-shims.js\";s:71:\"sha384-0nloDHslShcnKvH94Zv8nb0zPlzTFCzfZGx9YxR2ngUWs9HXXHVx1PUQw0u9/7LE\";}s:3:\"pro\";a:0:{}}}s:5:\"5.0.3\";a:1:{s:3:\"sri\";a:2:{s:4:\"free\";a:12:{s:11:\"css/all.css\";s:71:\"sha384-KFTzeUQSHjcfuC8qqdFm+laWVqpkucx/3uXo41hhKQzUEtbNnNSk8KEEBZ+2lEQy\";s:14:\"css/brands.css\";s:71:\"sha384-J6h7hpR0mfr79Ck/ZfDrhN14FnkbkLbd+mm0yTw5spSpK08yOK/AB9IRR/Dcg8EJ\";s:19:\"css/fontawesome.css\";s:71:\"sha384-l2oTZy4pLseT/J6oW0mwsjKPhjpTctOfU191uVonzezZiqw9PPcz4AMKsIAeyR4P\";s:15:\"css/regular.css\";s:71:\"sha384-cDXlx+8npD3wa2ahyeSZvsi9VlRrMmJVIB1rpK7Ftyq4cppWM9d2mBhrlOqYBljt\";s:13:\"css/solid.css\";s:71:\"sha384-ioYc/tyAAvPTKdlEWH/BDO/Fn0RGAWisNzyfZNt74mHfA6UPN2tzjD6Nm4ieQfBR\";s:19:\"css/svg-with-js.css\";s:71:\"sha384-bnoXyQHIAXdkrtQTtvuajtPgmWqHQ8657dQ4vzySapygDMqzijBpEq96AwgX2u4N\";s:9:\"js/all.js\";s:71:\"sha384-4OPaVeLgwRHdGJplmRGxGcoGYwxBAdR8Qr9z/Av7blRYPlRIPtjTygdtpQlD1HHv\";s:12:\"js/brands.js\";s:71:\"sha384-68dqWCRgViK/UsBTW5vGfntS6GdBDT5D4KWUBXTf6IkF2NFFD+X/0QNs0FZaIELt\";s:17:\"js/fontawesome.js\";s:71:\"sha384-sBtO3o3oG61AtAKrg74kfk50JP0YHcRTwOXgTeUobbJJBgYiCcmtkh784fmHww23\";s:13:\"js/regular.js\";s:71:\"sha384-J0ggktpCvzBHSxd/a8EBQgQDIWBtASK5rhHMvGWuR/UyjuPgX0iCAcb3OlfhvlQz\";s:11:\"js/solid.js\";s:71:\"sha384-DX1/9hggbc1yKVl40n2dNF9OzLf9ZPwZm87WzIW+FinkgjSq18PXpUxOL4I0iS1+\";s:14:\"js/v4-shims.js\";s:71:\"sha384-kysXtDCmCTYxM55rHL+9xPu6+Inoi3ZzZHvcxkXs+iPj5nymJKlauQdXyzubyD0b\";}s:3:\"pro\";a:0:{}}}s:5:\"5.0.4\";a:1:{s:3:\"sri\";a:2:{s:4:\"free\";a:12:{s:11:\"css/all.css\";s:71:\"sha384-DmABxgPhJN5jlTwituIyzIUk6oqyzf3+XuP7q3VfcWA2unxgim7OSSZKKf0KSsnh\";s:14:\"css/brands.css\";s:71:\"sha384-1beec9tTZuu+KrTudmvRnGpK81r78DKCAXdphCvdG+PR+n/WCczsYPqTBTvYsM7z\";s:19:\"css/fontawesome.css\";s:71:\"sha384-xdTUmhbcetyLRVL4PAriRajOve+/5pjOiy5sJABnhXMcRMVc9HI9s2KmOCjjDK/P\";s:15:\"css/regular.css\";s:71:\"sha384-nM5tBytXTc1HDZ/A3My2gNT2TxLk/M/5yFi0QrOxaZjBi7QpKUfA2QqT+fcSxSlg\";s:13:\"css/solid.css\";s:71:\"sha384-g2aKxiZcFezoVOq4MsjaxuBbSxSlXD/NRQ5GaPLfvCtcTLgP3fYZKKAGxCM/wMfe\";s:19:\"css/svg-with-js.css\";s:71:\"sha384-MCR8qGTbdyK+hklwz1eKgGiAjT57F5HEJMs/uHRAwZ6GI5602TyGI89FyrbUwiIc\";s:9:\"js/all.js\";s:71:\"sha384-nVi8MaibAtVMFZb4R1zHUW/DsTJpG/YwPknbGABVOgk5s6Vhopl6XQD/pTCG/DKB\";s:12:\"js/brands.js\";s:71:\"sha384-dl3ONr32uA3YqpqKWzhXLs5k1YbKOn3dwiMbEP1S/XQMa3LPRwvJrhW7+lomL/uc\";s:17:\"js/fontawesome.js\";s:71:\"sha384-l7FyBM+wFIWpfmy8RYkWgEu/Me6Hrz98ijLu4nP3PkGbTtTCvtHB5ktI8hLEgEG3\";s:13:\"js/regular.js\";s:71:\"sha384-lwwoO5Gg19TptbILrLBjV28EVJ9RW3tD3cGyjCRn3OY9IuLua/YRlE47btZIXfMv\";s:11:\"js/solid.js\";s:71:\"sha384-4KkAk2UXMS9Xl3FoAAN43VJxRZ/emjElCz60xUTegPOZlbPLZGylvor2v7wQ0JNb\";s:14:\"js/v4-shims.js\";s:71:\"sha384-yfrMPoFcXUzdvECrvYRYE7wlxouXxjRSge5x6BlPPOb38tW4n0e8EW79RGU7VY0R\";}s:3:\"pro\";a:14:{s:11:\"css/all.css\";s:71:\"sha384-1RxicL8bcQJWgpr/clvtGVG7DVFJvDX/DVsJsbjKhXtdo8r5WVZQqB9AHTNPr08A\";s:14:\"css/brands.css\";s:71:\"sha384-sFwP5Zsnp6I4zQxUMPHvv8Bk16eEzU0YhaNbMCftDHPKDD+BR8WdXAHKL4xpipII\";s:19:\"css/fontawesome.css\";s:71:\"sha384-VFi8UvBDvM8muKO8ogMXi2j8vdJiu8hq1uxpX/NS8BsftBiJpheM5AuhFH1dvURx\";s:13:\"css/light.css\";s:71:\"sha384-4FGoKudkcpRXgx5UNFa5TxzaHUhnvCGFDeZKncEn9KJx/l07kcid3VbpwajrvrFW\";s:15:\"css/regular.css\";s:71:\"sha384-eyjlqgvgpHiWM0GoL4/hsTh22piTKmMTM+sfJYacddG2n9AEubqQB/w4CPJK1/1b\";s:13:\"css/solid.css\";s:71:\"sha384-TlWtvBj4TXNlpJC5Qq4aHel0R/dywVcP/6eOFC0qptQ71WWSxJCvuTajjGb1duS9\";s:19:\"css/svg-with-js.css\";s:71:\"sha384-rHay3RzsgCtbjvDmBLThu6ESXlU4Al5STjlHSpNygnbeyt04OP1uKZVXB2Zy16+T\";s:9:\"js/all.js\";s:71:\"sha384-vV0064GQjt+TcoZxVPm/f6vyAivSNofFvOHKLWxcDl784Dzm9W4BBpoTvUG4vi5a\";s:12:\"js/brands.js\";s:71:\"sha384-/877azmwW/YhoBsPeM9dh61dNr5XGbuk24lyjPbFWyrPaZPyU2oxgOY6PE1OH4z4\";s:17:\"js/fontawesome.js\";s:71:\"sha384-7L9/YJQEf9kLPc6sdtoVIsuBNxCVi4OmHPcszcY685IJIcB52hgYoL1OiwTawJS/\";s:11:\"js/light.js\";s:71:\"sha384-iXxa9ExuZ0Fi2N2VO/buuWuAgYIUXNtOaJiKLa40Bjt43KJpzJdhg2TBHyBVqCPh\";s:13:\"js/regular.js\";s:71:\"sha384-YzSStfq1m16y1v5M97ViNRpiQUCVpagVVOkqlmww8otyjFkY6EXT4dShlKNuxRDu\";s:11:\"js/solid.js\";s:71:\"sha384-WJDZ/GI6pz1VoELs6i44T3f00fguksrLXIx3LXHdlaAzmOvX/mTK5j+qzHJdKejC\";s:14:\"js/v4-shims.js\";s:71:\"sha384-8XZ16R7aSGin4NRuv6gn5xfbsvad5H8LR41g48iduwkfZEqDgXlvUjkJKgxqZUiW\";}}}s:5:\"5.0.6\";a:1:{s:3:\"sri\";a:2:{s:4:\"free\";a:12:{s:11:\"css/all.css\";s:71:\"sha384-VY3F8aCQDLImi4L+tPX4XjtiJwXDwwyXNbkH7SHts0Jlo85t1R15MlXVBKLNx+dj\";s:14:\"css/brands.css\";s:71:\"sha384-rK0EPNdv8UCeRNPzX+96ARRlf9hZM+OukGceDTdbPH30DYcSI1x5QyBU7d2I2kHX\";s:19:\"css/fontawesome.css\";s:71:\"sha384-dbkYY2NmVwxaFrr4gq04oVh6w39ovmevsgD80Il1Od3hwpgREqyPb3XqbpaSwN4x\";s:15:\"css/regular.css\";s:71:\"sha384-HGbVnizaFNw8zW+vIol9xMwBFWdV7/k61278Zo1bnMy9dLmjv48D7rtpgYRTe5Pd\";s:13:\"css/solid.css\";s:71:\"sha384-GfC9nfESTZkjCPFbevBVig3FTd6wkjRRYMtj+qFgK8mMBvGIje2rrALgiBy6pwRL\";s:19:\"css/svg-with-js.css\";s:71:\"sha384-U2b24h7gWqOYespg+vI5yiIn4ZYlTevT0N96xkGrw7ktP1gg9XwqEslsdTLJdlGg\";s:9:\"js/all.js\";s:71:\"sha384-0AJY8UERsBUKdWcyF3o2kisLKeIo6G4Tbd8Y6fbyw6qYmn4WBuqcvxokp8m2UzSD\";s:12:\"js/brands.js\";s:71:\"sha384-4iSpDug9fizYiQRPpPafdAh5NaF8yzNMjOvu3veWgaFm0iIo8y4vUi7f3Yyz5WP1\";s:17:\"js/fontawesome.js\";s:71:\"sha384-rttr/ldR2uHigckjTCjMDe47ySeFVaL3Q7xUkJZir56u8Z8h/XnHJXHocgyfb25F\";s:13:\"js/regular.js\";s:71:\"sha384-G375DXNEVfALvsggywPWDYrRxNOvXaCYt/kiq/GXmbaDW8/B0XtbC8iuLpXXm1jF\";s:11:\"js/solid.js\";s:71:\"sha384-U0ZJ7q5xbT8hEoRqj61HzpvsqNOQ8bsHY2VqSRPqGOzjHXmmV70Aw+DBC/PT00p4\";s:14:\"js/v4-shims.js\";s:71:\"sha384-L8zntmMOcCbOxXiL5Rjn6ubB7KunZiQ8U3bb9x6FFTGDEvVEESW9n+x49jm34K3W\";}s:3:\"pro\";a:14:{s:11:\"css/all.css\";s:71:\"sha384-ldFHeX3xCFvM4uf7m0mCMIoCPVwM71jopwqLZRldf+ojynoGVSxDiphfScLukkwO\";s:14:\"css/brands.css\";s:71:\"sha384-Ks7IvHjmJ4FIFxhK4iNrtW0rAVo1DlCYpe/nDsK8CnU+yactd38YiNE1GT018WPg\";s:19:\"css/fontawesome.css\";s:71:\"sha384-sATKZbJwxaEIU3unIoL1VMbIyrNNh7PlgnaiWlicWXeRA7qdnzfFzMP9AaN2wfTU\";s:13:\"css/light.css\";s:71:\"sha384-YWWfxaKIDrbFXuVQnpxASJDHmFl2K5f2vDgrcROb+rYycoqcQVdMlfu3U38boTg/\";s:15:\"css/regular.css\";s:71:\"sha384-CydLcYoDSbudHX/6hygyQD4jBMPsv91d/RwdtH1qxI79KG8kII/OzxKDwsswywA4\";s:13:\"css/solid.css\";s:71:\"sha384-uBARwTxpZ7FB08kQlCOS/dUaN3TrGGcHthrXYIhZBpdq7YtUdVDM1sAUH9NIozMl\";s:19:\"css/svg-with-js.css\";s:71:\"sha384-BptPo+4C0N+fnMTnfw7ddW/zYUJhuNEe7edve8UrMbs+fCpfDJvJcC/lpa5Nvaky\";s:9:\"js/all.js\";s:71:\"sha384-FrB6Se1Wkxlx66xA4rPuOoOolLyQt5B1uptDmtLJSIVRJDbNkmE3QOLipnMuAbUW\";s:12:\"js/brands.js\";s:71:\"sha384-G12tjfNd/W8L4IrE5+f13LUbpzVowwhNDv+WNecvxjbaGN9bbSY7epBOqUlRqXnq\";s:17:\"js/fontawesome.js\";s:71:\"sha384-Ln5PcCmuH8v+AF9nt+HkM2GfXjsn1CtVc0n+ciM8+oe3nwGyPCceDVva7bUjNfo0\";s:11:\"js/light.js\";s:71:\"sha384-jzS22FYPy68IBBet2IRM5aQDOXjg9X1g+drXIVonDtyqGFCtUA0YIdgHdvCCX/fD\";s:13:\"js/regular.js\";s:71:\"sha384-M8TFIPAJNl8UIC8OP6GFcIE0SHkGN4zjwwjz+BBTz60XhNegOrZmjNtTQNKifmXX\";s:11:\"js/solid.js\";s:71:\"sha384-R/e3QvpS9m8HcN9b9l6nNo678ekTXL31kFY/XtRHSjrihDX8A2DF8HaXhdlAtzMx\";s:14:\"js/v4-shims.js\";s:71:\"sha384-X9eLyweB0LOTEGCwMARo9+zibrXQYmBMSrhFk4ncpT/WYnPIcpTg0IgBFDgzuPwL\";}}}s:5:\"5.0.8\";a:1:{s:3:\"sri\";a:2:{s:4:\"free\";a:12:{s:11:\"css/all.css\";s:71:\"sha384-3AB7yXWz4OeoZcPbieVW64vVXEwADiYyAEhwilzWsLw+9FgqpyjjStpPnpBO8o8S\";s:14:\"css/brands.css\";s:71:\"sha384-IiIL1/ODJBRTrDTFk/pW8j0DUI5/z9m1KYsTm/RjZTNV8RHLGZXkUDwgRRbbQ+Jh\";s:19:\"css/fontawesome.css\";s:71:\"sha384-q3jl8XQu1OpdLgGFvNRnPdj5VIlCvgsDQTQB6owSOHWlAurxul7f+JpUOVdAiJ5P\";s:15:\"css/regular.css\";s:71:\"sha384-A/oR8MwZKeyJS+Y0tLZ16QIyje/AmPduwrvjeH6NLiLsp4cdE4uRJl8zobWXBm4u\";s:13:\"css/solid.css\";s:71:\"sha384-v2Tw72dyUXeU3y4aM2Y0tBJQkGfplr39mxZqlTBDUZAb9BGoC40+rdFCG0m10lXk\";s:19:\"css/svg-with-js.css\";s:71:\"sha384-TGBI4yK0MJz2ga16RLBBt4xT4aoPMPmRYhfu1Kl5IJ0gsLyOBIKHEb49BtoO+lPS\";s:9:\"js/all.js\";s:71:\"sha384-SlE991lGASHoBfWbelyBPLsUlwY1GwNDJo3jSJO04KZ33K2bwfV9YBauFfnzvynJ\";s:12:\"js/brands.js\";s:71:\"sha384-sCI3dTBIJuqT6AwL++zH7qL8ZdKaHpxU43dDt9SyOzimtQ9eyRhkG3B7KMl6AO19\";s:17:\"js/fontawesome.js\";s:71:\"sha384-7ox8Q2yzO/uWircfojVuCQOZl+ZZBg2D2J5nkpLqzH1HY0C1dHlTKIbpRz/LG23c\";s:13:\"js/regular.js\";s:71:\"sha384-t7yHmUlwFrLxHXNLstawVRBMeSLcXTbQ5hsd0ifzwGtN7ZF7RZ8ppM7Ldinuoiif\";s:11:\"js/solid.js\";s:71:\"sha384-+Ga2s7YBbhOD6nie0DzrZpJes+b2K1xkpKxTFFcx59QmVPaSA8c7pycsNaFwUK6l\";s:14:\"js/v4-shims.js\";s:71:\"sha384-4CnzNxEP5RK316IYY2+W4hc05uJdfd+p9iNVeNG9Ws3Qxf5tKolysO9wu/8rloj2\";}s:3:\"pro\";a:14:{s:11:\"css/all.css\";s:71:\"sha384-OGsxOZf8qnUumoWWSmTqXMPSNI9URpNYN35fXDb5Cv5jT6OR673ah1e5q+9xKTq6\";s:14:\"css/brands.css\";s:71:\"sha384-VRONz34zTLl4P+DLYyJ8kP8C3tB1PGtqL5p8nBAvHuoc1u32bR3RHixrjffD8Fly\";s:19:\"css/fontawesome.css\";s:71:\"sha384-+5VkSw5C1wIu2iUZEfX77QSYRb5fhjmEsRn8u4r9Ma8mvu/GvTag4LDSEAw7RjXl\";s:13:\"css/light.css\";s:71:\"sha384-shmfBA2CRxp88gq8NcvWbEN8KExYU4uvQUBEG36BStGZ5k91nGKE4wDvvWvuimbu\";s:15:\"css/regular.css\";s:71:\"sha384-0w6MzzKHIB9cUlfWSmSp1Pj6XqGGDseWSMz1Yppk3UOc1dhYhpFx1AuCkMBECEvC\";s:13:\"css/solid.css\";s:71:\"sha384-+iHwwKZGTdlVFbv4fsKmLkogfdKlp47zQGkSMDN3ANc8kXjyKudKvQwinI5VH+2C\";s:19:\"css/svg-with-js.css\";s:71:\"sha384-b2wDmqWyAwmI2rS5ut5UweBS1V32L/k1+2Oo7eCaHdXOS/1bFwC8AKevTI6N28LN\";s:9:\"js/all.js\";s:71:\"sha384-816IUmmhAwCMonQiPZBO/PTgzgsjHtpb78rpsLzldhb4HZjFzBl06Z3eu4ZuwHTz\";s:12:\"js/brands.js\";s:71:\"sha384-gJijC/2qM/p3zm2wHECHX1OMLdzlu61sNp7YfmFQxo+OyT9hO1orX7MmnHhaoXQ4\";s:17:\"js/fontawesome.js\";s:71:\"sha384-Ht3fAeBiX/rVmKVyMwONAIIt0aRoPzZgq1FzdRgR9zFo+Kcd8YDwUbFlTItfaYW4\";s:11:\"js/light.js\";s:71:\"sha384-mfSnp84URDGC1t+cg63LgVKwEs63ulRUpjNneyDZMGMAE9ZKUNZ85rMBMHucGLYP\";s:13:\"js/regular.js\";s:71:\"sha384-SIp/+zr0hyfSVIQPkAwB/L1h4fph6T3CmU4mE7IFtGJlgwoCko0Bye/1J0sjyh4v\";s:11:\"js/solid.js\";s:71:\"sha384-jTxqWCb7UqRDQDd2Nkuh5BkHe9k+ElbFLa3NaJfid5kBK/+cVktzVRXrw0isFWxf\";s:14:\"js/v4-shims.js\";s:71:\"sha384-w/sFNq23wbOXJOUpFyISABLXk9tA4Z8r9hl80er2mobEwgS7VXXYDANaWyrCWe3/\";}}}s:5:\"5.0.9\";a:1:{s:3:\"sri\";a:2:{s:4:\"free\";a:12:{s:11:\"css/all.css\";s:71:\"sha384-5SOiIsAziJl6AWe0HWRKTXlfcSHKmYV4RBF18PPJ173Kzn7jzMyFuTtk8JA7QQG1\";s:14:\"css/brands.css\";s:71:\"sha384-ATC/oZittI09GYIoscTZKDdBr/kI3lCwzw3oBMnOYCPVNJ4i7elNlCxSgLfdfFbl\";s:19:\"css/fontawesome.css\";s:71:\"sha384-Lyz+8VfV0lv38W729WFAmn77iH5OSroyONnUva4+gYaQTic3iI2fnUKtDSpbVf0J\";s:15:\"css/regular.css\";s:71:\"sha384-seionXF7gEANg+LFxIOw3+igh1ZAWgHpNR8SvE64G/Zgmjd918dTL55e8hOy7P4T\";s:13:\"css/solid.css\";s:71:\"sha384-29Ax2Ao1SMo9Pz5CxU1KMYy+aRLHmOu6hJKgWiViCYpz3f9egAJNwjnKGgr+BXDN\";s:19:\"css/svg-with-js.css\";s:71:\"sha384-Hl6tZnMfNiJHYyFxpmnRV8+pziARxY3X/4XWfFXldG7sdkkLv+Od2Gpc57P7C1g6\";s:9:\"js/all.js\";s:71:\"sha384-8iPTk2s/jMVj81dnzb/iFR2sdA7u06vHJyyLlAd4snFpCl/SnyUjRrbdJsw1pGIl\";s:12:\"js/brands.js\";s:71:\"sha384-qJKAzpOXfvmSjzbmsEtlYziSrpVjh5ROPNqb8UZ60myWy7rjTObnarseSKotmJIx\";s:17:\"js/fontawesome.js\";s:71:\"sha384-2IUdwouOFWauLdwTuAyHeMMRFfeyy4vqYNjodih+28v2ReC+8j+sLF9cK339k5hY\";s:13:\"js/regular.js\";s:71:\"sha384-BazKgf1FxrIbS1eyw7mhcLSSSD1IOsynTzzleWArWaBKoA8jItTB5QR+40+4tJT1\";s:11:\"js/solid.js\";s:71:\"sha384-P4tSluxIpPk9wNy8WSD8wJDvA8YZIkC6AQ+BfAFLXcUZIPQGu4Ifv4Kqq+i2XzrM\";s:14:\"js/v4-shims.js\";s:71:\"sha384-9f5gaI9TkuYhi5O/inzfdOXx2nkIhDsLtXqBNmtY6/c5PoqXfd0U2DAjqQVSCXQh\";}s:3:\"pro\";a:14:{s:11:\"css/all.css\";s:71:\"sha384-L+XK540vkePe55E7PAfByfvW0XpsyYpsifTpgh/w8WvH6asVg/c2zqp0EfZfZTbF\";s:14:\"css/brands.css\";s:71:\"sha384-+LMmZxgyldhNCY6nei3oAWJjHbpbROtVb+f5Ux/nahA+Xjm3wcNdu7zyB39Yj38S\";s:19:\"css/fontawesome.css\";s:71:\"sha384-31qpW3hduWGiGey9tdI9rBBxiog5pxZbPiAlD6YKIgy0P2V1meprKhvpk+xJDkMw\";s:13:\"css/light.css\";s:71:\"sha384-wD8IB6DSQidXyIWfwBrsFwTaHTQDsgzyeqzhd1jNdBZHvGSa7KRGb6Q5sMlroCyk\";s:15:\"css/regular.css\";s:71:\"sha384-hJbmKHxbgrH79UtKxubo1UTe96bOL4Xfhjaqr0csD1UMPEPbeV+446QAC+IGxY+b\";s:13:\"css/solid.css\";s:71:\"sha384-k8v16DuQ4ZFtRfpTeqTW4tcHIj5tkvUNQm1QiLs90XiToLzyFeV+yxujHjSZ2wim\";s:19:\"css/svg-with-js.css\";s:71:\"sha384-yVUvm1bVSmayKKt0YHPKotNQzlBvgNhEBbQ6U1d38bjpapXMVmE+SLXrpQ9td4Ij\";s:9:\"js/all.js\";s:71:\"sha384-DtPgXIYsUR6lLmJK14ZNUi11aAoezQtw4ut26Zwy9/6QXHH8W3+gjrRDT+lHiiW4\";s:12:\"js/brands.js\";s:71:\"sha384-yIJb2TJeTM04vupX+3lv0Qp9j0Pnk8Qm9UPYlXr3H0ROCHNNLoacpS++HWDabbzi\";s:17:\"js/fontawesome.js\";s:71:\"sha384-8QYlVHotqQzcAVhJny7MO9ZR0hASr6cRCpURV+EobTTAv5wftkn4i+U6UrMqoCis\";s:11:\"js/light.js\";s:71:\"sha384-06sraYAcw8BzUjsPn5z8Qi/QAA2/ZJl5GN3LGtRp7k+tZpu7kw+sRNXDDTU4RkOt\";s:13:\"js/regular.js\";s:71:\"sha384-C6h/8oKUfY6cVuGfFSu9uGIlFkaD1u1j+ByYGFTdFbOpHOHpw39lKxqEpRgLQg6A\";s:11:\"js/solid.js\";s:71:\"sha384-nISI3wKDp2gWn9L91zXOKXZ6JPt2mteGTnaJAMfeNgAoeLKl2AQsWLH69HMmBXHa\";s:14:\"js/v4-shims.js\";s:71:\"sha384-vuyo8HdrwozCl2DhHOJ40ytjEx9FGy0cqu8i5GHeIoSUm6MPgqCXAVoUIsudKfuE\";}}}s:6:\"5.0.10\";a:1:{s:3:\"sri\";a:2:{s:4:\"free\";a:12:{s:11:\"css/all.css\";s:71:\"sha384-+d0P83n9kaQMCwj8F4RJB66tzIwOKmrdb46+porD/OvrJ+37WqIM7UoBtwHO6Nlg\";s:14:\"css/brands.css\";s:71:\"sha384-KtmfosZaF4BaDBojD9RXBSrq5pNEO79xGiggBxf8tsX+w2dBRpVW5o0BPto2Rb2F\";s:19:\"css/fontawesome.css\";s:71:\"sha384-8WwquHbb2jqa7gKWSoAwbJBV2Q+/rQRss9UXL5wlvXOZfSodONmVnifo/+5xJIWX\";s:15:\"css/regular.css\";s:71:\"sha384-R7FIq3bpFaYzR4ogOiz75MKHyuVK0iHja8gmH1DHlZSq4tT/78gKAa7nl4PJD7GP\";s:13:\"css/solid.css\";s:71:\"sha384-HTDlLIcgXajNzMJv5hiW5s2fwegQng6Hi+fN6t5VAcwO/9qbg2YEANIyKBlqLsiT\";s:19:\"css/svg-with-js.css\";s:71:\"sha384-ucawWSvpdgQ67m4VQzI6qBOHIsGRoY2soJtCkkp15b6IaNCLgauWkbKR8SAuiDQ7\";s:9:\"js/all.js\";s:71:\"sha384-slN8GvtUJGnv6ca26v8EzVaR9DC58QEwsIk9q1QXdCU8Yu8ck/tL/5szYlBbqmS+\";s:12:\"js/brands.js\";s:71:\"sha384-6jhVhr5a+Z1nLr9h+fd7ocMEo847wnGFelCHddaOOACUeZNoQwFXTxh4ysXVam8u\";s:17:\"js/fontawesome.js\";s:71:\"sha384-M2FSA4xMm1G9m4CNXM49UcDHeWcDZNucAlz1WVHxohug0Uw1K+IpUhp/Wjg0y6qG\";s:13:\"js/regular.js\";s:71:\"sha384-JWLWlnwX0pRcCBsI3ZzOEyVDoUmngnFnbXR9VedCc3ko4R3xDG+KTMYmVciWbf4N\";s:11:\"js/solid.js\";s:71:\"sha384-Q7KAHqDd5trmfsv85beYZBsUmw0lsreFBQZfsEhzUtUn5HhpjVzwY0Aq4z8DY9sA\";s:14:\"js/v4-shims.js\";s:71:\"sha384-RLvgmog5EsZMMDnT3uJo6ScffPHTtMbhtV8pcT8kP5UJzlVRU1SP9Hccelk3zYZc\";}s:3:\"pro\";a:14:{s:11:\"css/all.css\";s:71:\"sha384-KwxQKNj2D0XKEW5O/Y6haRH39PE/xry8SAoLbpbCMraqlX7kUP6KHOnrlrtvuJLR\";s:14:\"css/brands.css\";s:71:\"sha384-cyAsyPMdnj21FGg6BEGfZdZ99a/opKBeFa8z5VoHPsPj+tLRYSxkRlPWnGkCJGyA\";s:19:\"css/fontawesome.css\";s:71:\"sha384-HE+OCjOJOPZavEcVffA6E24sIfY2RwV4JRieXa/3N5iCY8vgnTwZemElENQ8ak/K\";s:13:\"css/light.css\";s:71:\"sha384-k/d3hya1Xwx/V3yLAr7/6ibFaFIaN+xeY1eIv42A1Bn2HgfB+/YjLscji1sHLOkb\";s:15:\"css/regular.css\";s:71:\"sha384-D4yOV+i5oKU6w8CiadBDVtSim/UXmlmQfrIdRsuKT3nYhiF/Tb6YLQtyF9l0vqQF\";s:13:\"css/solid.css\";s:71:\"sha384-WjYgBJXUWNFTzFd4wNJuzUZx28GSgjzXrPO4LJrng96HFrI/nLrG1R5NET65v1yR\";s:19:\"css/svg-with-js.css\";s:71:\"sha384-S/uB02cfkgX8kd+j6f3gmw/PPTg8xSiE/w6d8dE852PzHXkGBYLrqpWFse9hInR2\";s:9:\"js/all.js\";s:71:\"sha384-+1nLPoB0gaUktsZJP+ycZectl3GX7wP8Xf2PE/JHrb7X1u7Emm+v7wJMbAcPr8Ge\";s:12:\"js/brands.js\";s:71:\"sha384-OwdVp9K/baqiXthTvRnYzMcsTaqwG19SfDkTRc/GBIhK9eYlWVVBEvLlueA0STAP\";s:17:\"js/fontawesome.js\";s:71:\"sha384-TxXqLyCP6HYGVtr9V1M1rQE7IMbBEZoDdOX+MFeYNbWNwopWKVQM8NyqtU2x+5t2\";s:11:\"js/light.js\";s:71:\"sha384-rv/n2A+UxOzR1qs4wrcOtJ7Ai5Hcn3QQ8tvEkOo5lCvqCD3xwpeO3KZP18JpSXr3\";s:13:\"js/regular.js\";s:71:\"sha384-QNGmoJVI8f07j7N4+DSn4Cdob1PTBJOR6jRGwUwqSPyL2HmvWaBPXuSXOcStGo9D\";s:11:\"js/solid.js\";s:71:\"sha384-m3J/Wb6KcNkFJIpCugSSJITG80sKhEA+16UCFdq1LnpMTOCXwwpeyrE1FmyqoArv\";s:14:\"js/v4-shims.js\";s:71:\"sha384-H+U1wWQdWbEtuQPJ4ZpMl8yWydI6xc/306L/NZkpGY8BGpeSpu39V20x03S3xcMw\";}}}s:6:\"5.0.12\";a:1:{s:3:\"sri\";a:2:{s:4:\"free\";a:12:{s:11:\"css/all.css\";s:71:\"sha384-G0fIWCsCzJIMAVNQPfjH08cyYaUtMwjJwqiRKxxE/rx96Uroj1BtIQ6MLJuheaO9\";s:14:\"css/brands.css\";s:71:\"sha384-Pln/erVatVEIIVh7sfyudOXs5oajCSHg7l5e2Me02e3TklmDuKEhQ8resTIwyI+w\";s:19:\"css/fontawesome.css\";s:71:\"sha384-rnr8fdrJ6oj4zli02To2U/e6t1qG8dvJ8yNZZPsKHcU7wFK3MGilejY5R/cUc5kf\";s:15:\"css/regular.css\";s:71:\"sha384-RGDxJbFQcd3/Rei8rYb+3xO3YREd0abxm8WfLkYj7j4HHo5ZVuNUGVx8H8GbpFTQ\";s:13:\"css/solid.css\";s:71:\"sha384-VxweGom9fDoUf7YfLTHgO0r70LVNHP5+Oi8dcR4hbEjS8UnpRtrwTx7LpHq/MWLI\";s:19:\"css/svg-with-js.css\";s:71:\"sha384-N44Xrku5FaDiZLZ8lncIZLh+x9xiqk1r0NTlUJQ5xanSpdORyQHP4Zp2WQJ9GlpJ\";s:9:\"js/all.js\";s:71:\"sha384-Voup2lBiiyZYkRto2XWqbzxHXwzcm4A5RfdfG6466bu5LqjwwrjXCMBQBLMWh7qR\";s:12:\"js/brands.js\";s:71:\"sha384-BPIhZF7kZGuZzBS4SP/oIqzpxWuOUtsPLUTVGpGw+EtB1wKt1hv63jb2OCroS3EX\";s:17:\"js/fontawesome.js\";s:71:\"sha384-6AOxTjzzZLvbTJayrLOYweuPckqh0rrB4Sj+Js8Vzgr85/qm2e0DRqi+rBzyK52J\";s:13:\"js/regular.js\";s:71:\"sha384-6XNKyHeL6pEPXURVNSKQ0lUP80a5FHqN0oFqSSS8Qviyy2u0KmCMJlQ5iLiAAPBg\";s:11:\"js/solid.js\";s:71:\"sha384-652/z7yNdGONCCBu0u5h5uF9voJhBdgruAuIDVheEaQ7O/ZC9wyyV+yZsYb32Wy7\";s:14:\"js/v4-shims.js\";s:71:\"sha384-STc8Gazx86A+NmeBWQTqa5Ob1wGSRQZevexYiUkKdiqZhi5LSZ28XYAvgptHK5HH\";}s:3:\"pro\";a:14:{s:11:\"css/all.css\";s:71:\"sha384-HX5QvHXoIsrUAY0tE/wG8+Wt1MwvaY28d9Zciqcj6Ob7Tw99tFPo4YUXcZw9l930\";s:14:\"css/brands.css\";s:71:\"sha384-M4owBK0KiG0Vz+G5z/8v8tBb1+w9ts66Z6xKkZEPgBwzISkrcNra4GxZcvJPyaGB\";s:19:\"css/fontawesome.css\";s:71:\"sha384-ZDxYpspDwfEsC0ZJDb74i/Rqjb1CnX3a69Dz9vXv4PvvlTEkgMI02TATTRNJoZ06\";s:13:\"css/light.css\";s:71:\"sha384-PWGGmWk9+xVydf1Gzso0ouaikBBKLu4nCY52q+tBUMq5iXmRhpgTuDkjbtxZ1rXT\";s:15:\"css/regular.css\";s:71:\"sha384-tYZB+BP2inzRg01pQhSlW4Tloc0ULXYGiBaf5kSB5Tb3+l84bJy+PKerqziKz3iv\";s:13:\"css/solid.css\";s:71:\"sha384-KY40QRrgoQAM9BPN+gm7JoK30M/P6QqKRCbXUS3uWbPfycyiVeEsPkGNMhcNL3DU\";s:19:\"css/svg-with-js.css\";s:71:\"sha384-ubRAMbpAKC+ULwg5mkUQLFReIXq1yeiKIcfV7cYp+rEaeINfEglYX6JOte80PCDk\";s:9:\"js/all.js\";s:71:\"sha384-quzri7saio48xMf3ED3HiI5YaItt68Q+0J3qc9EIfk1jk3QqCJhS24l6CZpUGfEe\";s:12:\"js/brands.js\";s:71:\"sha384-QlvHmHtevrYI4s/vdiK6chTDouw2pRA5av6ZLVtENubkoCgSZz4ZaXVvplQ1FRPs\";s:17:\"js/fontawesome.js\";s:71:\"sha384-CUrLKzrygRugRUPtEJ1u4nV4Ec6GnuDMRDGaxfoFXLI+sraWS6rqGg2Sjfs6BTet\";s:11:\"js/light.js\";s:71:\"sha384-z7YlG414oqy0TO7qY/nGfC8zd1LL8JAX3iNQ3iLybUIziHzaMYqBwUvhizEwV0Fd\";s:13:\"js/regular.js\";s:71:\"sha384-p/qo0lifpToZ0ubNiv1WFzlmYJU+BOenvU+evARCvCqALvbpZuqmZQ207vmYD6QL\";s:11:\"js/solid.js\";s:71:\"sha384-y//1Knkpeyl2S568g2ECqUA4n3MKf+kpj1/sfjUQbR1WtBPONceBHrQVMiAqfjLH\";s:14:\"js/v4-shims.js\";s:71:\"sha384-6+8zJP76v3EziONR2vMd32iSU3qbdicAE8KNp+NWniM6mBmvN80NlY+sbvCO+w7M\";}}}s:6:\"5.0.13\";a:1:{s:3:\"sri\";a:2:{s:4:\"free\";a:12:{s:11:\"css/all.css\";s:71:\"sha384-DNOHZ68U8hZfKXOrtjWvjxusGo9WQnrNx2sqG0tfsghAvtVlRW3tvkXWZh58N9jp\";s:14:\"css/brands.css\";s:71:\"sha384-VGCZwiSnlHXYDojsRqeMn3IVvdzTx5JEuHgqZ3bYLCLUBV8rvihHApoA1Aso2TZA\";s:19:\"css/fontawesome.css\";s:71:\"sha384-GVa9GOgVQgOk+TNYXu7S/InPTfSDTtBalSgkgqQ7sCik56N9ztlkoTr2f/T44oKV\";s:15:\"css/regular.css\";s:71:\"sha384-EWu6DiBz01XlR6XGsVuabDMbDN6RT8cwNoY+3tIH+6pUCfaNldJYJQfQlbEIWLyA\";s:13:\"css/solid.css\";s:71:\"sha384-Rw5qeepMFvJVEZdSo1nDQD5B6wX0m7c5Z/pLNvjkB14W6Yki1hKbSEQaX9ffUbWe\";s:19:\"css/svg-with-js.css\";s:71:\"sha384-LAtyQAMHxrIJzktG06ww5mJ0KQ+uCqQIJFjwj+ceCjUlZ2jkLwJZt1nBGw4KaFEZ\";s:9:\"js/all.js\";s:71:\"sha384-xymdQtn1n3lH2wcu0qhcdaOpQwyoarkgLVxC/wZ5q7h9gHtxICrpcaSUfygqZGOe\";s:12:\"js/brands.js\";s:71:\"sha384-G/XjSSGjG98ANkPn82CYar6ZFqo7iCeZwVZIbNWhAmvCF2l+9b5S21K4udM7TGNu\";s:17:\"js/fontawesome.js\";s:71:\"sha384-6OIrr52G08NpOFSZdxxz1xdNSndlD4vdcf/q2myIUVO0VsqaGHJsB0RaBE01VTOY\";s:13:\"js/regular.js\";s:71:\"sha384-IJ3h7bJ6KqiB70L7/+fc44fl+nKF5eOFkgM9l/zZii9xs7W2aJrwIlyHZiowN+Du\";s:11:\"js/solid.js\";s:71:\"sha384-tzzSw1/Vo+0N5UhStP3bvwWPq+uvzCMfrN1fEFe+xBmv1C/AtVX5K0uZtmcHitFZ\";s:14:\"js/v4-shims.js\";s:71:\"sha384-qqI1UsWtMEdkxgOhFCatSq+JwGYOQW+RSazfcjlyZFNGjfwT/T1iJ26+mp70qvXx\";}s:3:\"pro\";a:14:{s:11:\"css/all.css\";s:71:\"sha384-oi8o31xSQq8S0RpBcb4FaLB8LJi9AT8oIdmS1QldR8Ui7KUQjNAnDlJjp55Ba8FG\";s:14:\"css/brands.css\";s:71:\"sha384-t3MQUMU0g3tY/0O/50ja6YVaEFYwPpOiPbrHk9p5DmYtkHJU2U1/ujNhYruOJwcj\";s:19:\"css/fontawesome.css\";s:71:\"sha384-LDuQaX4rOgqi4rbWCyWj3XVBlgDzuxGy/E6vWN6U7c25/eSJIwyKhy9WgZCHQWXz\";s:13:\"css/light.css\";s:71:\"sha384-d8NbeymhHpk+ydwT2rk4GxrRuC9pDL/3A6EIedSEYb+LE+KQ5QKgIWTjYwHj/NBs\";s:15:\"css/regular.css\";s:71:\"sha384-HLkkol/uuRVQDnHaAwidOxb1uCbd78FoGV/teF8vONYKRP9oPQcBZKFdi3LYDy/C\";s:13:\"css/solid.css\";s:71:\"sha384-drdlAcijFWubhOfj9OS/gy2Gs34hVhVT90FgJLzrldrLI+7E7lwBxmanEEhKTRTS\";s:19:\"css/svg-with-js.css\";s:71:\"sha384-8YpCivPy+AkMdZ0uAvEP04Gs77AN/6mS5AmZqkCwniP51zSG8rCMaH06OYuC4iXd\";s:9:\"js/all.js\";s:71:\"sha384-d84LGg2pm9KhR4mCAs3N29GQ4OYNy+K+FBHX8WhimHpPm86c839++MDABegrZ3gn\";s:12:\"js/brands.js\";s:71:\"sha384-44Hl7UlQr9JXHFcZOp9qWHk2H1lrsAN/cG3GNgB2JqbciecuJ2/B9sjelOMttzBM\";s:17:\"js/fontawesome.js\";s:71:\"sha384-BUkEHIKZJ0ussRY3zYfFL7R0LpqWmucr9K38zMTJWdGQywTjmzbejVSNIHuNEhug\";s:11:\"js/light.js\";s:71:\"sha384-+iGqamqASU/OvBgGwlIHH6HSEgiluzJvTqcjJy8IN9QG9aUfd0z0pKpTlH7TpU7X\";s:13:\"js/regular.js\";s:71:\"sha384-1bAvs6o5Yb7MMzvTI3oq2qkreCQFDXb6KISLBhrHR+3sJ/mm7ZWfnQVRwScbPEmd\";s:11:\"js/solid.js\";s:71:\"sha384-CucLC75yxFXtBjA/DCHWMS14abAUhf5HmFRdHyKURqqLqi3OrLsyhCyqp83qjiOR\";s:14:\"js/v4-shims.js\";s:71:\"sha384-LDfu/SrM7ecLU6uUcXDDIg59Va/6VIXvEDzOZEiBJCh148mMGba7k3BUFp1fo79X\";}}}s:5:\"5.1.0\";a:1:{s:3:\"sri\";a:2:{s:4:\"free\";a:13:{s:11:\"css/all.css\";s:71:\"sha384-lKuwvrZot6UHsBSfcMvOkWwlCMgc0TaWr+30HWe3a4ltaBwTZhyTEggF5tJv8tbt\";s:14:\"css/brands.css\";s:71:\"sha384-7xAnn7Zm3QC1jFjVc1A6v/toepoG3JXboQYzbM0jrPzou9OFXm/fY6Z/XiIebl/k\";s:19:\"css/fontawesome.css\";s:71:\"sha384-ozJwkrqb90Oa3ZNb+yKFW2lToAWYdTiF1vt8JiH5ptTGHTGcN7qdoR1F95e0kYyG\";s:15:\"css/regular.css\";s:71:\"sha384-avJt9MoJH2rB4PKRsJRHZv7yiFZn8LrnXuzvmZoD3fh1aL6aM6s0BBcnCvBe6XSD\";s:13:\"css/solid.css\";s:71:\"sha384-TbilV5Lbhlwdyc4RuIV/JhD8NR+BfMrvz4BL5QFa2we1hQu6wvREr3v6XSRfCTRp\";s:19:\"css/svg-with-js.css\";s:71:\"sha384-5aLiCANDiVeIiNfzcW+kXWzWdC6riDYfxLS6ifvejaqYOiEufCh0zVLMkW4nr8iC\";s:16:\"css/v4-shims.css\";s:71:\"sha384-epK5t6ciulYxBQbRDZyYJFVuWey/zPlkBIbv6UujFdGiIwQCeWOyv5PVp2UQXbr2\";s:9:\"js/all.js\";s:71:\"sha384-3LK/3kTpDE/Pkp8gTNp2gR/2gOiwQ6QaO7Td0zV76UFJVhqLl4Vl3KL1We6q6wR9\";s:12:\"js/brands.js\";s:71:\"sha384-ZqDZAkGUHrXxm3bvcTCmQWz4lt7QGLxzlqauKOyLwg8U0wYcYPDIIVTbZZXjbfsM\";s:17:\"js/fontawesome.js\";s:71:\"sha384-juNb2Ils/YfoXkciRFz//Bi34FN+KKL2AN4R/COdBOMD9/sV/UsxI6++NqifNitM\";s:13:\"js/regular.js\";s:71:\"sha384-Y+AVd32cSTAMpwehrH10RiRmA28kvu879VbHTG58mUFhd+Uxl/bkAXsgcIesWn3a\";s:11:\"js/solid.js\";s:71:\"sha384-Z7p3uC4xXkxbK7/4keZjny0hTCWPXWfXl/mJ36+pW7ffAGnXzO7P+iCZ0mZv5Zt0\";s:14:\"js/v4-shims.js\";s:71:\"sha384-3qT9zZfeo1gcy2NmVv5dAhtOYkj91cMLXRkasOiRB/v+EU3G+LZUyk5uqZQdIPsV\";}s:3:\"pro\";a:15:{s:11:\"css/all.css\";s:71:\"sha384-87DrmpqHRiY8hPLIr7ByqhPIywuSsjuQAfMXAE0sMUpY3BM7nXjf+mLIUSvhDArs\";s:14:\"css/brands.css\";s:71:\"sha384-C1HxUFJBptCeaMsYCbPUw8fdL2Cblu3mJZilxrfujE+7QLr8BfuzBl5rPLNM61F6\";s:19:\"css/fontawesome.css\";s:71:\"sha384-PnWzJku7hTqk2JREATthkLpYeVVGcBbXG5yEzk7hD2HIr/VxffIDfNSR7p7u4HUy\";s:13:\"css/light.css\";s:71:\"sha384-ANTAgj8tbw0vj4HgQ4HsB886G2pH15LXbruHPCBcUcaPAtn66UMxh8HQcb1cH141\";s:15:\"css/regular.css\";s:71:\"sha384-6kuJOVhnZHzJdVIZJcWiMZVi/JwinbqLbVxIbR73nNqXnYJDQ5TGtf+3XyASO4Am\";s:13:\"css/solid.css\";s:71:\"sha384-rvfDcG9KDoxdTesRF/nZ/sj8CdQU+hy6JbNMwxUTqpoI2LaPK8ASQk6E4bgabrox\";s:19:\"css/svg-with-js.css\";s:71:\"sha384-/h6SKuA/ysT91EgYEGm9B6Z6zlaxuvKeW/JB7FWdGwCFalafxmGzJE2a63hS1BLm\";s:16:\"css/v4-shims.css\";s:71:\"sha384-2RBBYH6GaI11IJzJ6V1eL7kXXON+epoQIt+HqpzQdBrtyT7gNwKPDxo2roxUbtW9\";s:9:\"js/all.js\";s:71:\"sha384-E5SpgaZcbSJx0Iabb3Jr2AfTRiFnrdOw1mhO19DzzrT9L+wCpDyHUG2q07aQdO6E\";s:12:\"js/brands.js\";s:71:\"sha384-QPbiRUBnwCr8JYNjjm7CB0QP9h4MLvWUZhsChFX6dLzRkY22/nAxVYqa5nUTd6PL\";s:17:\"js/fontawesome.js\";s:71:\"sha384-ckjcH5WkBMAwWPjTJiy7K2LaLp37yyCVKAs3DKjhPdo0lRCDIScolBzRsuaSu+bQ\";s:11:\"js/light.js\";s:71:\"sha384-77i21WTcIcnSPKxwR794RLUQitpNqm6K3Fxsjx8hgoc3ZZbPJu5orgvU/7xS3EFq\";s:13:\"js/regular.js\";s:71:\"sha384-S21AhcbZ5SXPXH+MH7JuToqmKYXviahLaD1s9yApRbu1JDiMjPBGQIw/3PCHKUio\";s:11:\"js/solid.js\";s:71:\"sha384-q6QALO/4RSDjqnloeDcGnkB0JdK3MykIi6dUW5YD66JHE3JFf8rwtV5AQdYHdE0X\";s:14:\"js/v4-shims.js\";s:71:\"sha384-9gfBAY6DS3wT0yuvYN1aaA1Q9R0fYQHliQWLChuYDWJJ0wQJpoNZrzlcqd4+qqny\";}}}s:5:\"5.1.1\";a:1:{s:3:\"sri\";a:2:{s:4:\"free\";a:13:{s:11:\"css/all.css\";s:71:\"sha384-O8whS3fhG2OnA5Kas0Y9l3cfpmYjapjI0E4theH4iuMD+pLhbf6JI0jIMfYcK3yZ\";s:14:\"css/brands.css\";s:71:\"sha384-SYNjKRRe+vDW0KSn/LrkhG++hqCLJg9ev1jIh8CHKuEA132pgAz+WofmKAhPpTR7\";s:19:\"css/fontawesome.css\";s:71:\"sha384-0b7ERybvrT5RZyD80ojw6KNKz6nIAlgOKXIcJ0CV7A6Iia8yt2y1bBfLBOwoc9fQ\";s:15:\"css/regular.css\";s:71:\"sha384-QNorH84/Id/CMkUkiFb5yTU3E/qqapnCVt6k5xh1PFIJ9hJ8VfovwwH/eMLQTjGS\";s:13:\"css/solid.css\";s:71:\"sha384-S2gVFTIn1tJ/Plf+40+RRAxBCiBU5oAMFUJxTXT3vOlxtXm7MGjVj62mDpbujs4C\";s:19:\"css/svg-with-js.css\";s:71:\"sha384-EH3TEAKYd7R0QbCS4OFuYoEpaXITVg5c/gdZ/beEaAbRjMGVuVLLFjiIKOneCzGZ\";s:16:\"css/v4-shims.css\";s:71:\"sha384-LCsPWAjCFLDeFHB5Y0SBIOqgC5othK8pIZiJAdbJDiN10B2HXEm1mFNHtED8cViz\";s:9:\"js/all.js\";s:71:\"sha384-BtvRZcyfv4r0x/phJt9Y9HhnN5ur1Z+kZbKVgzVBAlQZX4jvAuImlIz+bG7TS00a\";s:12:\"js/brands.js\";s:71:\"sha384-0inRy4HkP0hJ038ZyfQ4vLl+F4POKbqnaUB6ewmU4dWP0ki8Q27A0VFiVRIpscvL\";s:17:\"js/fontawesome.js\";s:71:\"sha384-NY6PHjYLP2f+gL3uaVfqUZImmw71ArL9+Roi9o+I4+RBqArA2CfW1sJ1wkABFfPe\";s:13:\"js/regular.js\";s:71:\"sha384-sAzYCvbTTKFOxT4VHu+ZjHRMXjvfjT6TAqOng28g4jba88Peg5+hkoVIqQKGjmj1\";s:11:\"js/solid.js\";s:71:\"sha384-GXi56ipjsBwAe6v5X4xSrVNXGOmpdJYZEEh/0/GqJ3JTHsfDsF8v0YQvZCJYAiGu\";s:14:\"js/v4-shims.js\";s:71:\"sha384-T69Lzd4bE7W8/vVrxvfsx45/AAKf6QmKEg5zSl0v9aZwo/pTKseq81mxdpARTQpx\";}s:3:\"pro\";a:15:{s:11:\"css/all.css\";s:71:\"sha384-xyMU7RufUdPGVOZRrc2z2nRWVWBONzqa0NFctWglHmt5q5ukL22+lvHAqhqsIm3h\";s:14:\"css/brands.css\";s:71:\"sha384-E5dVkWQIVhVPtBz/KK2TS7EM9l1+5XiWFPX7l3+5ayHPwDguGsHqof3GQbk55AS3\";s:19:\"css/fontawesome.css\";s:71:\"sha384-bHoj6f1b1CQ6zapOREeYBO/JnDjeV1fLuKn3KHnbqAAnkLva11KY3m8YyKPVXYLF\";s:13:\"css/light.css\";s:71:\"sha384-EGKQAl6ZrGi/zGxZ4ykVhc/A3tFVeBiLnneETILtcxQnZpo7ejmb4BkNa3zSgo4K\";s:15:\"css/regular.css\";s:71:\"sha384-AKIrAHbICIQF+NEqtykrcdzMjExDiKLa9hOyUVsr4PlHtktH7xaD10vO98UnPjuE\";s:13:\"css/solid.css\";s:71:\"sha384-Ux3tEr1RmnxCht2XbPkWWBuotwMVXKOe0PkWN/nmiD5CSV6Tyjl+Kr0J0iX1yd0q\";s:19:\"css/svg-with-js.css\";s:71:\"sha384-++BmJ9x4V05AhCNnLr/RjPTY4BAFuhZsESUqH5hiwZspBvy7F+DRGvSH8tGHw9P/\";s:16:\"css/v4-shims.css\";s:71:\"sha384-TUicmScQcYANFcc4OQKEX6V1Zek9o9t+dwW/2tZoXmSigBk9JqfHxZZFlSo+0oRl\";s:9:\"js/all.js\";s:71:\"sha384-cHcg4nvWPIGArJhEgL2F5e09Cn1GyPQpNYKbPatFCpDefCbezZjPA3PhLozKTZnv\";s:12:\"js/brands.js\";s:71:\"sha384-KCMfKsP/3VgeibBQRMu4bT+9041Hi2v9PIz9FLOPJBEvxCBklc4o7tRwwQu4FWsT\";s:17:\"js/fontawesome.js\";s:71:\"sha384-EWJRWU7LQt+ri8YtDjTr8adATyP7y8DwlpE8zruoUC4nHNjtWZMU+iPYK+tFaV3U\";s:11:\"js/light.js\";s:71:\"sha384-0rp6k6cJIuLV1ORowDSSKr4VbEqb664PQUWdBvhJyt6IfkshVb0r6UlOkX6yVdaI\";s:13:\"js/regular.js\";s:71:\"sha384-Mw6yr+W+X+ckaAUbsPUb2BcU3Af9aSjmPMIlMr2iplN0VQIpscDWy/VwY5w0sz9w\";s:11:\"js/solid.js\";s:71:\"sha384-PyvJtlnGBA/R+hfVbHbnzfeT8G/iTORqPhR5WKGTQXlfmLe5bV+d64NECHG4sIMa\";s:14:\"js/v4-shims.js\";s:71:\"sha384-rJQjFeDWQReL3KmIeV81jB594CgKx/MmXyAgiuu88Jo253P+PSMgWzivZQtR6N6J\";}}}s:5:\"5.2.0\";a:1:{s:3:\"sri\";a:2:{s:4:\"free\";a:13:{s:11:\"css/all.css\";s:71:\"sha384-hWVjflwFxL6sNzntih27bfxkr27PmbbK/iSvJ+a4+0owXq79v+lsFkW54bOGbiDQ\";s:14:\"css/brands.css\";s:71:\"sha384-nT8r1Kzllf71iZl81CdFzObMsaLOhqBU1JD2+XoAALbdtWaXDOlWOZTR4v1ktjPE\";s:19:\"css/fontawesome.css\";s:71:\"sha384-HbmWTHay9psM8qyzEKPc8odH4DsOuzdejtnr+OFtDmOcIVnhgReQ4GZBH7uwcjf6\";s:15:\"css/regular.css\";s:71:\"sha384-zkhEzh7td0PG30vxQk1D9liRKeizzot4eqkJ8gB3/I+mZ1rjgQk+BSt2F6rT2c+I\";s:13:\"css/solid.css\";s:71:\"sha384-wnAC7ln+XN0UKdcPvJvtqIH3jOjs9pnKnq9qX68ImXvOGz2JuFoEiCjT8jyZQX2z\";s:19:\"css/svg-with-js.css\";s:71:\"sha384-jKeGgxY7zPT61fNXg6OMRDu8vsxOPRLMlgAIUHo1KVag4lyu5B03KsDLYOTMM4ld\";s:16:\"css/v4-shims.css\";s:71:\"sha384-W14o25dsDf2S/y9FS68rJKUyCoBGkLwr8owWTSTTHj4LOoHdrgSxw1cmNQMULiRb\";s:9:\"js/all.js\";s:71:\"sha384-4oV5EgaV02iISL2ban6c/RmotsABqE4yZxZLcYMAdG7FAPsyHYAPpywE9PJo+Khy\";s:12:\"js/brands.js\";s:71:\"sha384-4BRtleJgTYsMKIVuV1Z7lNE29r4MxwKR7u88TWG2GaXsmSljIykt/YDbmKndKGID\";s:17:\"js/fontawesome.js\";s:71:\"sha384-QcnrgQuRmocjIBY6ByWMmDvUg3HO4MSdVjY7ynJwZfvTDhVPPQOUI9TRzc6/7ZO1\";s:13:\"js/regular.js\";s:71:\"sha384-YdSTwqfKxyP06Jj3UzTeumv8M+Pme60+KND4oF+5r5VeUCvdkw7NhSzFYWbe00ba\";s:11:\"js/solid.js\";s:71:\"sha384-YmNA3b9AQuWW8KZguYfqJa/YhKNTwGVD5pQc1cN0ZAVRudFFtR17HR7rooNcVXe4\";s:14:\"js/v4-shims.js\";s:71:\"sha384-rn4uxZDX7xwNq5bkqSbpSQ3s4tK9evZrXAO1Gv9WTZK4p1+NFsJvOQmkos19ebn2\";}s:3:\"pro\";a:15:{s:11:\"css/all.css\";s:71:\"sha384-TXfwrfuHVznxCssTxWoPZjhcss/hp38gEOH8UPZG/JcXonvBQ6SlsIF49wUzsGno\";s:14:\"css/brands.css\";s:71:\"sha384-Ei2oxwH0wpwmp7KPdhYnajC5fWDdMENOjDw9OfzWvcFcOGn0Egy+L5AAculaqBbD\";s:19:\"css/fontawesome.css\";s:71:\"sha384-4eP+1rYQmuI3hxrmyE+GT/EIiNbF4R85ciN3jMpmIh+bU5Hz2IU7AdcVe+JS+AJz\";s:13:\"css/light.css\";s:71:\"sha384-pcDR01P1wNxsYZiEYdROCAYhU2u8VHOctLrYRonRFtkf/TGEQFWt0rqFbPGWlyn4\";s:15:\"css/regular.css\";s:71:\"sha384-g3XsWx0Sqi7JIjLKVnwUxEvqrxTMQPIf3PN+vTdWY2AhduP/rnj0rw89v0nbD4Ro\";s:13:\"css/solid.css\";s:71:\"sha384-B/E/KxBX31kY/5sew+X4c8e6ErosbqOOsA3t4k6VVmx8Hrz//v0tEUtXmUVx9X6Q\";s:19:\"css/svg-with-js.css\";s:71:\"sha384-O6mvz45yC1vfdu/EgUxAoSGrP+sFtepMtj7eOQIW1G3WT9Sj5djActZC0hd/F42D\";s:16:\"css/v4-shims.css\";s:71:\"sha384-2QRS8Mv2zxkE2FAZ5/vfIJ7i0j+oF15LolHAhqFp9Tm4fQ2FEOzgPj4w/mWOTdnC\";s:9:\"js/all.js\";s:71:\"sha384-yBZ34R8uZDBb7pIwm+whKmsCiRDZXCW1vPPn/3Gz0xm4E95frfRNrOmAUfGbSGqN\";s:12:\"js/brands.js\";s:71:\"sha384-eg9wHuvEPj6+GlGomBRaMHLF0QfCnjdASWDKd84DMeM9phhyDaPFou/nHJBt0bz+\";s:17:\"js/fontawesome.js\";s:71:\"sha384-FQUuiJxt9F0hPc9IP3M5ndmqK53iBCGcy4ZSx8QirhYOIs8l7x+e1/zdswyZEigi\";s:11:\"js/light.js\";s:71:\"sha384-glAz6mCeiwAe/kHHHG/OvhrjA4+AH55ZfH8fwYp48YCY61POwUmOrH/oYOaF2Ujy\";s:13:\"js/regular.js\";s:71:\"sha384-8hKZY21U4J3r9N0GFl+24YnDkbRhs8y/nXT6BaZ+sOJDNmz+1DhFawE9UYL37XzB\";s:11:\"js/solid.js\";s:71:\"sha384-1j3ph9Rf+Aaz6rrizz6cdFxU9ZbUyvkbiwQ5+T/BY4I5mk37vUpTA8S9ZZOlfdWu\";s:14:\"js/v4-shims.js\";s:71:\"sha384-aoMjEUBUPf5GpXx1WJUeTZ/gBmGqQB1u8uUc2J5LW2xnQtJKkGulESZ+rkoj182s\";}}}s:5:\"5.3.1\";a:1:{s:3:\"sri\";a:2:{s:4:\"free\";a:13:{s:11:\"css/all.css\";s:71:\"sha384-mzrmE5qonljUremFsqc01SB46JvROS7bZs3IO2EmfFsd15uHvIt+Y8vEf7N7fWAU\";s:14:\"css/brands.css\";s:71:\"sha384-rf1bqOAj3+pw6NqYrtaE1/4Se2NBwkIfeYbsFdtiR6TQz0acWiwJbv1IM/Nt/ite\";s:19:\"css/fontawesome.css\";s:71:\"sha384-1rquJLNOM3ijoueaaeS5m+McXPJCGdr5HcA03/VHXxcp2kX2sUrQDmFc3jR5i/C7\";s:15:\"css/regular.css\";s:71:\"sha384-ZlNfXjxAqKFWCwMwQFGhmMh3i89dWDnaFU2/VZg9CvsMGA7hXHQsPIqS+JIAmgEq\";s:13:\"css/solid.css\";s:71:\"sha384-VGP9aw4WtGH/uPAOseYxZ+Vz/vaTb1ehm1bwx92Fm8dTrE+3boLfF1SpAtB1z7HW\";s:19:\"css/svg-with-js.css\";s:71:\"sha384-4K9ulTwOtsXr+7hczR7fImKfUZY5THwqvfxwPx1VUCEOt4qssi2Vm+kHY7NJQPoy\";s:16:\"css/v4-shims.css\";s:71:\"sha384-lmquXrF9qn7mMo6iRQ662vN44vTTVUBpcdtDFWPxD9uFPqC/aMn6pcQrTTupiv1A\";s:9:\"js/all.js\";s:71:\"sha384-kW+oWsYx3YpxvjtZjFXqazFpA7UP/MbiY4jvs+RWZo2+N94PFZ36T6TFkc9O3qoB\";s:12:\"js/brands.js\";s:71:\"sha384-2vdvXGQdnt+ze3ylY5ESeZ9TOxwxlOsldUzQBwtjvRpen1FwDT767SqyVbYrltjb\";s:17:\"js/fontawesome.js\";s:71:\"sha384-2OfHGv4zQZxcNK+oL8TR9pA+ADXtUODqGpIRy1zOgioC4X3+2vbOAp5Qv7uHM4Z8\";s:13:\"js/regular.js\";s:71:\"sha384-sqmLTIuB+bQgkyOcdJ/hAvXl51Z7qqdK/lcH/rt6sdvDKFincQWI+fVgcDZM6NMz\";s:11:\"js/solid.js\";s:71:\"sha384-GJiigN/ef2B3HMj0haY+eMmG4EIIrhWgGJ2Rv0IaWnNdWdbWPr1sRLkGz7xfjOFw\";s:14:\"js/v4-shims.js\";s:71:\"sha384-DtdEw3/pBQuSag11V3is/UZMjGkGMLDRBgk1UVAOvH6cYoqKjBmCEhePm13skjRV\";}s:3:\"pro\";a:15:{s:11:\"css/all.css\";s:71:\"sha384-9ralMzdK1QYsk4yBY680hmsb4/hJ98xK3w0TIaJ3ll4POWpWUYaA2bRjGGujGT8w\";s:14:\"css/brands.css\";s:71:\"sha384-AOiME8p6xSUbTO/93cbYmpOihKrqxrLjvkT2lOpIov+udKmjXXXFLfpKeqwTjNTC\";s:19:\"css/fontawesome.css\";s:71:\"sha384-Yz2UJoJEWBkb0TBzOd2kozX5/G4+z5WzWMMZz1Np2vwnFjF5FypnmBUBPH2gUa1F\";s:13:\"css/light.css\";s:71:\"sha384-9QuzjQIM/Un6pY9bKVJGLW8PauASO8Mf9y3QcsHhfZSXNyXGoXt/POh3VLeiv4mw\";s:15:\"css/regular.css\";s:71:\"sha384-pofSFWh/aTwxUvfNhg+LRpOXIFViguTD++4CNlmwgXOrQZj1EOJewBT+DmUVeyJN\";s:13:\"css/solid.css\";s:71:\"sha384-wJu5pIbEyJzi+kRgVKVQkPNKI104yNC+IAyK7XXEVGgPGe+LTEERIkpSZbc/wrOx\";s:19:\"css/svg-with-js.css\";s:71:\"sha384-Hmg9TonawJaGH8ayFFnEBwvkx61BYLPAOV7b/YDGQEVIs1jh9pWQigAavMuD+Vc/\";s:16:\"css/v4-shims.css\";s:71:\"sha384-1YFoQoO5Em1oxLErpWpJuswiqPFVHl8HLDUaLjJGJH8+Nra/Y1D6uOZkEgfH5OZf\";s:9:\"js/all.js\";s:71:\"sha384-eAVkiER0fL/ySiqS7dXu8TLpoR8d9KRzIYtG0Tz7pi24qgQIIupp0fn2XA1H90fP\";s:12:\"js/brands.js\";s:71:\"sha384-am5AyalpQCEfbKe6FYiGZc2vX080nrcueZmrbkljxLdQDJ5q5Vu9QDROD/QefEp1\";s:17:\"js/fontawesome.js\";s:71:\"sha384-u3o36ga3mMU6/lK/zdiER4h7pPtAK7wBuN0DrZPH22v01RZL8bKZkULIjxcx2/X/\";s:11:\"js/light.js\";s:71:\"sha384-2R0W5LA7dXp3ze/WhvjXlUcDaHRhtGlKYxN9QMhGDdjmj2EI1bub5ysSwofJwGfI\";s:13:\"js/regular.js\";s:71:\"sha384-EbI+OvKb7noKOfu8MSi/vCbi0KWlM61MjHDmRk4/vwJkPsMIRcJggYLDGWv7VeYY\";s:11:\"js/solid.js\";s:71:\"sha384-U4vTrZsQ4ooEtzL162EZfTtCiJNTXOwGDBzV91//DI5L/h48ibzHBiHJmPLpx2hO\";s:14:\"js/v4-shims.js\";s:71:\"sha384-8e1r0+5VTqCqkg/9vG+cnipytzBkEh9fpESgVwBZAizMkWRfiaTkdhgdnhLGwuPd\";}}}s:5:\"5.4.1\";a:1:{s:3:\"sri\";a:2:{s:4:\"free\";a:13:{s:11:\"css/all.css\";s:71:\"sha384-5sAR7xN1Nv6T6+dT2mhtzEpVJvfS3NScPQTrOxhwjIuvcA67KV2R5Jz6kr4abQsz\";s:14:\"css/brands.css\";s:71:\"sha384-Px1uYmw7+bCkOsNAiAV5nxGKJ0Ixn5nChyW8lCK1Li1ic9nbO5pC/iXaq27X5ENt\";s:19:\"css/fontawesome.css\";s:71:\"sha384-BzCy2fixOYd0HObpx3GMefNqdbA7Qjcc91RgYeDjrHTIEXqiF00jKvgQG0+zY/7I\";s:15:\"css/regular.css\";s:71:\"sha384-4e3mPOi7K1/4SAx8aMeZqaZ1Pm4l73ZnRRquHFWzPh2Pa4PMAgZm8/WNh6ydcygU\";s:13:\"css/solid.css\";s:71:\"sha384-osqezT+30O6N/vsMqwW8Ch6wKlMofqueuia2H7fePy42uC05rm1G+BUPSd2iBSJL\";s:19:\"css/svg-with-js.css\";s:71:\"sha384-2MWWLQq91kFwloAny7gkgoeV33bD/cE3A9ZbB2rCN/YAAR/VEHVoDq6vRJJYTaxM\";s:16:\"css/v4-shims.css\";s:71:\"sha384-YIDcSvDDaIskj/WDlWwjrNdK194YAGWc1CScdo2tXl3IQVS1zS07xQaoAFlXCf1P\";s:9:\"js/all.js\";s:71:\"sha384-L469/ELG4Bg9sDQbl0hvjMq8pOcqFgkSpwhwnslzvVVGpDjYJ6wJJyYjvG3u8XW7\";s:12:\"js/brands.js\";s:71:\"sha384-lc/yFuYW3B0EW9B2QSpod2KeBxq6/ZizGwAW6mRLUe3kKUVlSBfDIVZKwKIz/DBg\";s:17:\"js/fontawesome.js\";s:71:\"sha384-ISRc+776vRkDOTSbmnyoZFmwHy7hw2UR3KJpb4YtcfOyqUqhLGou8j5YmYnvQQJ4\";s:13:\"js/regular.js\";s:71:\"sha384-SQqzt64aAzh3UJ9XghcA//GE8+NxAIRcuCrrekyDokXP6Bbt/FYAFlV6VSPrZKwH\";s:11:\"js/solid.js\";s:71:\"sha384-agDKwSYPuGlC0wD14lKXXwb94jlUkbkoSugquwmKRKWv/nDXe1kApDS/gqUlRQmZ\";s:14:\"js/v4-shims.js\";s:71:\"sha384-/s2EnwEz7C3ziRundAGzeOAoGYffu84oY4SOHjhI/2Wqk3Z0usUm9bjdduzhZ9+z\";}s:3:\"pro\";a:15:{s:11:\"css/all.css\";s:71:\"sha384-POYwD7xcktv3gUeZO5s/9nUbRJG/WOmV6jfEGikMJu77LGYO8Rfs2X7URG822aum\";s:14:\"css/brands.css\";s:71:\"sha384-rmUpvtaCngUop5CYz7WL1LnqkMweXskxP+1AXmkuMSbImsUuy82bUYS4A8Syd3Pf\";s:19:\"css/fontawesome.css\";s:71:\"sha384-PPeKwWhk5XZBVVq089DuhGmjaEVB1r+jdmx6jZrqzlef8ojhZXG+E/D6SP7uO1dk\";s:13:\"css/light.css\";s:71:\"sha384-DZAoxBcs4G15aUXLX4vKbO53ye8L8AB/zg07HOVhIMVclhx8rdWye0AJSQl51ehV\";s:15:\"css/regular.css\";s:71:\"sha384-xKPOvJDwdb/n5w2kh6cxds98Ae2d5N63xkIydEdoYeA2bxIKUmmyU9lZ9j58mLYS\";s:13:\"css/solid.css\";s:71:\"sha384-oT4lQmwnKx98HRnFgaGvgCdjtKOjep9CjfMdAOPtJU8Vy6NY3X34GfqL0H43ydJn\";s:19:\"css/svg-with-js.css\";s:71:\"sha384-j2EtHJUHBAZF9vkmX0TSA/QqYMf0Npp9P2leJGZFDbLHbcI62HH8w7FRcUMNf8Q2\";s:16:\"css/v4-shims.css\";s:71:\"sha384-aaXKvb/d7l2hTm3ZDWCy5v4ct5zXIslt+70K4xalZPLu3ifrkYcG61m4u+DIQGEk\";s:9:\"js/all.js\";s:71:\"sha384-0+tugznPwCEvPiypW+OwmFjAQvRKlgI0ZZZW3nofNlLMmbYXbmNvfX/9up9XQSRs\";s:12:\"js/brands.js\";s:71:\"sha384-ShBqjf9lFG58e2NmhnbVlhAOPCWdzkPbBmAEcQ37Liu3TwOYxIizS7J1P3rRLJHm\";s:17:\"js/fontawesome.js\";s:71:\"sha384-8vKKeD0uIV/HXM5ym3RGB4O7rZ43fCdpiXqP047w7sEE3igcK0Y1U9ApEArcRBDJ\";s:11:\"js/light.js\";s:71:\"sha384-jlaccvPpizUbHU/8pYAsDEwhhBae8MUcYqHHsKkjFcFsEp3Y6LrVXh0GA84aAkTg\";s:13:\"js/regular.js\";s:71:\"sha384-MB7Bz/7e8sBWnZgblSLUfFOOi+V1PIkRG/Ex1NMeu0CovaXCzHyCMwAwOF+FAo1s\";s:11:\"js/solid.js\";s:71:\"sha384-KlTWIsOnBg7LJobQmLsv5fQ1qbx73K+o8/xhoUDoIba13SxF4bT5W2WgV3d8mZIw\";s:14:\"js/v4-shims.js\";s:71:\"sha384-e+EZ4XUeGXVd0FDmP/mFu7FFe+qVX738ayOS2AErNIPSLz5oZ3OgVa9zEyCds3HP\";}}}s:5:\"5.4.2\";a:1:{s:3:\"sri\";a:2:{s:4:\"free\";a:13:{s:11:\"css/all.css\";s:71:\"sha384-/rXc/GQVaYpyDdyxK+ecHPVYJSN9bmVFBvjA/9eOB+pb3F2w2N6fc5qB9Ew5yIns\";s:14:\"css/brands.css\";s:71:\"sha384-BCEeiNUiLzxxoeYaIu7jJqq0aVVz2O2Ig4WbWEmRQ2Dx/AAxNV1wMDBXyyrxw1Zd\";s:19:\"css/fontawesome.css\";s:71:\"sha384-HU5rcgG/yUrsDGWsVACclYdzdCcn5yU8V/3V84zSrPDHwZEdjykadlgI6RHrxGrJ\";s:15:\"css/regular.css\";s:71:\"sha384-OEIzojYBMrmz48aIjVQj7VG38613/sxpP58OW9h5zBYC7biGFlv9tyu5kWmaAYlF\";s:13:\"css/solid.css\";s:71:\"sha384-uKQOWcYZKOuKmpYpvT0xCFAs/wE157X5Ua3H5onoRAOCNkJAMX/6QF0iXGGQV9cP\";s:19:\"css/svg-with-js.css\";s:71:\"sha384-+moUZLBX5mmeUnjaImkzlTo5cXyQWAvzbqQapNFd7+dGIaap0koo0rtfe8lHD38R\";s:16:\"css/v4-shims.css\";s:71:\"sha384-SlbnWxwEHTVYxDLrpIRrG2BpsTpWALbJ6Tx5Fq+XNHRBL7xI6xwhVpuUGrrbLBXe\";s:9:\"js/all.js\";s:71:\"sha384-wp96dIgDl5BLlOXb4VMinXPNiB32VYBSoXOoiARzSTXY+tsK8yDTYfvdTyqzdGGN\";s:12:\"js/brands.js\";s:71:\"sha384-i1RNpxOOEnRm63Ii3TuV0aM8bJ+6Pv6XHpRSJbN7QlIzZIsl7m36R0GhOTTGN3F9\";s:17:\"js/fontawesome.js\";s:71:\"sha384-n1qPouQQJ9VNZnZeNZWSDiclpIOJwZBS2bkD6rEX+DTmMXTKXBVCZw2cGbU/I17z\";s:13:\"js/regular.js\";s:71:\"sha384-Uj7q9rRb3eJNp0j1kXwOBgEWDGbAiJ7Dcuz4hLRQdtza6pawbo/Bmwgr58THzHyR\";s:11:\"js/solid.js\";s:71:\"sha384-OQNCj138epg9A13jaL9L/d5vMlK2jyPL4aOgi37KYt07aZARbv/eFGp/wnrCxkW5\";s:14:\"js/v4-shims.js\";s:71:\"sha384-fzYnAZZYxpOQTjc3Y1eP04DGdMLAy+PeiZ8+ICh4FDLkJR/NJiAgKgK2vEpGx3au\";}s:3:\"pro\";a:15:{s:11:\"css/all.css\";s:71:\"sha384-zhaLg9HKxTxDljOPXpWHGn91XMDH+sYAWRSgvzHes290/ISyrNicGrd6BInTnx3L\";s:14:\"css/brands.css\";s:71:\"sha384-RjTk1OTKX8K8S4QfwhFOfbNSbQxLFgN6jqDw05QuBDDEbc/x6xlPtkPSO4vA1TtI\";s:19:\"css/fontawesome.css\";s:71:\"sha384-XkH+Vmez3OoFo52K+SkBE61xZ7vKh9tF35gL9Yf8rD3RtKUqIQGoTJTsLdR5u8rt\";s:13:\"css/light.css\";s:71:\"sha384-n0uyPlhqrQyWPPzm6+B9xDeZKCD81RgGRsTO7PQt3McgMXSR9zjhGaD5cXHwk+D8\";s:15:\"css/regular.css\";s:71:\"sha384-+OdrK32QtByk1ipA7b4+uLddrcWs2bx3nn37Dl5h98PW1AYKIrRZKveBl6AcpgcD\";s:13:\"css/solid.css\";s:71:\"sha384-SYCdBxlsgGngJi9eiKt5Tk6UtOJs1Jq5eU3yZDZ+hOe0GKk/obXhHy50IYVVdJro\";s:19:\"css/svg-with-js.css\";s:71:\"sha384-3f24zIRoR/ma/cnROK52rTVZpgCXKQ92/89RDq7GO7/9IxIl3VQV/tF6ecGgvUs8\";s:16:\"css/v4-shims.css\";s:71:\"sha384-ah4vMGE5UgKcCIB90FZl8BOcusXAVTm070n1UuOrNQA9QwkgnhqASrop/Oblr6wY\";s:9:\"js/all.js\";s:71:\"sha384-+lZy0zDh4RS9ZG6+Od6x6irKqoBH4NSy0m7IW8UGbzGZ/rupt9Cd9NdEb5S7+V9w\";s:12:\"js/brands.js\";s:71:\"sha384-LVdS6BqWBV1V0OyGzWK0HrGN4uDZbpO6hja1oVh86MhthieoER2crgKS/KsaiN8E\";s:17:\"js/fontawesome.js\";s:71:\"sha384-zMrS036pMtJ0Ukzo5x2YiTrYDGDaoeO8Yd0IHhI/PaEnfrY/nMHqvKME8C7dHhUE\";s:11:\"js/light.js\";s:71:\"sha384-hOiC7FL4572/E3aEEeWM6dF3ch/qFz59R91pAJqjYEKHBXN5u7e2oAYAgeSGF1VB\";s:13:\"js/regular.js\";s:71:\"sha384-f1yYCENdJ+9NE5J2T8weglyMCtTqRJOeGP9qaLwO43aYY0PVeuAfmsGgTegByFW6\";s:11:\"js/solid.js\";s:71:\"sha384-XlRgTEYU6HJ02+ZCuXW2/CgjnpV2+8FuQPTJSJ/+ZCQS5ZXRfIS5FHDRhMvOL++d\";s:14:\"js/v4-shims.js\";s:71:\"sha384-6TX+vqRZyQq+vB25wCb101/vY510EN37QZgs5f1dfG1+QYuIoQGdFFV8sx8W36AL\";}}}s:5:\"5.5.0\";a:1:{s:3:\"sri\";a:2:{s:4:\"free\";a:13:{s:11:\"css/all.css\";s:71:\"sha384-B4dIYHKNBt8Bc12p+WXckhzcICo0wtJAoU8YZTY5qE0Id1GSseTk6S+L3BlXeVIU\";s:14:\"css/brands.css\";s:71:\"sha384-QT2Z8ljl3UupqMtQNmPyhSPO/d5qbrzWmFxJqmY7tqoTuT2YrQLEqzvVOP2cT5XW\";s:19:\"css/fontawesome.css\";s:71:\"sha384-u5J7JghGz0qUrmEsWzBQkfvc8nK3fUT7DCaQzNQ+q4oEXhGSx+P2OqjWsfIRB8QT\";s:15:\"css/regular.css\";s:71:\"sha384-z3ccjLyn+akM2DtvRQCXJwvT5bGZsspS4uptQKNXNg778nyzvdMqiGcqHVGiAUyY\";s:13:\"css/solid.css\";s:71:\"sha384-rdyFrfAIC05c5ph7BKz3l5NG5yEottvO/DQ0dCrwD8gzeQDjYBHNr1ucUpQuljos\";s:19:\"css/svg-with-js.css\";s:71:\"sha384-NKdowA6EzI4CWz/dLjoC7dhVj+KczesQbwkbt6y3aRTi1JPZBy2uOocsmHmYvkux\";s:16:\"css/v4-shims.css\";s:71:\"sha384-TTjEZR8VsD+LjNa98drkrTRYhdUEaS3gAGE7PGnx2qkePR3fZtnVNoAfxPNyf+IQ\";s:9:\"js/all.js\";s:71:\"sha384-GqVMZRt5Gn7tB9D9q7ONtcp4gtHIUEW/yG7h98J7IpE3kpi+srfFyyB/04OV6pG0\";s:12:\"js/brands.js\";s:71:\"sha384-S2C955KPLo8/zc2J7kJTG38hvFV+SnzXM6hwfEUhGHw5wPo6uXbnbjSJgw3clO4G\";s:17:\"js/fontawesome.js\";s:71:\"sha384-bNOdVeWbABef8Lh4uZ8c3lJXVlHdf8W5hh1OpJ4dGyqIEhMmcnJrosjQ36Kniaqm\";s:13:\"js/regular.js\";s:71:\"sha384-XrvTJeiQ46fxxPrZP6fay5yejA2FV4G1XsS8E4Piz6Fz+7FaEFTw7A7GR972irVV\";s:11:\"js/solid.js\";s:71:\"sha384-Xgf/DMe1667bioB9X1UM5QX+EG6FolMT4K7G+6rqNZBSONbmPh/qZ62nBPfTx+xG\";s:14:\"js/v4-shims.js\";s:71:\"sha384-vBDTb50BKnwbvJZ5ZC5dsGJNQydTI7ZoAjCeJkdta6nSewwGXCnppKI5lrIQX4Qu\";}s:3:\"pro\";a:15:{s:11:\"css/all.css\";s:71:\"sha384-j8y0ITrvFafF4EkV1mPW0BKm6dp3c+J9Fky22Man50Ofxo2wNe5pT1oZejDH9/Dt\";s:14:\"css/brands.css\";s:71:\"sha384-t0iPfoyIjBoVR2Kw/65HArpRWQy0/xKBUmdEVTs5VYBb/yiPZxMY6egc9MROr/Og\";s:19:\"css/fontawesome.css\";s:71:\"sha384-srL3Qh9R/n855m4o5fegS//B2q0R1md7z6ndDYaPj8iEp0j0IuKdFVWMY0JosKPF\";s:13:\"css/light.css\";s:71:\"sha384-33RmjeesW9BZ4wR2Gm3n4iBXOvGTto4znqL2kZleiRanWDxM59IHIq5RsbRioqxb\";s:15:\"css/regular.css\";s:71:\"sha384-UPs+YiUhgn0/I0swkJmk3PSj3SWmzDrM+S0S09xLI/UUmHBU7ivRHryI3uVL6H+m\";s:13:\"css/solid.css\";s:71:\"sha384-YIyAArzQv8q6Av1kr9cwxHhFcfNBUaolJindR2XO8E3OLp6z3d8My3oWLd33ET7M\";s:19:\"css/svg-with-js.css\";s:71:\"sha384-a2sfkqnB9p/zq6OT4QhuD80qQZ70fGDmo4JUNqP5E7NIICvgRNPjIBkQE/Qcl3SN\";s:16:\"css/v4-shims.css\";s:71:\"sha384-SNyDPad7e8WM4Nu7W/f1x3qsDrLxMCvXurQfwNdp418WWmkkTQuPBGYDZA6rSg0X\";s:9:\"js/all.js\";s:71:\"sha384-3yBLeJ4waqGSAf4A8pjZ13UF7GuhgbdKnBQvIp/TkWoXtQbtwjlIPNjkDRJ46UCn\";s:12:\"js/brands.js\";s:71:\"sha384-oMyy7aPCmlH4ZGEaKHW+zAoaKDWIFh6iqJ53lusMpn+Kp8SN5nJ2kzkP1qd0+icb\";s:17:\"js/fontawesome.js\";s:71:\"sha384-oPma1F1txBbqTG+1O7BEx0A/qFtD+R661ULJLmI9RDQ0PfbRP1tQU3vBIBbJIAxL\";s:11:\"js/light.js\";s:71:\"sha384-SVEn5VmGP1fxV9V5TOZOTwL9dCg50Yb0Xn4fbV9Ic/kp8we6kv4zPVcs9seU0675\";s:13:\"js/regular.js\";s:71:\"sha384-gbY/GPDSEaMQ9cjqWLbLcaxUCtCeExO9oUEZLrOQHfFLoV5ouwIrqF6mGnjyIOc2\";s:11:\"js/solid.js\";s:71:\"sha384-VxezC2Q+YoC+yUILib+HlmOsFiqNzYtQIXsHYY6ST7QZVfgBNs2giKE97ijGMgUH\";s:14:\"js/v4-shims.js\";s:71:\"sha384-8sPM0eSaqmdF9ruedfsxEZfxVcIp0cwhosrBhWl/Q4t1eQSMXl6tYenNe87MraQ6\";}}}s:5:\"5.6.0\";a:1:{s:3:\"sri\";a:2:{s:4:\"free\";a:13:{s:11:\"css/all.css\";s:71:\"sha384-aOkxzJ5uQz7WBObEZcHvV5JvRW3TUc2rNPA7pe3AwnsUohiw1Vj2Rgx2KSOkF5+h\";s:14:\"css/brands.css\";s:71:\"sha384-oT8S/zsbHtHRVSs2Weo00ensyC4I8kyMsMhqTD4XrWxyi8NHHxnS0Hy+QEtgeKUE\";s:19:\"css/fontawesome.css\";s:71:\"sha384-J4287OME5B0yzlP80TtfccOBwJJt6xiO2KS14V7z0mVCRwpz+71z7lwP4yoFbTnD\";s:15:\"css/regular.css\";s:71:\"sha384-yWI8JeRmJFie/rrEn4skBd/XXXfUWuc7wAhaj9q71PzjdYD3JslHSEU7BXCCcVyP\";s:13:\"css/solid.css\";s:71:\"sha384-COsgLGwf6vbsibKzWojSqhIjQND/Sa0RWQ5BHFrKOz5JrUObnh5GEBUH2oZwITuM\";s:19:\"css/svg-with-js.css\";s:71:\"sha384-nHELFCUV8tffuhz6PkFYcEl6VCneIQgaHNbLkOHukzJs12+rUiKwsVmVhbqhEAq7\";s:16:\"css/v4-shims.css\";s:71:\"sha384-HiCW4rrGA9WlUM512GMhD+YfcMidwWluZzyu+X55gfVYgAPrlIkG5BnHyAl/VHJO\";s:9:\"js/all.js\";s:71:\"sha384-z9ZOvGHHo21RqN5De4rfJMoAxYpaVoiYhuJXPyVmSs8yn20IE3PmBM534CffwSJI\";s:12:\"js/brands.js\";s:71:\"sha384-GEA3+tbEaglIUriKygE2OQX9k7YrAMJ5oZF0mb8Xx7hUmTTWDuQDtPY4l13jl99w\";s:17:\"js/fontawesome.js\";s:71:\"sha384-tHFnt8QELQGC1IJzcTUX5zFEnn/FLVa0ADTmxRyeSmWukJ4umWnJbwiMTkw/bKEK\";s:13:\"js/regular.js\";s:71:\"sha384-gy4pB6yY1j4DPCG6rZcE6NX1Lnqz8ZJEfotVUvCN2EGwlUS3WUHxcn8rrEOYiyiS\";s:11:\"js/solid.js\";s:71:\"sha384-akyniW0Jfrt1Z7kvRmaF2fkq9vuVQAPEGN4qq7s17l9PG3zz7FThoWnfVxpvnUn9\";s:14:\"js/v4-shims.js\";s:71:\"sha384-08SAgv7bDUyzB5O71dehOCZ42IpryGqW/G+GdxeFmBfaB71QIZWe5ZXBFKYFTEu4\";}s:3:\"pro\";a:15:{s:11:\"css/all.css\";s:71:\"sha384-rTQdcTFdT69CgbBErourkScWQ6j5WQ4aAoCF0UyPhog3PNysM/xz/kqshWKP4NLA\";s:14:\"css/brands.css\";s:71:\"sha384-84OQfm1oTwjnXmujNUnQC09L4G7mglZspQwfSNPvf5V3zAA1sdvqbIigA9AWY5DB\";s:19:\"css/fontawesome.css\";s:71:\"sha384-NFsDS9VURN70zaqw67F1OtJ6MtdeCrHeGMD1KzqIv5ft0JiHgVtV7u+v09yR+iEZ\";s:13:\"css/light.css\";s:71:\"sha384-aofICWgqJQbZZCaWEU7H0ULLqXTBu/DAALblEYqLfQSjb2ASOw0tADOdJ5rmVDWL\";s:15:\"css/regular.css\";s:71:\"sha384-voao2F8iKUwwSMRhLJ982edrRSHOmc5v5rvQ/5aH5pvSAx1aoL6usygGSRz3jfHF\";s:13:\"css/solid.css\";s:71:\"sha384-RYuivM1ikcxEL+96Q/7B/CcvyswPRuOatldvqvk+Bm3hwVKZUjay1ohuPUyD9ZYk\";s:19:\"css/svg-with-js.css\";s:71:\"sha384-NYMicmsVmKaI5/JVN8JamOLMuIrbzeu4Gc+cike3jcoDpaLfMtvWPJeNhnx8K8x0\";s:16:\"css/v4-shims.css\";s:71:\"sha384-L7wiz9NeFS+vFpG/jl0zBsE7EqrVfeNoaHhnvxlsfwihUr9FIbDnfQqv5r8o02wQ\";s:9:\"js/all.js\";s:71:\"sha384-rDdEqfkiaN9iEfS6XrBzTxL5wVFzBoMsyHmoAIl/T7VdxJvGYuM5bDlDOkmE6r3C\";s:12:\"js/brands.js\";s:71:\"sha384-TN18fDSDUbMxI3DK3z2G8Pl68N7jvVjWPBx8z0m7YhoWKnmGdKRJ6S90IcyeUXUy\";s:17:\"js/fontawesome.js\";s:71:\"sha384-Oa9P+sg4Q/5Yo0a/UoRAG8zLSexWLxLgbPb12tgvs/swrfePVf6IdrwoW2RGV2pU\";s:11:\"js/light.js\";s:71:\"sha384-6DMqAgIR8HN9OqBF3zfhQ4Tmh+KO9Sf0QAwxGkiaKO51dFGBBxBTmdOSneYESZZ0\";s:13:\"js/regular.js\";s:71:\"sha384-LvwwgOzFfwTikawPye02NmwONhyBLBbmu04J+IuLBS6HdNHX3JnRqY80mscKVLTH\";s:11:\"js/solid.js\";s:71:\"sha384-71d190zi1266uo3WuvCJ77V1YdXxDfm5GPMySGFKTMHsoHaxKhPe5XkKaH9iPLWC\";s:14:\"js/v4-shims.js\";s:71:\"sha384-Rr25noDuBAtBUFs9feRsF3EK8Pw5bWuhYxD7ztcDUJqR/eiCpNPGIeyO5Ago6pYW\";}}}s:5:\"5.6.1\";a:1:{s:3:\"sri\";a:2:{s:4:\"free\";a:13:{s:11:\"css/all.css\";s:71:\"sha384-gfdkjb5BdAXd+lj+gudLWI+BXq4IuLW5IT+brZEZsLFm++aCMlF1V92rMkPaX4PP\";s:14:\"css/brands.css\";s:71:\"sha384-whKHCkwP9f4MyD1vda26+XRyEg2zkyZezur14Kxc784RxUU1E7HvWVYj9EoJnUV7\";s:19:\"css/fontawesome.css\";s:71:\"sha384-WK8BzK0mpgOdhCxq86nInFqSWLzR5UAsNg0MGX9aDaIIrFWQ38dGdhwnNCAoXFxL\";s:15:\"css/regular.css\";s:71:\"sha384-l+NpTtA08hNNeMp0aMBg/cqPh507w3OvQSRoGnHcVoDCS9OtgxqgR7u8mLQv8poF\";s:13:\"css/solid.css\";s:71:\"sha384-aj0h5DVQ8jfwc8DA7JiM+Dysv7z+qYrFYZR+Qd/TwnmpDI6UaB3GJRRTdY8jYGS4\";s:19:\"css/svg-with-js.css\";s:71:\"sha384-ir31wc9kqVZclsGL3U5IucynDpj1TeEzDCvxEWqw8QuxLFETRgirOiygjXdjId3z\";s:16:\"css/v4-shims.css\";s:71:\"sha384-s0z+GcIRRdtdjGfnyKRFh9Oaw3aasU/TFotdFmreqjf+a+Mks2Umj0CrlN0S9lqi\";s:9:\"js/all.js\";s:71:\"sha384-R5JkiUweZpJjELPWqttAYmYM1P3SNEJRM6ecTQF05pFFtxmCO+Y1CiUhvuDzgSVZ\";s:12:\"js/brands.js\";s:71:\"sha384-rsLJp1pKbmeEMVcdsNJfAWZ9FQP5CrQt6Vikj/usZcTgrD28FhqYqKJn5XIaoXjm\";s:17:\"js/fontawesome.js\";s:71:\"sha384-T6YzYwAGZAItTIkYlBzfwqa07o9R1AND3Lgt6Or6c5IdukY7tqShoryqwpKrpeIB\";s:13:\"js/regular.js\";s:71:\"sha384-+e+pqX41PD6VrFw9HZ3YKJHFT+SZoEMBmnMpLUpHrdd5BE46xHCrzap9c6kfTi9H\";s:11:\"js/solid.js\";s:71:\"sha384-8Lgyylu0vfTGCXDKe435hJgX8s96c19R+dvpH0NHKdX47GA7TmMj+BDiZZ76qqhT\";s:14:\"js/v4-shims.js\";s:71:\"sha384-LqOeBjW8oAuwB6xooSoyjAV+CcJLQGftH6m0Xoo+mhJ0TlEAVR9jBsAXXpeEJlyP\";}s:3:\"pro\";a:15:{s:11:\"css/all.css\";s:71:\"sha384-NJXGk7R+8gWGBdutmr+/d6XDokLwQhF1U3VA7FhvBDlOq7cNdI69z7NQdnXxcF7k\";s:14:\"css/brands.css\";s:71:\"sha384-2k7wpGHb3PA1OZUtSqAk+nIVo2wgBQdEoL1F/FnC+/HHi2bh3N9aSstY0Af72gka\";s:19:\"css/fontawesome.css\";s:71:\"sha384-GQK3B9PHv3SNzYUrdlEpL6CFKQlW/Co4va906SViL0F6U16Li47NXtvwWmFnetYk\";s:13:\"css/light.css\";s:71:\"sha384-QXb14MpvHKJr57ixwhGSXACaU/eGo/NwF/uWE97+C5QPdq8sLQhM1+WKDk6vando\";s:15:\"css/regular.css\";s:71:\"sha384-ThqFFlbk+2bnAn1zc61SL7r8sFUVUkFvtsT+jYr1Jy6xTlvdcqzcerrDGrHqWv6j\";s:13:\"css/solid.css\";s:71:\"sha384-pbj30780YbUh3WmbEAhOL8tHgoaU4xrdmAN+RewL6HsW9EOMIIE4+6rerMXTfJXq\";s:19:\"css/svg-with-js.css\";s:71:\"sha384-fjim8BUuF/D2Y8Qyr4U5iLdeKqzyQe927qD4SIdbPDyX2iSN6xNGhoyd2jTiw+Sx\";s:16:\"css/v4-shims.css\";s:71:\"sha384-c2aTxrKw0nWEPlLqENAD5t3J3Ajs/o5LBudKFP44hexDYKKQTgRCAaECkBk+p3L9\";s:9:\"js/all.js\";s:71:\"sha384-ncMWtRMSOo+cLmfdaa6vmMGzBJKysBDF9tq5YK1MAnAjcyipdW2vgTS1jOntY4fs\";s:12:\"js/brands.js\";s:71:\"sha384-+4YdTIsot+hvYL7nKQ9cJs7OWaFvJ7ZTkVretfEoX8uDiTED9tumG/9RsRmlW3jX\";s:17:\"js/fontawesome.js\";s:71:\"sha384-Ya+lFT8MCnVaSXkMxO4FEUsv4BG1VrVAMY0PiCnmJ4Sq57zoarae8T2EgioHiaMA\";s:11:\"js/light.js\";s:71:\"sha384-hy7ipunNmCKP7KpzkasGow2eTRYx9IbxV0BvBqlWLWRu8mlWMNrj9y6qOLEnxIuF\";s:13:\"js/regular.js\";s:71:\"sha384-8VWoI12VOwcfxYszEUreYXR4Jh1+oxv+mfsVISgPJTsc2Ftw4RC+bO719C+PunjY\";s:11:\"js/solid.js\";s:71:\"sha384-Pl3KUQLNwa33i6dvnL77HMDxZPk93eoi1kB5xZ0eGKgTEt39iQkHdSM6/w53By9e\";s:14:\"js/v4-shims.js\";s:71:\"sha384-ts+GFi6rOAISeHC+EnLaj6AOSoosWr3TALIaYSeHCVsNHkGLlTtzdbMvolIe6tG7\";}}}s:5:\"5.6.3\";a:1:{s:3:\"sri\";a:2:{s:4:\"free\";a:13:{s:11:\"css/all.css\";s:71:\"sha384-UHRtZLI+pbxtHCWp1t77Bi1L4ZtiqrqD80Kn4Z8NTSRyMA2Fd33n5dQ8lWUE00s/\";s:14:\"css/brands.css\";s:71:\"sha384-1KLgFVb/gHrlDGLFPgMbeedi6tQBLcWvyNUN+YKXbD7ZFbjX6BLpMDf0PJ32XJfX\";s:19:\"css/fontawesome.css\";s:71:\"sha384-jLuaxTTBR42U2qJ/pm4JRouHkEDHkVqH0T1nyQXn1mZ7Snycpf6Rl25VBNthU4z0\";s:15:\"css/regular.css\";s:71:\"sha384-aubIA90W7NxJ+Ly4QHAqo1JBSwQ0jejV75iHhj59KRwVjLVHjuhS3LkDAoa/ltO4\";s:13:\"css/solid.css\";s:71:\"sha384-+0VIRx+yz1WBcCTXBkVQYIBVNEFH1eP6Zknm16roZCyeNg2maWEpk/l/KsyFKs7G\";s:19:\"css/svg-with-js.css\";s:71:\"sha384-KHV7fADs212mr+U2tmuDnxozv2BzTX1qhxPoZ/lT2QcUFkjwat694MI3AzyiVJ+q\";s:16:\"css/v4-shims.css\";s:71:\"sha384-DrjN/yxBJAblffPf548CARk30Xz2Glal7YO5kqQ8c8GHgrAMXZN2ZDTGwV9xTDJF\";s:9:\"js/all.js\";s:71:\"sha384-EIHISlAOj4zgYieurP0SdoiBYfGJKkgWedPHH4jCzpCXLmzVsw1ouK59MuUtP4a1\";s:12:\"js/brands.js\";s:71:\"sha384-VLgz+MgaFCnsFLiBwE3ItNouuqbWV2ZnIqfsA6QRHksEAQfgbcoaQ4PP0ZeS0zS5\";s:17:\"js/fontawesome.js\";s:71:\"sha384-treYPdjUrP4rW5q82SnECO7TPVAz4bpas16yuE9F5o7CeBn2YYw1yr5oC8s8Mf8t\";s:13:\"js/regular.js\";s:71:\"sha384-V+AkgA1cZ+p3DRK63AHCaXvO68V7B5eHoxl7QVN21zftbkFn/sGAIVR7vmQL3Zhp\";s:11:\"js/solid.js\";s:71:\"sha384-F4BRNf3onawQt7LDHDJm/hwm3wBtbLIfGk1VSB/3nn3E+7Rox1YpYcKJMsmHBJIl\";s:14:\"js/v4-shims.js\";s:71:\"sha384-miy+FCz1uGOaEWy6IaOB4X2pp60+e6jaSECmnvz+qo7Os/Q1oflHUIrS0JdfNafk\";}s:3:\"pro\";a:15:{s:11:\"css/all.css\";s:71:\"sha384-LRlmVvLKVApDVGuspQFnRQJjkv0P7/YFrw84YYQtmYG4nK8c+M+NlmYDCv0rKWpG\";s:14:\"css/brands.css\";s:71:\"sha384-1KLgFVb/gHrlDGLFPgMbeedi6tQBLcWvyNUN+YKXbD7ZFbjX6BLpMDf0PJ32XJfX\";s:19:\"css/fontawesome.css\";s:71:\"sha384-toEUmnrGu+eq8XUD6ovsr/vFX+R3v9+FUGAnpef+uwGKMCeqZkcZfkXQ0Pls5WS7\";s:13:\"css/light.css\";s:71:\"sha384-ouQ4uivIto2ZdBS6+torZMbImJhWA6/m7/CAGY9z0FNDmoAF6uWAEnavvIsR1EBt\";s:15:\"css/regular.css\";s:71:\"sha384-IXqJGQI1K0IzdpdY2ASrRbDgPr1rUKzDAA90uL7iX1hPQf6Tkve9Z82TUVWm9aje\";s:13:\"css/solid.css\";s:71:\"sha384-5XPOduYq6F78ZOuHxFHpQJCD2l7aCHCf0+o8qKTD2VfqJTgPT3YkyuBGsDSrVsic\";s:19:\"css/svg-with-js.css\";s:71:\"sha384-KHV7fADs212mr+U2tmuDnxozv2BzTX1qhxPoZ/lT2QcUFkjwat694MI3AzyiVJ+q\";s:16:\"css/v4-shims.css\";s:71:\"sha384-U1d6UqL28bnGVHunjKzlOZ8IatZ4il21uTor0FijL3224okgH54hOnOVB50CDK0M\";s:9:\"js/all.js\";s:71:\"sha384-4Gm0M5DjJ0zGaEtLu0ztNIoHWiuJ5rKiaVlpZKeNqXAW49eIIa2ymxb3C4c3uEXR\";s:12:\"js/brands.js\";s:71:\"sha384-VLgz+MgaFCnsFLiBwE3ItNouuqbWV2ZnIqfsA6QRHksEAQfgbcoaQ4PP0ZeS0zS5\";s:17:\"js/fontawesome.js\";s:71:\"sha384-treYPdjUrP4rW5q82SnECO7TPVAz4bpas16yuE9F5o7CeBn2YYw1yr5oC8s8Mf8t\";s:11:\"js/light.js\";s:71:\"sha384-E2rKHkorMllWJmt2GKXlwZ3+kPl6i3FrJ8ihFkf6F7F/AtGvuXY21bQC8mhz2Po+\";s:13:\"js/regular.js\";s:71:\"sha384-nX7teCj1FtQErhxXjr+JWXfe4EjU6KlgeVBHAzQ/L95eWzwx+W1+HuQGmxZT9VkS\";s:11:\"js/solid.js\";s:71:\"sha384-2ZaaAuh8tTVN1nHRrlXAX1tz8fGhZDgusJdBI5BBGycCq37AUonw8dHlPpx7iD6N\";s:14:\"js/v4-shims.js\";s:71:\"sha384-q8jijYZFNY4pjTA22Qe+33WWGmm0tpPPfMEdUxmXNoEkN5YeCMJYxGcl+XiCckQh\";}}}s:5:\"5.7.0\";a:1:{s:3:\"sri\";a:2:{s:4:\"free\";a:13:{s:11:\"css/all.css\";s:71:\"sha384-lZN37f5QGtY3VHgisS14W3ExzMWZxybE1SJSEsQp9S+oqd12jhcu+A56Ebc1zFSJ\";s:14:\"css/brands.css\";s:71:\"sha384-BKw0P+CQz9xmby+uplDwp82Py8x1xtYPK3ORn/ZSoe6Dk3ETP59WCDnX+fI1XCKK\";s:19:\"css/fontawesome.css\";s:71:\"sha384-4aon80D8rXCGx9ayDt85LbyUHeMWd3UiBaWliBlJ53yzm9hqN21A+o1pqoyK04h+\";s:15:\"css/regular.css\";s:71:\"sha384-IG162Tfx2WTn//TRUi9ahZHsz47lNKzYOp0b6Vv8qltVlPkub2yj9TVwzNck6GEF\";s:13:\"css/solid.css\";s:71:\"sha384-r/k8YTFqmlOaqRkZuSiE9trsrDXkh07mRaoGBMoDcmA58OHILZPsk29i2BsFng1B\";s:19:\"css/svg-with-js.css\";s:71:\"sha384-3oHRxwaq4aKTY0NVNLfynvnb/U7E0MGiosKUE4cNMIDRezfXvssVlwQ+xsuBLbXf\";s:16:\"css/v4-shims.css\";s:71:\"sha384-DrjN/yxBJAblffPf548CARk30Xz2Glal7YO5kqQ8c8GHgrAMXZN2ZDTGwV9xTDJF\";s:9:\"js/all.js\";s:71:\"sha384-qD/MNBVMm3hVYCbRTSOW130+CWeRIKbpot9/gR1BHkd7sIct4QKhT1hOPd+2hO8K\";s:12:\"js/brands.js\";s:71:\"sha384-zJ8/qgGmKwL+kr/xmGA6s1oXK63ah5/1rHuILmZ44sO2Bbq1V3p3eRTkuGcivyhD\";s:17:\"js/fontawesome.js\";s:71:\"sha384-av0fZBtv517ppGAYKqqaiTvWEK6WXW7W0N1ocPSPI/wi+h8qlgWck2Hikm5cxH0E\";s:13:\"js/regular.js\";s:71:\"sha384-Gxfqh68NuE4s0o2renzieYkDYVbdJynynsdrB7UG9yEvgpS9TVM+c4bknWfQXUBg\";s:11:\"js/solid.js\";s:71:\"sha384-6FXzJ8R8IC4v/SKPI8oOcRrUkJU8uvFK6YJ4eDY11bJQz4lRw5/wGthflEOX8hjL\";s:14:\"js/v4-shims.js\";s:71:\"sha384-miy+FCz1uGOaEWy6IaOB4X2pp60+e6jaSECmnvz+qo7Os/Q1oflHUIrS0JdfNafk\";}s:3:\"pro\";a:15:{s:11:\"css/all.css\";s:71:\"sha384-6jHF7Z3XI3fF4XZixAuSu0gGKrXwoX/w3uFPxC56OtjChio7wtTGJWRW53Nhx6Ev\";s:14:\"css/brands.css\";s:71:\"sha384-BKw0P+CQz9xmby+uplDwp82Py8x1xtYPK3ORn/ZSoe6Dk3ETP59WCDnX+fI1XCKK\";s:19:\"css/fontawesome.css\";s:71:\"sha384-iD1qS/uJjE9q9kecNUe9R4FRvcinAvTcPClTz7NI8RI5gUsJ+eaeJeblG1Ex0ieh\";s:13:\"css/light.css\";s:71:\"sha384-puvvQVSC+mXL7INuI0i5Q7QkwwIyYIBJ7caGHiUXD7FndtoyNd78NxgvuBJAYI2m\";s:15:\"css/regular.css\";s:71:\"sha384-4Cp0kYV2i1JFDfp6MQAdlrauJM+WTabydjMk5iJ7A9D+TXIh5zQMd5KXydBCAUN4\";s:13:\"css/solid.css\";s:71:\"sha384-j+2fZ2qAg9GyYKkVpuwm+HLQVz6EYCaTqS3KKx8oectYXMgm4bRmohzCfEvi5j7J\";s:19:\"css/svg-with-js.css\";s:71:\"sha384-3oHRxwaq4aKTY0NVNLfynvnb/U7E0MGiosKUE4cNMIDRezfXvssVlwQ+xsuBLbXf\";s:16:\"css/v4-shims.css\";s:71:\"sha384-U1d6UqL28bnGVHunjKzlOZ8IatZ4il21uTor0FijL3224okgH54hOnOVB50CDK0M\";s:9:\"js/all.js\";s:71:\"sha384-uyhTADGMAJuHgGNdH+rozTpOkfXUORTgjTmMBtxR8ISQjOs+IIWb8UBn9ixSd4xo\";s:12:\"js/brands.js\";s:71:\"sha384-zJ8/qgGmKwL+kr/xmGA6s1oXK63ah5/1rHuILmZ44sO2Bbq1V3p3eRTkuGcivyhD\";s:17:\"js/fontawesome.js\";s:71:\"sha384-av0fZBtv517ppGAYKqqaiTvWEK6WXW7W0N1ocPSPI/wi+h8qlgWck2Hikm5cxH0E\";s:11:\"js/light.js\";s:71:\"sha384-Vs12SjRkIvphC81scjUNowpLYnSOLOrSGxOwVe00oEvWto49wVgjd6BfdeCPcArI\";s:13:\"js/regular.js\";s:71:\"sha384-JZmzMsvgUATRcNmXpyJHLhiqsREsPN/GBj7O5ifVfRU1o4vBp2dsjawGzYzl0QVW\";s:11:\"js/solid.js\";s:71:\"sha384-OzCiQJ65BS/RiwFjTWyem+uRtZ4/LnrVVbwHTT8fR5Q9rYqAaavyOK51RDxkXQzm\";s:14:\"js/v4-shims.js\";s:71:\"sha384-q8jijYZFNY4pjTA22Qe+33WWGmm0tpPPfMEdUxmXNoEkN5YeCMJYxGcl+XiCckQh\";}}}s:5:\"5.7.1\";a:1:{s:3:\"sri\";a:2:{s:4:\"free\";a:13:{s:11:\"css/all.css\";s:71:\"sha384-fnmOCqbTlWIlj8LyTjo7mOUStjsKC4pOpQbqyi7RrhN7udi9RwhKkMHpvLbHG9Sr\";s:14:\"css/brands.css\";s:71:\"sha384-BKw0P+CQz9xmby+uplDwp82Py8x1xtYPK3ORn/ZSoe6Dk3ETP59WCDnX+fI1XCKK\";s:19:\"css/fontawesome.css\";s:71:\"sha384-4aon80D8rXCGx9ayDt85LbyUHeMWd3UiBaWliBlJ53yzm9hqN21A+o1pqoyK04h+\";s:15:\"css/regular.css\";s:71:\"sha384-IG162Tfx2WTn//TRUi9ahZHsz47lNKzYOp0b6Vv8qltVlPkub2yj9TVwzNck6GEF\";s:13:\"css/solid.css\";s:71:\"sha384-r/k8YTFqmlOaqRkZuSiE9trsrDXkh07mRaoGBMoDcmA58OHILZPsk29i2BsFng1B\";s:19:\"css/svg-with-js.css\";s:71:\"sha384-3oHRxwaq4aKTY0NVNLfynvnb/U7E0MGiosKUE4cNMIDRezfXvssVlwQ+xsuBLbXf\";s:16:\"css/v4-shims.css\";s:71:\"sha384-DrjN/yxBJAblffPf548CARk30Xz2Glal7YO5kqQ8c8GHgrAMXZN2ZDTGwV9xTDJF\";s:9:\"js/all.js\";s:71:\"sha384-eVEQC9zshBn0rFj4+TU78eNA19HMNigMviK/PU/FFjLXqa/GKPgX58rvt5Z8PLs7\";s:12:\"js/brands.js\";s:71:\"sha384-zJ8/qgGmKwL+kr/xmGA6s1oXK63ah5/1rHuILmZ44sO2Bbq1V3p3eRTkuGcivyhD\";s:17:\"js/fontawesome.js\";s:71:\"sha384-Qmms7kHsbqYnKkSwiePYzreT+ufFVSNBhfLOEp0sEEfEVdORDs/aEnGaJy/l4eoy\";s:13:\"js/regular.js\";s:71:\"sha384-Gxfqh68NuE4s0o2renzieYkDYVbdJynynsdrB7UG9yEvgpS9TVM+c4bknWfQXUBg\";s:11:\"js/solid.js\";s:71:\"sha384-6FXzJ8R8IC4v/SKPI8oOcRrUkJU8uvFK6YJ4eDY11bJQz4lRw5/wGthflEOX8hjL\";s:14:\"js/v4-shims.js\";s:71:\"sha384-miy+FCz1uGOaEWy6IaOB4X2pp60+e6jaSECmnvz+qo7Os/Q1oflHUIrS0JdfNafk\";}s:3:\"pro\";a:15:{s:11:\"css/all.css\";s:71:\"sha384-6jHF7Z3XI3fF4XZixAuSu0gGKrXwoX/w3uFPxC56OtjChio7wtTGJWRW53Nhx6Ev\";s:14:\"css/brands.css\";s:71:\"sha384-BKw0P+CQz9xmby+uplDwp82Py8x1xtYPK3ORn/ZSoe6Dk3ETP59WCDnX+fI1XCKK\";s:19:\"css/fontawesome.css\";s:71:\"sha384-iD1qS/uJjE9q9kecNUe9R4FRvcinAvTcPClTz7NI8RI5gUsJ+eaeJeblG1Ex0ieh\";s:13:\"css/light.css\";s:71:\"sha384-puvvQVSC+mXL7INuI0i5Q7QkwwIyYIBJ7caGHiUXD7FndtoyNd78NxgvuBJAYI2m\";s:15:\"css/regular.css\";s:71:\"sha384-4Cp0kYV2i1JFDfp6MQAdlrauJM+WTabydjMk5iJ7A9D+TXIh5zQMd5KXydBCAUN4\";s:13:\"css/solid.css\";s:71:\"sha384-j+2fZ2qAg9GyYKkVpuwm+HLQVz6EYCaTqS3KKx8oectYXMgm4bRmohzCfEvi5j7J\";s:19:\"css/svg-with-js.css\";s:71:\"sha384-3oHRxwaq4aKTY0NVNLfynvnb/U7E0MGiosKUE4cNMIDRezfXvssVlwQ+xsuBLbXf\";s:16:\"css/v4-shims.css\";s:71:\"sha384-U1d6UqL28bnGVHunjKzlOZ8IatZ4il21uTor0FijL3224okgH54hOnOVB50CDK0M\";s:9:\"js/all.js\";s:71:\"sha384-5atZgfYD4MHp6kAnxjw4yM3binN4Yh5XXKAIO6m2kIB9CqdRUladdvTdffLnTK3N\";s:12:\"js/brands.js\";s:71:\"sha384-zJ8/qgGmKwL+kr/xmGA6s1oXK63ah5/1rHuILmZ44sO2Bbq1V3p3eRTkuGcivyhD\";s:17:\"js/fontawesome.js\";s:71:\"sha384-Qmms7kHsbqYnKkSwiePYzreT+ufFVSNBhfLOEp0sEEfEVdORDs/aEnGaJy/l4eoy\";s:11:\"js/light.js\";s:71:\"sha384-ua13CrU9gkzyOVxhPFl96iHgwnYTuTZ96YYiG08m1fYLvz8cVyHluzkzK9WcFLpT\";s:13:\"js/regular.js\";s:71:\"sha384-SdSeoV46BZSFmxvlUQwl3ImF6ton2ST4pPzYOmTTkFUm+UjdzORM0pTtF0sIHydx\";s:11:\"js/solid.js\";s:71:\"sha384-eLZVpmyzMTRsfwRGkcmyu0PXR5qqYDBCSh5PoYLdWFfDmMIibSuru0Blk+nq1Vfm\";s:14:\"js/v4-shims.js\";s:71:\"sha384-q8jijYZFNY4pjTA22Qe+33WWGmm0tpPPfMEdUxmXNoEkN5YeCMJYxGcl+XiCckQh\";}}}s:5:\"5.7.2\";a:1:{s:3:\"sri\";a:2:{s:4:\"free\";a:13:{s:11:\"css/all.css\";s:71:\"sha384-fnmOCqbTlWIlj8LyTjo7mOUStjsKC4pOpQbqyi7RrhN7udi9RwhKkMHpvLbHG9Sr\";s:14:\"css/brands.css\";s:71:\"sha384-BKw0P+CQz9xmby+uplDwp82Py8x1xtYPK3ORn/ZSoe6Dk3ETP59WCDnX+fI1XCKK\";s:19:\"css/fontawesome.css\";s:71:\"sha384-4aon80D8rXCGx9ayDt85LbyUHeMWd3UiBaWliBlJ53yzm9hqN21A+o1pqoyK04h+\";s:15:\"css/regular.css\";s:71:\"sha384-IG162Tfx2WTn//TRUi9ahZHsz47lNKzYOp0b6Vv8qltVlPkub2yj9TVwzNck6GEF\";s:13:\"css/solid.css\";s:71:\"sha384-r/k8YTFqmlOaqRkZuSiE9trsrDXkh07mRaoGBMoDcmA58OHILZPsk29i2BsFng1B\";s:19:\"css/svg-with-js.css\";s:71:\"sha384-3oHRxwaq4aKTY0NVNLfynvnb/U7E0MGiosKUE4cNMIDRezfXvssVlwQ+xsuBLbXf\";s:16:\"css/v4-shims.css\";s:71:\"sha384-DrjN/yxBJAblffPf548CARk30Xz2Glal7YO5kqQ8c8GHgrAMXZN2ZDTGwV9xTDJF\";s:9:\"js/all.js\";s:71:\"sha384-0pzryjIRos8mFBWMzSSZApWtPl/5++eIfzYmTgBBmXYdhvxPc+XcFEk+zJwDgWbP\";s:12:\"js/brands.js\";s:71:\"sha384-zJ8/qgGmKwL+kr/xmGA6s1oXK63ah5/1rHuILmZ44sO2Bbq1V3p3eRTkuGcivyhD\";s:17:\"js/fontawesome.js\";s:71:\"sha384-xl26xwG2NVtJDw2/96Lmg09++ZjrXPc89j0j7JHjLOdSwHDHPHiucUjfllW0Ywrq\";s:13:\"js/regular.js\";s:71:\"sha384-Gxfqh68NuE4s0o2renzieYkDYVbdJynynsdrB7UG9yEvgpS9TVM+c4bknWfQXUBg\";s:11:\"js/solid.js\";s:71:\"sha384-6FXzJ8R8IC4v/SKPI8oOcRrUkJU8uvFK6YJ4eDY11bJQz4lRw5/wGthflEOX8hjL\";s:14:\"js/v4-shims.js\";s:71:\"sha384-miy+FCz1uGOaEWy6IaOB4X2pp60+e6jaSECmnvz+qo7Os/Q1oflHUIrS0JdfNafk\";}s:3:\"pro\";a:15:{s:11:\"css/all.css\";s:71:\"sha384-6jHF7Z3XI3fF4XZixAuSu0gGKrXwoX/w3uFPxC56OtjChio7wtTGJWRW53Nhx6Ev\";s:14:\"css/brands.css\";s:71:\"sha384-BKw0P+CQz9xmby+uplDwp82Py8x1xtYPK3ORn/ZSoe6Dk3ETP59WCDnX+fI1XCKK\";s:19:\"css/fontawesome.css\";s:71:\"sha384-iD1qS/uJjE9q9kecNUe9R4FRvcinAvTcPClTz7NI8RI5gUsJ+eaeJeblG1Ex0ieh\";s:13:\"css/light.css\";s:71:\"sha384-puvvQVSC+mXL7INuI0i5Q7QkwwIyYIBJ7caGHiUXD7FndtoyNd78NxgvuBJAYI2m\";s:15:\"css/regular.css\";s:71:\"sha384-4Cp0kYV2i1JFDfp6MQAdlrauJM+WTabydjMk5iJ7A9D+TXIh5zQMd5KXydBCAUN4\";s:13:\"css/solid.css\";s:71:\"sha384-j+2fZ2qAg9GyYKkVpuwm+HLQVz6EYCaTqS3KKx8oectYXMgm4bRmohzCfEvi5j7J\";s:19:\"css/svg-with-js.css\";s:71:\"sha384-3oHRxwaq4aKTY0NVNLfynvnb/U7E0MGiosKUE4cNMIDRezfXvssVlwQ+xsuBLbXf\";s:16:\"css/v4-shims.css\";s:71:\"sha384-U1d6UqL28bnGVHunjKzlOZ8IatZ4il21uTor0FijL3224okgH54hOnOVB50CDK0M\";s:9:\"js/all.js\";s:71:\"sha384-I3Hhe9TkmlsxzooTtbRzdeLbmkFQE9DVzX/19uTZfHk1zn/uWUyk+a+GyrHyseSq\";s:12:\"js/brands.js\";s:71:\"sha384-zJ8/qgGmKwL+kr/xmGA6s1oXK63ah5/1rHuILmZ44sO2Bbq1V3p3eRTkuGcivyhD\";s:17:\"js/fontawesome.js\";s:71:\"sha384-xl26xwG2NVtJDw2/96Lmg09++ZjrXPc89j0j7JHjLOdSwHDHPHiucUjfllW0Ywrq\";s:11:\"js/light.js\";s:71:\"sha384-ua13CrU9gkzyOVxhPFl96iHgwnYTuTZ96YYiG08m1fYLvz8cVyHluzkzK9WcFLpT\";s:13:\"js/regular.js\";s:71:\"sha384-SdSeoV46BZSFmxvlUQwl3ImF6ton2ST4pPzYOmTTkFUm+UjdzORM0pTtF0sIHydx\";s:11:\"js/solid.js\";s:71:\"sha384-eLZVpmyzMTRsfwRGkcmyu0PXR5qqYDBCSh5PoYLdWFfDmMIibSuru0Blk+nq1Vfm\";s:14:\"js/v4-shims.js\";s:71:\"sha384-q8jijYZFNY4pjTA22Qe+33WWGmm0tpPPfMEdUxmXNoEkN5YeCMJYxGcl+XiCckQh\";}}}s:5:\"5.8.0\";a:1:{s:3:\"sri\";a:2:{s:4:\"free\";a:13:{s:11:\"css/all.css\";s:71:\"sha384-Mmxa0mLqhmOeaE8vgOSbKacftZcsNYDjQzuCOm6D02luYSzBG8vpaOykv9lFQ51Y\";s:14:\"css/brands.css\";s:71:\"sha384-5G2m52y/zN053yjBCyNXXotYpL2r5k1wg9aakiM5OgK9kdcCB68EECUce5vZiz/8\";s:19:\"css/fontawesome.css\";s:71:\"sha384-Sbwc59I1SOoVoCGgBCwAe/M1j5a9cHixHv/7x9vOxORnT73jUaxyK0paobkk3JSt\";s:15:\"css/regular.css\";s:71:\"sha384-Vma7aWQBdmjVfr98uRd1HcA/r6wPYrlNrIvQBJhDCvZi3X9gVuHtqUKUYep/1KKk\";s:13:\"css/solid.css\";s:71:\"sha384-n4xPrkfCJ3FzmPwM/Nf1QQu7Qx6oDcsbMp+qPOxrJ5w0Tq19ZWd9ylcMWkzKEpwP\";s:19:\"css/svg-with-js.css\";s:71:\"sha384-5ywFB7dcUP6RcAWMLvCE58MQE5YMXWSPjly1IqItdN0w0TqoJD+w68U7C3ShoZRk\";s:16:\"css/v4-shims.css\";s:71:\"sha384-IaQiZkMW7NRKIS04GeT98++WyQ6RNaEQlHoHoDrhU+hhCJE4EkfL7itJyj/vanQT\";s:9:\"js/all.js\";s:71:\"sha384-ukiibbYjFS/1dhODSWD+PrZ6+CGCgf8VbyUH7bQQNUulL+2r59uGYToovytTf4Xm\";s:12:\"js/brands.js\";s:71:\"sha384-Gt4maPu5ZO/PkTh32sKMYmmCLGuWtMkv5YBtFZpx4Tu+Of3kFZPYBw9iD/pi4L6s\";s:17:\"js/fontawesome.js\";s:71:\"sha384-TAztyRuTlqgZ97tz982rMo44MRC58wyCC0pqKZY3cKWJNkK00qMd3DhQ7R25jpCe\";s:13:\"js/regular.js\";s:71:\"sha384-IQnlolMpq26nEj6AOd6JOnY2jqCa69uFBqCGBCWSm4EFZYprebVtp3Z2xVLMElvs\";s:11:\"js/solid.js\";s:71:\"sha384-prcFDC6iTvvWsx2iSZtbDdeMVWWOtxcQXXagr9uPHwi42uae31Y3Q17eehHuC0JL\";s:14:\"js/v4-shims.js\";s:71:\"sha384-l9bFz0TmR1ecMQdb9mzBeiLLX3z0mqeK0Bsxhim3nnHB9PoA6o3FUumLH7K6W6/D\";}s:3:\"pro\";a:15:{s:11:\"css/all.css\";s:71:\"sha384-/pOR6TNYPdUaQQQRKQ4XHznZ4U2K/Lscb3u6jshUngC/31fLTuyX9FZb24gp4O3J\";s:14:\"css/brands.css\";s:71:\"sha384-OxPYtFc8yWHWBo2MFY4rHs5dKcTpNGuyft0hQ+K/vSUJA21jrxi+Py412o2wMvsL\";s:19:\"css/fontawesome.css\";s:71:\"sha384-/0C3VuTlEzBany89/Wf2OJLSGrduLCC28kuoGL/PCGJjGj01pVtiqOcgZZ9AtlET\";s:13:\"css/light.css\";s:71:\"sha384-YmipRqYc8Wly1koaxcpAPTnvJIqXBN4Ue5+l0drZn34sdM+UufP6v8D8/s9xxXOI\";s:15:\"css/regular.css\";s:71:\"sha384-iUhpWyroENmdb/oNEGUdCk4J+TfFOm/SNYi79nN/Hb1aQgjofylAAuRTUfpK2yP1\";s:13:\"css/solid.css\";s:71:\"sha384-maIT5Qg1FqlJhNYpN2IgLAb5XPLY8CqZ7tKBQyjHh+nx/7JXsI5bp+8JHnUgeuyw\";s:19:\"css/svg-with-js.css\";s:71:\"sha384-BUeh/IoVXY+o863GdrQzogOOSo3ABFpxuc9xZhQVnsM2T2vKmrpHGZwaEqqX/SZs\";s:16:\"css/v4-shims.css\";s:71:\"sha384-lRITDKAHusCdCcsQiEA2IIoqExMRD36Tbn9CZj00L8klRpDyMeOoPSv6ubcNAHux\";s:9:\"js/all.js\";s:71:\"sha384-gUdv3ElxXd3gVdbCqjppYoQanRONrQDSdaZY3zn1KeASeS8YGy+T/JDaD2ohyarV\";s:12:\"js/brands.js\";s:71:\"sha384-XLy4uPbRNbMJUgEm6JLmHI784E68XjgSbheIn0fP/6GdZtCcsZmlXvceAGvhzKCh\";s:17:\"js/fontawesome.js\";s:71:\"sha384-aoV9M7ZLyivlmo8GKrkeWiOUQzBnYBpP6U8gW7WXfhssy+HtO87KzowcBokSiK3g\";s:11:\"js/light.js\";s:71:\"sha384-+itlrN2dvS1RqmWnkLQkDqzANbdKqtt6JyQfE/DXxFnhg/PXf0ufRBCSp0c6q81i\";s:13:\"js/regular.js\";s:71:\"sha384-GoKOHat5yLSUYiGMfLJkuCErUZrNlW+2FeFYuKOt7sUWbqvMQOqfB+mdpfCU/8Q4\";s:11:\"js/solid.js\";s:71:\"sha384-jOmpRjxTFmJAVhf7+H7o9joWtQWHRZLdr+B25WojM1yfhB9wFkDvQ3x0VDDn4aAI\";s:14:\"js/v4-shims.js\";s:71:\"sha384-gaNKDFtFZuAyZDkB8Wov1Vl24lMu5MD5MXLmUSu+4HzB8tTVwemJnhqN4Zuj27wd\";}}}s:5:\"5.8.1\";a:1:{s:3:\"sri\";a:2:{s:4:\"free\";a:13:{s:11:\"css/all.css\";s:71:\"sha384-50oBUHEmvpQ+1lW4y57PTFmhCaXp0ML5d60M1M7uH2+nqUivzIebhndOJK28anvf\";s:14:\"css/brands.css\";s:71:\"sha384-n9+6/aSqa9lBidZMRCQHTHKJscPq6NW4pCQBiMmHdUCvPN8ZOg2zJJTkC7WIezWv\";s:19:\"css/fontawesome.css\";s:71:\"sha384-vd1e11sR28tEK9YANUtpIOdjGW14pS87bUBuOIoBILVWLFnS+MCX9T6MMf0VdPGq\";s:15:\"css/regular.css\";s:71:\"sha384-FKw7x8fCxuvzBwOJmhTJJsKzBl8dnN9e2R4+pXRfYoHivikuHkzWyhKWDSMcGNK8\";s:13:\"css/solid.css\";s:71:\"sha384-QokYePQSOwpBDuhlHOsX0ymF6R/vLk/UQVz3WHa6wygxI5oGTmDTv8wahFOSspdm\";s:19:\"css/svg-with-js.css\";s:71:\"sha384-acBDV8BDMPEP50gJeFdMIg9yE8eOPuFdBV9r+2F492NUbKhURdQvglFkG0Q+0rlE\";s:16:\"css/v4-shims.css\";s:71:\"sha384-knhdgIEP1JBPHETtXGyUk1FXV22kd1ZAN8yyExweAKAfztV5+kSBjUff4pHDG38c\";s:9:\"js/all.js\";s:71:\"sha384-g5uSoOSBd7KkhAMlnQILrecXvzst9TdC09/VM+pjDTCM+1il8RHz5fKANTFFb+gQ\";s:12:\"js/brands.js\";s:71:\"sha384-rUOIFHM3HXni/WG5pzDhA1e2Js5nn4bWudTYujHbbI9ztBIxK54CL4ZNZWwcBQeD\";s:17:\"js/fontawesome.js\";s:71:\"sha384-EMmnH+Njn8umuoSMZ3Ae3bC9hDknHKOWL2e9WJD/cN6XLeAN7tr5ZQ0Hx5HDHtkS\";s:13:\"js/regular.js\";s:71:\"sha384-Uc9toywOA44owltk1MWl0lQZ+L0mBzJkLQcdif6+JtG9izvok9DLJtCZX57Uq3k2\";s:11:\"js/solid.js\";s:71:\"sha384-IA6YnujJIO+z1m4NKyAGvZ9Wmxrd4Px8WFqhFcgRmwLaJaiwijYgApVpo1MV8p77\";s:14:\"js/v4-shims.js\";s:71:\"sha384-DWlD0qU0+4WTFKXrFbt8wXq/1NHvOGT8vwllYM0W2gIeqgaCC3bZ0U464mDtbR70\";}s:3:\"pro\";a:15:{s:11:\"css/all.css\";s:71:\"sha384-Bx4pytHkyTDy3aJKjGkGoHPt3tvv6zlwwjc3iqN7ktaiEMLDPqLSZYts2OjKcBx1\";s:14:\"css/brands.css\";s:71:\"sha384-9Wenwezdk1eEhfcpps+Heco4zWw6KuZ2VlevoPomUwWYYZd3nBX0kZ1hBV2zSIKF\";s:19:\"css/fontawesome.css\";s:71:\"sha384-4HqGlagEHMyfaDQVabl1wx7GCtGw6hDl3sKJEhqQjOCrXrvizhaA2j4hK8Piewtr\";s:13:\"css/light.css\";s:71:\"sha384-3SMOAKCN8LYSMjkWz1ChDg4pHSLtD+LuKXaZoHxE1oyDneLR6Ebjm3XHMHO9fWu3\";s:15:\"css/regular.css\";s:71:\"sha384-ELBQxbOyxSZRtZPNO1mVgYkEzMOXFNmQY6CLV1nw+4IZoiHWeuwYTnABxPxxsuBE\";s:13:\"css/solid.css\";s:71:\"sha384-MkkthiFx7890Rev6vwUJO4gRT4yuH5tqMm/Wl4/n9/qptaBpiGcMyjfgq2K4h394\";s:19:\"css/svg-with-js.css\";s:71:\"sha384-LnvOeE4ntog9dzgq63i0OoI6jKPp3p0y693Fh4Fd4eOyx/UsAw0kHXbLKqML1p9R\";s:16:\"css/v4-shims.css\";s:71:\"sha384-68zdIccmue/irEHOgRiyNsWTZAGftSb6RkEtUhgaD+8213AXnbThq7m3WsO+B02H\";s:9:\"js/all.js\";s:71:\"sha384-GBwm0s/0wYcqnK/JmrCoRqWYIWzFiGEucsfFqkB76Ouii5+d4R31vWHPQtfhv55b\";s:12:\"js/brands.js\";s:71:\"sha384-b4zU5X+9uCyU5wpeWBsEIFph6tTD8ERLbUs93uYGQGNqzbcfPDeY6c4jMhTAfBri\";s:17:\"js/fontawesome.js\";s:71:\"sha384-w6QYwIdCVqcYkHtaFutVu3VlDeu+pBFvlp7e0/tygMFwnWTl13KuVYfsp0ediPpA\";s:11:\"js/light.js\";s:71:\"sha384-avwGKnev1pyXYEbWxXSg9S4rpTsws+5vQpoj76SfcccEzOL162Ei8+z4a6AlaMeE\";s:13:\"js/regular.js\";s:71:\"sha384-lv9QOXVC8fPRX14JTtgPGx1JjQPfjnqnp+bTlEnrW2FRawdJ4V8oe4Yq4kdfgJIp\";s:11:\"js/solid.js\";s:71:\"sha384-sJjbbGVKgAaulHq0KZK5MsUx9YmPj+4G3oY2vmW12iBNEFkkhObBezK0ZhSXchIs\";s:14:\"js/v4-shims.js\";s:71:\"sha384-J8Vif9iMSqb5RK45yq6+dnrM1lTP1oQcIHtKpoH0irzUJD/1gCK0pQgIr0hO+hta\";}}}s:5:\"5.8.2\";a:1:{s:3:\"sri\";a:2:{s:4:\"free\";a:13:{s:11:\"css/all.css\";s:71:\"sha384-oS3vJWv+0UjzBfQzYUhtDYW+Pj2yciDJxpsK1OYPAYjqT085Qq/1cq5FLXAZQ7Ay\";s:14:\"css/brands.css\";s:71:\"sha384-i2PyM6FMpVnxjRPi0KW/xIS7hkeSznkllv+Hx/MtYDaHA5VcF0yL3KVlvzp8bWjQ\";s:19:\"css/fontawesome.css\";s:71:\"sha384-sri+NftO+0hcisDKgr287Y/1LVnInHJ1l+XC7+FOabmTTIK0HnE2ID+xxvJ21c5J\";s:15:\"css/regular.css\";s:71:\"sha384-hCIN6p9+1T+YkCd3wWjB5yufpReULIPQ21XA/ncf3oZ631q2HEhdC7JgKqbk//4+\";s:13:\"css/solid.css\";s:71:\"sha384-ioUrHig76ITq4aEJ67dHzTvqjsAP/7IzgwE7lgJcg2r7BRNGYSK0LwSmROzYtgzs\";s:19:\"css/svg-with-js.css\";s:71:\"sha384-PLvJTjM1QH/74H66d1I1vU8KYsjkbjSJn87gUIUsIO6Xjf8fRO8Hxdevr46EkV7M\";s:16:\"css/v4-shims.css\";s:71:\"sha384-XyBa62YmP9n5OJlz31oJcSVUqdJJ1dgQZriaAHtKZn/8Bu8KJ+PMJ/jjVGvhwvQi\";s:9:\"js/all.js\";s:71:\"sha384-DJ25uNYET2XCl5ZF++U8eNxPWqcKohUUBUpKGlNLMchM7q4Wjg2CUpjHLaL8yYPH\";s:12:\"js/brands.js\";s:71:\"sha384-GtvEzzhN52RvAD7CnSR7TcPw555abR8NK28tAqa/GgIDk59o0TsaK6FHglLstzCf\";s:17:\"js/fontawesome.js\";s:71:\"sha384-Ia7KZbX22R7DDSbxNmxHqPQ15ceNzg2U4h5A8dy3K47G2fV1k658BTxXjp7rdhXa\";s:13:\"js/regular.js\";s:71:\"sha384-iFYyWQkY/Zvsdq3IIxRJI2FBoXPj6g73ok7rIH3sZGulA7E5PvFqB5BOELomUuyh\";s:11:\"js/solid.js\";s:71:\"sha384-+2/MEhV42Ne5nONkjLVCZFGh5IaEQmfXyvGlsibBiATelTFbVGoLB1sqhczi0hlf\";s:14:\"js/v4-shims.js\";s:71:\"sha384-5i8QG9UXrCZePXfj1ac87dq22tNtGoJ22fmjXaJI8iIy072+ZKv1NZHbsTMfYvnV\";}s:3:\"pro\";a:15:{s:11:\"css/all.css\";s:71:\"sha384-xVVam1KS4+Qt2OrFa+VdRUoXygyKIuNWUUUBZYv+n27STsJ7oDOHJgfF0bNKLMJF\";s:14:\"css/brands.css\";s:71:\"sha384-BeZiOfMYSXjscewXEIJ0PDoBy27u+zVSTP5ZuW3kjEZKCn7pOB7v+oQVtAtHfY0v\";s:19:\"css/fontawesome.css\";s:71:\"sha384-fqilzf6i0kkOYm+DT4UC9pWzYf4/eFdJKroY1jZyE7n8eYLujyYM9VCucGf/LdVD\";s:13:\"css/light.css\";s:71:\"sha384-0WqtEOayxoyo7wgxUc5l2RvIbaWTyny0LrJbwsKhrKXUyopxvaNFLIoob4dXRwLO\";s:15:\"css/regular.css\";s:71:\"sha384-jyNdSTwsauV6/i9u6sKFOZBrxlr4QREAY295HsNy8laz4LYryhnPdz0ewFVERKfV\";s:13:\"css/solid.css\";s:71:\"sha384-dUUyoHgD2BplZp1AnRbRu0HPC5jscpJEJaJjqnBh7Y5PT1gW7cM6BQEgrcOsSa7e\";s:19:\"css/svg-with-js.css\";s:71:\"sha384-+BcpgpzTfqttc/C2LUPzGXIGunaa/aIuSC/BPO2BBqqMbHNRCF7d3DU54LxbCzTS\";s:16:\"css/v4-shims.css\";s:71:\"sha384-TpRSvWoRbPKMMxDvVZgEa9wxoOZyawahRkC2P+ksDRxjPSvZjhEf5nU7pqSWBCQF\";s:9:\"js/all.js\";s:71:\"sha384-RLPiEwcAdrH2NjFcwJipJtlFoIN1xvqPYeeDX5yYtSNu+HTIkQCDvPQ9thsUnPUS\";s:12:\"js/brands.js\";s:71:\"sha384-NBtHk407eZGNubj82MbaKt5CrNLfhnYmCbpjSyDk/nWemMXE/mfvm3c1MPjfnWmU\";s:17:\"js/fontawesome.js\";s:71:\"sha384-b7K10RWf2Q3m26zPrKzM95th5yJnxEw+vpCzNITZFKV8UgxPgHb61bS0xFkKdV2I\";s:11:\"js/light.js\";s:71:\"sha384-BMiulaMo0kY9ExzwDFFjsXkU373Br7qSwYa/hdDlWEWEkE3flk4mBFvMwlpye3Aw\";s:13:\"js/regular.js\";s:71:\"sha384-uMEQdPXvyCTabszTyCxRRMDh/xIcRlT/fpq2DKkcjR6+lOqq2111EL0C1OiRVu1E\";s:11:\"js/solid.js\";s:71:\"sha384-9fQzIUDeLlrPRI2CT9AqVv6Yr0JgEY0+rr7ngyaatQAQrEHhCv5CvG8F8UFdgk7u\";s:14:\"js/v4-shims.js\";s:71:\"sha384-Ts0FauTmSRKZNl+Uw+WC04UuoVYd2gXlJ+OcUvb1NDrV2XmDcgCr8PPv5MY/7KZR\";}}}s:5:\"5.9.0\";a:1:{s:3:\"sri\";a:2:{s:4:\"free\";a:13:{s:11:\"css/all.css\";s:71:\"sha384-i1LQnF23gykqWXg6jxC2ZbCbUMxyw5gLZY6UiUS98LYV5unm8GWmfkIS6jqJfb4E\";s:14:\"css/brands.css\";s:71:\"sha384-vfTtNoEyqnxivzqkzc+mvlVeCWPGwMlIIkeTkt0mcUQNmFLyyXxY5SgZIkKQIXRK\";s:19:\"css/fontawesome.css\";s:71:\"sha384-NnhYAEceBbm5rQuNvCv6o4iIoPZlkaWfvuXVh4XkRNvHWKgu/Mk2nEjFZpPQdwiz\";s:15:\"css/regular.css\";s:71:\"sha384-5E/NXotaQSDJW8gq/9pxwQHSPRrb21suHuLPqOIlgob8QC8ltM13i6HLujrhWmBL\";s:13:\"css/solid.css\";s:71:\"sha384-ypqxM+6jj5ropInEPawU1UEhbuOuBkkz59KyIbbsTu4Sw62PfV3KUnQadMbIoAzq\";s:19:\"css/svg-with-js.css\";s:71:\"sha384-Bfk4oyOug+rBqsciYilQ+iwazXsMTURz/M6Gfx7fb02KNeW5VHwt7aHTXWNU9B2W\";s:16:\"css/v4-shims.css\";s:71:\"sha384-zpflLcSaYRmTsnK2LTOdvChgML+Tt/4aE2szcblLVBXd8Jq/HGz6rhZqZ+4TkK75\";s:9:\"js/all.js\";s:71:\"sha384-7Gk1S6elg570RSJJxILsRiq8o0CO99g1zjfOISrqjFUCjxHDn3TmaWoWOqt6eswF\";s:12:\"js/brands.js\";s:71:\"sha384-CZZj1HZWqgh/CGR22Lnl6+fZC6IDR10ga+wECjipCR3zId+7ZxZP1JNI+YgdzyO/\";s:17:\"js/fontawesome.js\";s:71:\"sha384-RXRrB6R44g3RRohoKLAOK5MjNq4PVvz7iZErCckeyobGIJLpTP2qq6xjJFuKnfZu\";s:13:\"js/regular.js\";s:71:\"sha384-xrLv+W4OudHJZ6QDKuv+el28Wyr4OMO0qSQuBiPqhBsnSGKdGct/ElQm+2/fx/eS\";s:11:\"js/solid.js\";s:71:\"sha384-kDWpGOpzLEy85/cK1Df/ba6PkpDHAKUGOX4YHEt0sFzHdrTY1rGmT/gYHN3zCcF0\";s:14:\"js/v4-shims.js\";s:71:\"sha384-npD7syUhXOZUTbAzJEyIPGq/8gGAhBmei7JkUwUki9hAtz9oPkFJwx5f3vGb7SOi\";}s:3:\"pro\";a:15:{s:11:\"css/all.css\";s:71:\"sha384-vlOMx0hKjUCl4WzuhIhSNZSm2yQCaf0mOU1hEDK/iztH3gU4v5NMmJln9273A6Jz\";s:14:\"css/brands.css\";s:71:\"sha384-wRa49NRotGDh34aLO1Hjbu65qHSTF/ZNSBm7uTpMUa2EQ1Csq7Zlswm+FR9hcWtn\";s:19:\"css/fontawesome.css\";s:71:\"sha384-QSCxeayZXa6bvOhHReoQRGN7utvnOnY3JoBHGxM61JQQ1EXA7AT3m7dnlHXLhnCj\";s:13:\"css/light.css\";s:71:\"sha384-/ggAGHSQWxssDRflcj0aeAlGN2rNgsnWOLv1ZU5FEvjQWxP53glq5pNPjtfldVVN\";s:15:\"css/regular.css\";s:71:\"sha384-FrLF2uGffV1P93pQZme192v/cHRu1XlgjMreWAScHPPjBz/p9pNTx/bTV83x8peQ\";s:13:\"css/solid.css\";s:71:\"sha384-KyLwW4NRDhAz4RVatBCvFATniD3ze5rJvP1usxUFectdGgG8n+7OTcZug8s4bj5H\";s:19:\"css/svg-with-js.css\";s:71:\"sha384-dwNK02s77FqYOBDJpF4ttbI23g2UUTrI9euJ+OQGonHAy4W1kCpAyV7ozLK24GWz\";s:16:\"css/v4-shims.css\";s:71:\"sha384-tlZ/hMWxtcO6JxnBPYGsa5Oiu1gmAqp/bY7s7G6m5OOCJvcNQ6Fo39YHu4Elr+Hf\";s:9:\"js/all.js\";s:71:\"sha384-nKdXFHC25mX+ztWymakpQ8nRykznAcZ+yHi9XETJ8CuVvvSGeg/0QCPhvDb41hUb\";s:12:\"js/brands.js\";s:71:\"sha384-4Md2NBtJT8CgVnGaoonPkhRdMvGcFRH/nATvRJ0+2VsJ5bjySPpBil+KbSC+9yFv\";s:17:\"js/fontawesome.js\";s:71:\"sha384-nFIVFc2+uHHcH70YEBnMC6UmUjVxcQ0rZJe7u58lz5aUDQRz0l3xFmVSdao7Ag/K\";s:11:\"js/light.js\";s:71:\"sha384-C6XejYBP1H4YOZVReSXSBion6LKXOt7htNgjRlcKQSsMnL+/Ok1vyvI5EQs1/H1e\";s:13:\"js/regular.js\";s:71:\"sha384-GlXg5Pw5UjuoWpx2tbE3LsctnmBsngO5u5c+nK1slAwSuwN86zPzez+sFxncM+Tc\";s:11:\"js/solid.js\";s:71:\"sha384-pAEZwWHMzeWUPLx+edoghTzc+LBoBSIWMNFPeZGDiFDP6WL4g+EHr7DhQMUpjSLZ\";s:14:\"js/v4-shims.js\";s:71:\"sha384-A2MQ6ZItVBjKp0Efdmi8Xze6uRApxGoHzuGImgZGk6JfuaQ9Vkcev6HtJSQzftWE\";}}}s:6:\"5.10.0\";a:1:{s:3:\"sri\";a:2:{s:4:\"free\";a:14:{s:11:\"css/all.css\";s:71:\"sha384-0c38nfCMzF8w8DBI+9nTWzApOpr1z0WuyswL4y6x/2ZTtmj/Ki5TedKeUcFusC/k\";s:14:\"css/brands.css\";s:71:\"sha384-19EzMRnOAF4Gg36FukRf0Bee26rnZC49Ld5mFG+8XiQ8ddeKQYj7Rnl12YxIoHe6\";s:19:\"css/fontawesome.css\";s:71:\"sha384-YYaKmJMZQbIhKGKC1QGjVKSQ3s9OlZitN6xQQEPksarSkM0WNkq5Kke0yehyNwyT\";s:15:\"css/regular.css\";s:71:\"sha384-OVGJJ0J6OIuVjxoE5rUQPFweGgzO0xT+HKN5IChh3LTrsWQKjHocfKq+nk/8DogN\";s:13:\"css/solid.css\";s:71:\"sha384-dHM1276IWlmmltsiRRg04ASaTBbgAqnnjneOemUaqff0rqTtVHw5qqKE5i0k4Qll\";s:19:\"css/svg-with-js.css\";s:71:\"sha384-oBn2TNb41FLJEvg05fPEoAhWHErn7PR1FiyT6NjQkoPzDDg1n/e/GrwRgh34gDmQ\";s:16:\"css/v4-shims.css\";s:71:\"sha384-R4Ah6+FGj2TWi1SbbJo01aRwLwdNunBoW4ALQ4SdcDpyQpKoP0pTL3Ce0Hf0oMOh\";s:9:\"js/all.js\";s:71:\"sha384-BfzGEucsDAHnSR99xBvG8cNHx7h6sEbKJejtvqlMrN8nMi3gP2ds+sMAjWfWnZyn\";s:12:\"js/brands.js\";s:71:\"sha384-SgCx6DCTHwPNfTrT8PeDNKVR+bLsTKTVnBbtZYSLgfp4dd+KGa6j4/Jy96HTd0nw\";s:24:\"js/conflict-detection.js\";s:71:\"sha384-yhpUSfH+AXwjqsle/7pS92NQZivmuHw41bqBfGxkaV4ftpRTE9Z6MNd2oh9x/BBm\";s:17:\"js/fontawesome.js\";s:71:\"sha384-LMbxIMq/Ra43sLL8MF9d0C8NDym6Cp7d2rtvvZUd5n4EuGE3GSYBmf6JV41EB7+y\";s:13:\"js/regular.js\";s:71:\"sha384-eX5P9jt8OdQQ4ME1Y4Q90r5k0qCw55F9jie73NYjcSEHIYYV+x3MW3XgqK7HDuOG\";s:11:\"js/solid.js\";s:71:\"sha384-WvtEEwvz7coGHFMqz/gUsacHkjubSgzLIieTORXey1KIpl+/r1Sk5owMdBxnGFHy\";s:14:\"js/v4-shims.js\";s:71:\"sha384-RT+uACaLSP2jOOLdRXKvxcgxA/WNa36UYkM14r9ODCgz51g7frfTdR+Jv3q46NW3\";}s:3:\"pro\";a:18:{s:11:\"css/all.css\";s:71:\"sha384-AYmEC3Yw5cVb3ZcuHtOA93w35dYTsvhLPVnYs9eStHfGJvOvKxVfELGroGkvsg+p\";s:14:\"css/brands.css\";s:71:\"sha384-/BwiSb9M4ZqztN8bEG+VrC9ohWSBX3qEV95+/+gBJoE4+zG3KqcLj8ShUhBIALSm\";s:15:\"css/duotone.css\";s:71:\"sha384-R3QzTxyukP03CMqKFe0ssp5wUvBPEyy9ZspCB+Y01fEjhMwcXixTyeot+S40+AjZ\";s:19:\"css/fontawesome.css\";s:71:\"sha384-eHoocPgXsiuZh+Yy6+7DsKAerLXyJmu2Hadh4QYyt+8v86geixVYwFqUvMU8X90l\";s:13:\"css/light.css\";s:71:\"sha384-2CRj/5C4pwyS5v+q0KXxQ39b3qsKQNE6T+9FFaAOlps/XjJcK+M20aMUxuQtRLaZ\";s:15:\"css/regular.css\";s:71:\"sha384-pWItZRjB6NLzlrnwcL+2alve4CtHiaLj9W5ZwGPgy6dtMzCPsGv/qEcRvrbVkW5i\";s:13:\"css/solid.css\";s:71:\"sha384-Zbnz7QaugaSWTYmuSFTHGzMLxXAu2vzmqJhA/DS3bnaZGJaatH8apOWXfFaP6PMh\";s:19:\"css/svg-with-js.css\";s:71:\"sha384-85qDq8Thytv8iDkEBcdksps8EZiX4DEo3vh6Ijk38Xi4RVm37Ttn+HU9rsXho2fN\";s:16:\"css/v4-shims.css\";s:71:\"sha384-y51MGgwaeLjbh5fbY1GJ6PypnEoMkGu8MoR1HRE/p/hHfiEE1G9bK/79bstJpyYk\";s:9:\"js/all.js\";s:71:\"sha384-G/ZR3ntz68JZrH4pfPJyRbjW+c0+ojii5f+GYiYwldYU69A+Ejat6yIfLSxljXxD\";s:12:\"js/brands.js\";s:71:\"sha384-8TDwqaS9Kr9a/3cVS6+XkvWUM1tz6XdS8s2urD5rXY1Cz22kPF77ZuG1gIWaz6kZ\";s:24:\"js/conflict-detection.js\";s:71:\"sha384-JB1N15Wp6AIOL3sQ9Tm4a0kATlQy9/+/nLmU9B2wv4K4gGNAUFZEU7qDcxIPJLXy\";s:13:\"js/duotone.js\";s:71:\"sha384-PcDzzpTJzDDda2YUM4EY5ZqnZQ3DTIFtoaAn7t07N0UIY1HVyaxIHRzROmFBd48z\";s:17:\"js/fontawesome.js\";s:71:\"sha384-8YSeMunSTZdDZy7rZxfG3NqC3KnYaCKxTJMm9yoILgIoMpXeTKDrV8TeV9C5ItEc\";s:11:\"js/light.js\";s:71:\"sha384-sEc8iKGnMxm+Dm4AQabXbw0DKZU9FtFrWMppMOsxaUZsLL5pcpQs4aL/OfefTw7g\";s:13:\"js/regular.js\";s:71:\"sha384-wNQjNuGVt9TzLWqaxsZvH5uIDIxEkpSCeSPg6nF2ud6AK9jXY9yMFA6CbcZrr+cZ\";s:11:\"js/solid.js\";s:71:\"sha384-Vh+IVHoo4c4JXOfJBoUxIiEJf6bB443zoyGtwY8WbBmCU+7fAq9QX9JLtFcNSPZl\";s:14:\"js/v4-shims.js\";s:71:\"sha384-vzU1ar4oP9lOG/JJdj1q/+3aatI/ZbpyHIMelvsAi2Ee8gCiTIb/YhqRymLLZkje\";}}}s:6:\"5.10.1\";a:1:{s:3:\"sri\";a:2:{s:4:\"free\";a:14:{s:11:\"css/all.css\";s:71:\"sha384-wxqG4glGB3nlqX0bi23nmgwCSjWIW13BdLUEYC4VIMehfbcro/ATkyDsF/AbIOVe\";s:14:\"css/brands.css\";s:71:\"sha384-+B+cmd37r9agFUqHw5ABups/+o97SqA/Y6S5b3ly2q0ABacloQs0HZOQAX1NpJhF\";s:19:\"css/fontawesome.css\";s:71:\"sha384-jUGOH+gYMCfz2jbO6DW8vojES/a323h7dcoT6qI7Bvod9mew/wwTZryjccmaMOkf\";s:15:\"css/regular.css\";s:71:\"sha384-gr19od0wAxe2+mYHEXvS7Y1ppn+ESoAQzTYGPauVJYyAYYl0NBQaKveeQnzez2Rm\";s:13:\"css/solid.css\";s:71:\"sha384-VUnOJnDrNS0aVOhF6puq5SPJOP5oOvIO6n54m14E2/OHv6DU1gklJ4EImoD382c5\";s:19:\"css/svg-with-js.css\";s:71:\"sha384-94OQehjHMl3lApC2tWmjwtxlB0oEtSE2zrTdf8uuWEaDEkkCxXK/w0vFs5J5WPU1\";s:16:\"css/v4-shims.css\";s:71:\"sha384-i1lF6V7EeiD7KOgGLtAvJiK1GAQx4ogzG6B9gpEaDuHSLZuM3sFtPZrI6H2Gzqs6\";s:9:\"js/all.js\";s:71:\"sha384-aC/bNmpJEYrEVX5KNHN+m0CmvycQX9wDnYv8X2gdXQjrbtDP5OcU5DRiXwL6bPwr\";s:12:\"js/brands.js\";s:71:\"sha384-BZIBcmKlroIkWe3e13MZbUHZdmagAU/8cnXo9mIW5p5wzf+/U5ULLQ8TVioSuCnC\";s:24:\"js/conflict-detection.js\";s:71:\"sha384-A6TzAYakDQ9XwDY1hOPxAxI/3t6kol61Ed9hvHegEwcENzAE0vLojG6wItQDmclf\";s:17:\"js/fontawesome.js\";s:71:\"sha384-NXKh+ixIINN/JHIorH6fcTNwaAekBk2v7azch6cKmQm7wtb0yBt8ctqn1FAspAW5\";s:13:\"js/regular.js\";s:71:\"sha384-7Sk1mIxPYoZb2I3YK86sPsPMftKqv0aWP+dgX//x1mF1mSOYydXmX7DbtHN99bea\";s:11:\"js/solid.js\";s:71:\"sha384-dc4FEGpFyXnyL9DbieF6I8Xzipdt7GRHX6k8RM/ow6+IDISjPeeTwTiAkNzjv2OI\";s:14:\"js/v4-shims.js\";s:71:\"sha384-BtUWeH6hQDQGUZewQDmWRMisAxvs1LtqoVQgmbFptFnH1GpBw2b2vZenxfFmRtOS\";}s:3:\"pro\";a:18:{s:11:\"css/all.css\";s:71:\"sha384-y++enYq9sdV7msNmXr08kJdkX4zEI1gMjjkw0l9ttOepH7fMdhb7CePwuRQCfwCr\";s:14:\"css/brands.css\";s:71:\"sha384-9J78p9RP9gty/jk0TJPvYSzmYYCH4cRRkDMnZGxZNh1wdaXLvXzIk90EWrxjjqr9\";s:15:\"css/duotone.css\";s:71:\"sha384-Na50X0DRTNz+Sc+4XbFXONmaknKHBHw6gvRZ4coLQCl7ZLXziulq+4wvTZxkaM+U\";s:19:\"css/fontawesome.css\";s:71:\"sha384-OvQaO09Stu8nVnOdc+6B3WjpKg9dfBxoakdLxJKAYgsz62+DzBUCvWRxPl9LRVSq\";s:13:\"css/light.css\";s:71:\"sha384-CL557/BMzDSg/4ctPpKDphHJgLqpdJ5rvOklcaHzLHpX+qsgd4V/xao6Rya4xKMQ\";s:15:\"css/regular.css\";s:71:\"sha384-yLDdP4XFV3JqISKN0JaZ0kdyks9S+U2o9uBmNbmZh85yjdF/kpu+oY3/eXQcGHhT\";s:13:\"css/solid.css\";s:71:\"sha384-BrYpEWmuPyxLgVmvUGa111AoxZ3kKwiG4TVjjewWZV9vww+dTLWpmEffDSEg9Gf5\";s:19:\"css/svg-with-js.css\";s:71:\"sha384-V8iByeksgr2la9ceLV1jNv7uWdzI3pYZLNzgYqWmQuQZa7khs4d6QC84YnMWoKxx\";s:16:\"css/v4-shims.css\";s:71:\"sha384-rql5zubvrhoXpo5buqgoiKryiT02OHCEtveKZrj4NX/C2Kuy7W2P7vl+RVzBUl9m\";s:9:\"js/all.js\";s:71:\"sha384-FW78RPcSpi13vjx77nPWQIrQbNSLkPBopb0qGzLCxD2x4Kr6FA8V05C/6cpgkKPL\";s:12:\"js/brands.js\";s:71:\"sha384-DGr5D3fYhGn4bylN+nFRaxvPt6s4FjV7B5EhOOFUKW0JKU2vco3q3xtgSZeeEYpw\";s:24:\"js/conflict-detection.js\";s:71:\"sha384-++EkH6KNUkbsGzUhPmRa5yboy873FnCrHLPNWnvcfYOzCCShCQHtdQ3RQTt3WDsW\";s:13:\"js/duotone.js\";s:71:\"sha384-QwVJpiaupNLHQYsfQUftqzWXMT+SsU4AKnlvxDGzNjTq5xPXRbG/ohsvyIEyK2uf\";s:17:\"js/fontawesome.js\";s:71:\"sha384-v97MeHGTkmNphZhn+D7412xlPlc61o4jy6CouRwKfNltfXH68HcYhmQBr2j/J/Vp\";s:11:\"js/light.js\";s:71:\"sha384-TZInz5PvbxRzxSlGI1WYKmrrBBk/XTTZymO6w+smmSVD6RFpfZd+JtSye/viSFxA\";s:13:\"js/regular.js\";s:71:\"sha384-ZlV+aQMpcvCEqNPe9qTu/S6+eBL+DfRjOxr9wtsoZyGnJ/vwQk/U2SZhZ8tJqH5F\";s:11:\"js/solid.js\";s:71:\"sha384-WtnuXyp6MLUsHy3FAqJyL7aL0a/mdUjPwIs/Ub7FXJZufo/0qH9aFsTDY5Q6Bx3m\";s:14:\"js/v4-shims.js\";s:71:\"sha384-P9HMMmM/ObyzYMvKfF0Xf40MYwNdkI08AwhSyCsAVlmXZkJ9GaI0Z23pozRg8HAe\";}}}s:6:\"5.10.2\";a:1:{s:3:\"sri\";a:2:{s:4:\"free\";a:14:{s:11:\"css/all.css\";s:71:\"sha384-rtJEYb85SiYWgfpCr0jn174XgJTn4rptSOQsMroFBPQSGLdOC5IbubP6lJ35qoM9\";s:14:\"css/brands.css\";s:71:\"sha384-qVnmyLTtnGPGEN3HDG2MCEOXWH1Yk/i70lKRuV+gMCDQg+jblQlFGPf1mejWUyYG\";s:19:\"css/fontawesome.css\";s:71:\"sha384-hM7EQerc09E4O3zhtvF2iqcB4ZkEu9xkLQndhXdGGCEJ/sB4JK54SuKGmIC35UTf\";s:15:\"css/regular.css\";s:71:\"sha384-zuVEAfuEXYtKnHpmwmkhzwMdR2uek5gePU1XveESmScyRJHbncv8rLEAt+ofv7ze\";s:13:\"css/solid.css\";s:71:\"sha384-qPldrzmea0i8jhonuql0da/kQWeaXdQl+krGXcTQUdRUGHcXBfSrBbZLbyMcCWcF\";s:19:\"css/svg-with-js.css\";s:71:\"sha384-G0mvrlfkz9DnjBCRmY8Wf7nC8wTxDsHE3pGAc7/4rDLh5+v9Z00qi/uyjjcDf1nf\";s:16:\"css/v4-shims.css\";s:71:\"sha384-updXts+unDswrMsYxLc5R+HfSmF8CuEIOe48Rj3DoVoPUIImOT1fs26H/tr/H9gC\";s:9:\"js/all.js\";s:71:\"sha384-QMu+Y+eu45Nfr9fmFOlw8EqjiUreChmoQ7k7C1pFNO8hEbGv9yzsszTmz+RzwyCh\";s:12:\"js/brands.js\";s:71:\"sha384-0kDL5YEgNJjL/kNToZYEds3evLmosarb6OU2eKqRYu6O28jcJc121tjUC40sG9VB\";s:24:\"js/conflict-detection.js\";s:71:\"sha384-Hg1lNcVEsyCqBb1J4/U9X9IW2DEhAKIBfBIE0J0eiWGEX9LEpEULwcsqoAb6HDgG\";s:17:\"js/fontawesome.js\";s:71:\"sha384-5WtMZ7frOu4PgR22YgRSlercgEU28i5Zn39Svk6+2cg1MOigLDSsvXccsmJO2Wxp\";s:13:\"js/regular.js\";s:71:\"sha384-CYi/gunDGMYA12KV546MNRqsjbbWSyKgPjA9BwVMBQmIMhzVrjyUJwkV9uujzHLJ\";s:11:\"js/solid.js\";s:71:\"sha384-RbVpZhfPW/1SmcShwIOauawY5vJWxTCeEnmiUCiY2SbkrbKuSGTqJ9NnBUmcP95A\";s:14:\"js/v4-shims.js\";s:71:\"sha384-gDM1aRghQ5DRg+fSCROSYawrJhbAHqa6Teb2Br0qRJtb+vRJlyU4U4xnmN5cwJ9j\";}s:3:\"pro\";a:18:{s:11:\"css/all.css\";s:71:\"sha384-XxNLWSzCxOe/CFcHcAiJAZ7LarLmw3f4975gOO6QkxvULbGGNDoSOTzItGUG++Q+\";s:14:\"css/brands.css\";s:71:\"sha384-hIpb1kefRKjC/r6WxN0S6Nai7+AuherqCoHKD0HNdXkbzJkZcS4o62bJ7ODiBWAu\";s:15:\"css/duotone.css\";s:71:\"sha384-B6+5TXCEkY2Io8b+v2Ki0aEWnpCFgBYkOzXAHY3oQ4tr90JpQC1RErwFbvJ9CRt8\";s:19:\"css/fontawesome.css\";s:71:\"sha384-1sdMwbsd8X7Y+nVcEr/4D35smQEaEd6Qz+R00Y+NPUkG8MyRa97RrX5I4nqDt6X7\";s:13:\"css/light.css\";s:71:\"sha384-dlxpRYGi8Pjg49IqtrDIVZmCOQZ//oDKDkoqbn/IXrwwQDP4Uf0ys6+eH1z9sfhV\";s:15:\"css/regular.css\";s:71:\"sha384-hKM7KqUOh6F2PI59uEhofbDs/5qHHdJEULlmNWJEQcu3D/5/vl5zpwBrveC4GAbI\";s:13:\"css/solid.css\";s:71:\"sha384-FCdq+BRoY+lV7Zy7HKKQ4zoywYLRyasGk6IrmrXfmYs0xIgL0QrPeEPTu3T4Uqcc\";s:19:\"css/svg-with-js.css\";s:71:\"sha384-+OTv1mrGtdzHGeAuFSVKpPvaMXNpUu+W+Xs4xYz2RgUlrBctmMyE3noRImN5j+ot\";s:16:\"css/v4-shims.css\";s:71:\"sha384-88Tda+TyAtJK9/cRRXAWdJjyE56Tg4ai2x7RoSEqSVodcInAoV0HNQ2ofaGCidyr\";s:9:\"js/all.js\";s:71:\"sha384-lowSFbzpSYKDOsvnpi2JVneSnkrbVjOTwcHOWpC+tj/YT1mxTDIB3ZqbtllmfUSC\";s:12:\"js/brands.js\";s:71:\"sha384-nyTyvpFz3BvQZucRUSSEDlyivN7GAC2Xhgl9M92o/rt/KfEZ7LkqusFXlCjM4DvC\";s:24:\"js/conflict-detection.js\";s:71:\"sha384-eYjh/PZbsWw6lqYWtDM+NlcRs3pUkOk8r4mxv/x0xDjmYPXTxPKQ8ZNXxOnd0UCL\";s:13:\"js/duotone.js\";s:71:\"sha384-2j1n2yG+7lkO9CjnN1DSQOGJoDEaJPEr+TPmTer3pK/yD3bQ/Kk8bqJyS3LfCK26\";s:17:\"js/fontawesome.js\";s:71:\"sha384-sy0tjZ+ivgcg2wUVVEmLMO5wfntWOSyQaD7AQec0iXINci5JAP92T8sM4YldYQIA\";s:11:\"js/light.js\";s:71:\"sha384-vh/BsPXkl02OgBjk1HJkukipMWFU6vHADY4W3u9BXIrKjcRFw5Y5XikVLoLElHee\";s:13:\"js/regular.js\";s:71:\"sha384-p89srWlrnSOel/vi/SpBD/wyTTJhu+27jcfOazOCUnLTpcxG+NVuYs/okkO2JBox\";s:11:\"js/solid.js\";s:71:\"sha384-JzK2muq5DGAdfmBP1xyuFUAYGceTmP/Y84tZvRxkdtsjwuIcd8Hpf1D+5izeBUQP\";s:14:\"js/v4-shims.js\";s:71:\"sha384-z089sTZgTLfns4lyNCTpVbdQA6JAhOs6JXwRH4ig0M6EHPg+Lzp/hdcx2OHQn/v8\";}}}s:6:\"5.11.0\";a:1:{s:3:\"sri\";a:2:{s:4:\"free\";a:14:{s:11:\"css/all.css\";s:71:\"sha384-XLYVh3ZsmvjnjODXg/qvDYjcINmPLORACP+Tk6qA3jNLbStl84PzAeEz2Su02511\";s:14:\"css/brands.css\";s:71:\"sha384-ngkCSSyhFgmeG9/8GICGMwnX44Q70/NN2XuNgrpMHOAjXVjYwTvtQML/2+2EH5mm\";s:19:\"css/fontawesome.css\";s:71:\"sha384-saSWCOAroWA1DTfG19axC5l7ej+/lsLpGrQjthhULGGw0FKZqZmxdjRhWqjypqgH\";s:15:\"css/regular.css\";s:71:\"sha384-NJ6bXu66piTFdxVfLXmQuxcjGye4blIA4H2DybHqY1WFdYSxbKQo6W0G53caD7MY\";s:13:\"css/solid.css\";s:71:\"sha384-1Ln0i7HCe1LMHO25AgX/9s/3XzTLIMev2SYgQz8xSyXSa3775gIb15NIpJoDRYDg\";s:19:\"css/svg-with-js.css\";s:71:\"sha384-utbeJwkEmotPPgnsjR2cFDH5mR1JrU1EX02CRdVYlT6MuuLA6/jK0M1UcDXBVNa1\";s:16:\"css/v4-shims.css\";s:71:\"sha384-QZ/09hWMymER1waFUW4M2iM55h3bf5FVf516rOAYf9G2mHSpAj+oo/6jrxhxiVq4\";s:9:\"js/all.js\";s:71:\"sha384-Zgm+jt84FBq52ezxzG1WPrUHXPTLraCVSuBDiGgz/mX0FZxgdkTZNephFvciYglv\";s:12:\"js/brands.js\";s:71:\"sha384-FYnxcuBilMBfd4M0z3ZhTEWrorBL6P6mqaDWsYN46z3iJszwg7yqVAft8mxPhWQf\";s:24:\"js/conflict-detection.js\";s:71:\"sha384-nDF1UhY85TnH6TtkBtlcaTXQh2EGA+oy54oi//hchZ6BIO8n0yZOdEDcqy3Lj6SH\";s:17:\"js/fontawesome.js\";s:71:\"sha384-+4PGPfaOiBMXBdbxBpjj3c78flBTf1SoDBBbEHY2P8SuIKsjNJ59vjhjpMClcRVk\";s:13:\"js/regular.js\";s:71:\"sha384-sPFXZNRvY5NMeQlqaEJyF/3Lrrcqi+EowkFdHnHe2B5/GSLq+RN8eAfpDiFzWveB\";s:11:\"js/solid.js\";s:71:\"sha384-abaNJNBN26YUz3JKjkP/eHqZP+7EaMLIkyR/I4JNQXin7CWBKc81Tmgh2//K2gfd\";s:14:\"js/v4-shims.js\";s:71:\"sha384-uQinggJhGToi55IHZla+hhoeR3xafp4JLhuIZzag3QFHKDyLLolL8IuCRM2aLdxy\";}s:3:\"pro\";a:18:{s:11:\"css/all.css\";s:71:\"sha384-eRd7BE4pd4YyGL79iaO+/+GQtuNU464XOqRShZHNdRwR66wJIzi0UirzOFzuoMOo\";s:14:\"css/brands.css\";s:71:\"sha384-/DL+sGDGYNVXNSXzx8omqgYJuKJWhPfJC0j3sM06CPE7CKypUtyAtAburBBMbhWn\";s:15:\"css/duotone.css\";s:71:\"sha384-JrGJDz5LRxQ3s3dW4Av8oo0oPABX1FQPzGwpVizHFqVT7RXKd2suPslh8/k6EFvo\";s:19:\"css/fontawesome.css\";s:71:\"sha384-ASwVckljSlVqrp7J4fCNW1Zfqp4GBw13f/oq/bwtr1KNG1j5lzKrfTpvoivwJZpS\";s:13:\"css/light.css\";s:71:\"sha384-SE3odAKV/Li06jtOem3j03b4qHD5AfOLS3ip3Ie7HS0QtdLJuRozlFcEiBnKhIjj\";s:15:\"css/regular.css\";s:71:\"sha384-v0Phnxb9e1tIN8ABEpuqr9+U98eA2hbSnnxnIFWqTyvwFd4QjVV9NOCl19hLotTv\";s:13:\"css/solid.css\";s:71:\"sha384-23irw3gzc0cirSOm9k0vC4Cb8339DDxFatLW9p83F4RsFK/1HuRvePKAltYrdlBX\";s:19:\"css/svg-with-js.css\";s:71:\"sha384-c8uzxHbCxkqcTDgRCHmj0nVIK7Z72qzR5ciNuZIQQKWVMb0Trzdh3g9EmdybHyb/\";s:16:\"css/v4-shims.css\";s:71:\"sha384-+/X59I6aJtu7U5st0yw42TmOgz2GTi80ici4b4Zr3fVKaib7AhAhXm17vhXVqNN6\";s:9:\"js/all.js\";s:71:\"sha384-jaxx6ehyna+t5i9JERhQruWpH3C/xGZQJz6/+xqO5C/eWWJ7ysIZIe9BAULfRy+f\";s:12:\"js/brands.js\";s:71:\"sha384-om6tKqxNyejPYGBkAEpF5czG8EOB93m9G17YUGoJgRtei7kJnA4P4+w73UfDPtLl\";s:24:\"js/conflict-detection.js\";s:71:\"sha384-I8WM/bXtfWQr8u2t0OIaUfJNpTd6LnCbNnrQpaKQN4/Pdek5IOtrXdpcXpLwzCoc\";s:13:\"js/duotone.js\";s:71:\"sha384-tit+/K18O6+uMPCuvEcobuzvT7aFly7Raxqnszuar7OzNloVr2oIugu9S/T3MNgn\";s:17:\"js/fontawesome.js\";s:71:\"sha384-kAYceFs9TzH4f4HsWzAZvbE7yJRTcOUe2UeJVCdVV8AYbspSlxAIwUg7yGHrtSKe\";s:11:\"js/light.js\";s:71:\"sha384-zam67iVIo4OJbdPFYrgsf4Te4l96q61wYKpT72nLO78ICkwXk27OlsN4SQYHOlI6\";s:13:\"js/regular.js\";s:71:\"sha384-8QzBYxpPIH9HEZ96HhicnkJ8XYzELjI6YQabAc2ANT0wExEgzeKwnNdQM3B0YPzX\";s:11:\"js/solid.js\";s:71:\"sha384-vTIqr5UHlJnlDEDAZB19P3NuSQy0Ynbzj7w5ofBkLPpN1bb7N2uZ/z0GNZGCIFxW\";s:14:\"js/v4-shims.js\";s:71:\"sha384-56L2fWZDluSTJKVxfc7PF+HoFsBrcdkn/Wj79nB2pzTgaYmqLT5T2pn6PLbMvHHq\";}}}s:6:\"5.11.1\";a:1:{s:3:\"sri\";a:2:{s:4:\"free\";a:14:{s:11:\"css/all.css\";s:71:\"sha384-IT8OQ5/IfeLGe8ZMxjj3QQNqT0zhBJSiFCL3uolrGgKRuenIU+mMS94kck/AHZWu\";s:14:\"css/brands.css\";s:71:\"sha384-UMAQJEtrY4iFRXQIYIXWfTd0GPzHrhSPK1SJ3fEeGGgtkC3m5qhKESA0yOXahpmJ\";s:19:\"css/fontawesome.css\";s:71:\"sha384-8dpIy0am6bmWHK+abUbC1sgkCSD6WstSMjjNB7JVa+rprKurA6xisqNHg6DESJWW\";s:15:\"css/regular.css\";s:71:\"sha384-5JoPxivOfpG9KRKbjXkqhwpMZ7vvAATGi77NPd6sC2ruJrWa/hKqoLBIWC1n1N/U\";s:13:\"css/solid.css\";s:71:\"sha384-20Qlvv++Kgw8B9SXDkUX4JrITPco1UXcaB1mkymQFgx8cM9azG2Ig9Sy3khBpWip\";s:19:\"css/svg-with-js.css\";s:71:\"sha384-jv39B+1DxC6iSROYUwIeI9RUDrl9ckXFPOOlys2dTXchRTodXzqX0lm6GUwN4iLA\";s:16:\"css/v4-shims.css\";s:71:\"sha384-iJU+Et4BsM2cUxdymLmM7B8IF6IkyAYIcJRKroT/XuA5+2bWL9u+KJ1ZItC4bcdo\";s:9:\"js/all.js\";s:71:\"sha384-4Uei2cJ8mOycRxb1dxppaomro+V4vHdGuT3NfYGpENdgukEOcOrNB43OdzBiHdpZ\";s:12:\"js/brands.js\";s:71:\"sha384-q5JjSRgEoLV9cBFXvjGX8xxIxWN+LcGaDFBxSid/9XwjhecfXMQK9Ak7bcPSFT0M\";s:24:\"js/conflict-detection.js\";s:71:\"sha384-LqGhhRx8iThhBm6ytksB4x9veweiV+qNa2soZmn8V37E4Nohq1ccRoaSr4o8YAGQ\";s:17:\"js/fontawesome.js\";s:71:\"sha384-jwx8I0tSvPLf7ZV1KwBdmXpCHgduVujQNEzmHuLEiCYql63uV/C9TCtdBU7E5TL/\";s:13:\"js/regular.js\";s:71:\"sha384-W1XmDNwB/NY1P/H0BiR107pc9NC7aTrPvwXbrZewndT3nyrmFm/7IIc0AxxcHQ/N\";s:11:\"js/solid.js\";s:71:\"sha384-kDwQ866HvlesMeZEZYvoa7AceBir+K+jB/0PVVSs/1bX0JtTvAm3aFEgOCOCt3c3\";s:14:\"js/v4-shims.js\";s:71:\"sha384-gtnOUe72T7BrqVgxbkcbbwZGJLyyHFFtefPxPZ5t/rmQ7vMNXbxml7JJkSNfHmkV\";}s:3:\"pro\";a:18:{s:11:\"css/all.css\";s:71:\"sha384-sr3GDThhNP8BxHFoTK4zKFgOjcrT8vzaiLwnwU+yB31BCaNj3QMX6YVXcv8AeBAy\";s:14:\"css/brands.css\";s:71:\"sha384-4sG0FgVejJMQM47pqYyG+7afeARX2P0HYkQ8JCKf3ZqTcpJ3/SWefUFX8kdm8eYV\";s:15:\"css/duotone.css\";s:71:\"sha384-q4v2/qv2HhGIAcd04NDH2XuGq8Bzu+xNYUI3gcKFfWt09m/dgZlvUC0rQJ3KtGg/\";s:19:\"css/fontawesome.css\";s:71:\"sha384-O68Og25nY+MZZRUiP6gm7XPDuHsNC5DgKWEoxn6+3CFcGLRXuFihbGO/8c5Ned0i\";s:13:\"css/light.css\";s:71:\"sha384-Rg8mXhpzJH99uBsgdsCp9zXjkcsw/pm+s4Kgu/56eRQSd8SAszYc6hssH5MLusHl\";s:15:\"css/regular.css\";s:71:\"sha384-RjVm0cyaQYehIEaR5Tt+JDfgnUUtY7GP/N4rEglG6DxLUhzozRl6HTH5NfPQ0X1/\";s:13:\"css/solid.css\";s:71:\"sha384-/SNkE+jEmgiOubdXCmBU+e2fWH200um/crHWjo/Rni9rhQuxT4demqM/PAyc+tXU\";s:19:\"css/svg-with-js.css\";s:71:\"sha384-9q0WPwNHncxttx1Sf3c/G9lszy6f82L4rYAYW+JF0PRBNvJ1mVyYivrsep7J+Fud\";s:16:\"css/v4-shims.css\";s:71:\"sha384-1oMR0RRrEohmWSZo0t/tezQF1gyGc/b73Bba+qyZLEGdTAPORCf4p+pQm/iycsgj\";s:9:\"js/all.js\";s:71:\"sha384-7DVhSuOn0R5KmazSuDzmwQHOIPfU4+n8x8AifcGCoSOGATBJh55ZY41LSL37PB6m\";s:12:\"js/brands.js\";s:71:\"sha384-QRf6gn0gPrg4U0aYZ5s/Sx7xXy9gplYMzh82CI51530v89R9s9xGG8ljaSqYflQU\";s:24:\"js/conflict-detection.js\";s:71:\"sha384-jKcJk7TgESeW6RZgq9/e8kTr0jRQ/JvaM//YDKwhF9wyvXk8lQs27OQ6cgv3FXTt\";s:13:\"js/duotone.js\";s:71:\"sha384-CeUA4+L5GZZwc5CGnvQVaT/Yrv5HuRydWW/QDCiXZnuORKxut4zKDa2WUaCS7fvo\";s:17:\"js/fontawesome.js\";s:71:\"sha384-hvER25BD06AWxsJLW7cQmGKjQp9PSZttpMIo36kIq2TTPEhP4lIT3VMFul89Ym6d\";s:11:\"js/light.js\";s:71:\"sha384-qvh52W5+cWrTxhfM559wBnsSqplMQIEjQkHnAE8c6MViBcH1OKvI1u4IGR+26hZK\";s:13:\"js/regular.js\";s:71:\"sha384-owKa0I4sfD0ooTioBE3KJEbjcmAZi2LeCbkqHr7/vkUeG/U5OyCGxYlcz8axgnSe\";s:11:\"js/solid.js\";s:71:\"sha384-hNm7JVaYkbmX1gZWRwOXVFKJ3onp68grA2bFGmFSMCQueJbgNvKR+iItAjM/PiuT\";s:14:\"js/v4-shims.js\";s:71:\"sha384-1MuEmp8vgjvrraTYbqRjvuZbLs+vFg2oeN+87QTVYX2EAXM90T4bzBm7HIFFzAp7\";}}}s:6:\"5.11.2\";a:1:{s:3:\"sri\";a:2:{s:4:\"free\";a:14:{s:11:\"css/all.css\";s:71:\"sha384-KA6wR/X5RY4zFAHpv/CnoG2UW1uogYfdnP67Uv7eULvTveboZJg0qUpmJZb5VqzN\";s:14:\"css/brands.css\";s:71:\"sha384-tft2+pObMD7rYFMZlLUziw/8QrQeKHU4GYYvA5jVaggC74ZrYdTASheA2vckPcX5\";s:19:\"css/fontawesome.css\";s:71:\"sha384-+pqJl+lfXqeZZHwVRNTbv2+eicpo+1TR/AEzHYYDKfAits/WRK21xLOwzOxZzJEZ\";s:15:\"css/regular.css\";s:71:\"sha384-zgXo5aJZxI4cJSgWSRtbv7q4JB6PzrmOTAWiZt2CqN25ifeKsCuQZ/pUNoPgjcTb\";s:13:\"css/solid.css\";s:71:\"sha384-doPVn+s3XZuxfJLS7K1E+sUl25XMZtTVb3O46RyV3JDU2ehfc0Aks4z0ufFpA2WC\";s:19:\"css/svg-with-js.css\";s:71:\"sha384-PCpLTPQTGcSAXFltutjYRSDJAXJItRY88oa9XgNyYJuwrgJGx+uNVmtGSDS2PPvL\";s:16:\"css/v4-shims.css\";s:71:\"sha384-/EdpJd7d6gGFiQ/vhh7iOjiZdf4+6K4al/XrX6FxxZwDSrAdWxAynr4p/EA/vyPQ\";s:9:\"js/all.js\";s:71:\"sha384-b3ua1l97aVGAPEIe48b4TC60WUQbQaGi2jqAWM90y0OZXZeyaTCWtBTKtjW2GXG1\";s:12:\"js/brands.js\";s:71:\"sha384-b2GpqFrJizV0BUEdbrITdOA5HnxnlrErt7MlEERWd6NSJ32rHeibEvyyCuA13OAS\";s:24:\"js/conflict-detection.js\";s:71:\"sha384-b1XIrGvAvE1F4q9vHz2OmkU7bBKvxebE+Q/bW+d4lG90kACkPFm/ZQuS9tlTwVD+\";s:17:\"js/fontawesome.js\";s:71:\"sha384-EYYaHDhIRoBhd/Ir/1fPnxg9rZLk/55lKtlNT5KrIcONoCS2kjf7ZWzMoCLLACeo\";s:13:\"js/regular.js\";s:71:\"sha384-vIxiYcREJ+yKr8tRXG0gCdepcyuhCTkHwiTdG0qVTHSQvjO0pmllh1QAy93JYsE5\";s:11:\"js/solid.js\";s:71:\"sha384-Mf3ap7OwO+bjTkzM1RsrothLh38uKXvMWJ2TQPXGHqZcqfeI/cyCV+sfV0IDnBDq\";s:14:\"js/v4-shims.js\";s:71:\"sha384-G5fIV0dSzZ1nDQSh+B5u3TRX2UtPcd5UWyi2WS1fZIpJQ/JpJCdShAZ+wmILZ7Qd\";}s:3:\"pro\";a:18:{s:11:\"css/all.css\";s:71:\"sha384-zrnmn8R8KkWl12rAZFt4yKjxplaDaT7/EUkKm7AovijfrQItFWR7O/JJn4DAa/gx\";s:14:\"css/brands.css\";s:71:\"sha384-dd+UlUKIkNDLBFy2GZJRdMODxfdUjx/PanzxBbsXaRBkyjHzUeDX3mj6q53uL825\";s:15:\"css/duotone.css\";s:71:\"sha384-tHth4ugEmPOZTBSN4Hi2oYiHY6vpxIL8clasFZidKyR6Gm34+U6wx6A9eZHqTs2W\";s:19:\"css/fontawesome.css\";s:71:\"sha384-bQakmC+XBF+eCf93fSR/57kAeX91i0BDyXyj8My8/e/3Bcno5zhEGM02xNvpXV+2\";s:13:\"css/light.css\";s:71:\"sha384-yNf+8hATd/MoR/yfZG0nBBtjTfxZEM1rJos9BgjBaVuLcu711wcecTXBlfS91nfj\";s:15:\"css/regular.css\";s:71:\"sha384-H5RIR1XTDkiiLdUTNtbYvWKpNd2qsPBeGzpT5PD495znZL9JCA7119EMPNfCASw1\";s:13:\"css/solid.css\";s:71:\"sha384-LkNnzh6wVxsC0m3vcQ0T5L6csSYpgSYniG/AKJqWBsHT7PVpeO0QHkBw4dW1WfVu\";s:19:\"css/svg-with-js.css\";s:71:\"sha384-Mh++Qzb28x/RVEo6SYO87IyopQpwhzveyGIVg/AfbCLCEHUINYcCy24fkArgPFNc\";s:16:\"css/v4-shims.css\";s:71:\"sha384-A1hDH1BUL9ZdoEFsPEJY4LRFhu70QJj+RaY50Zoqd568i+ONa9LHCI+uoWDT0Lut\";s:9:\"js/all.js\";s:71:\"sha384-S++1cFhwpxbtRScUliTyprAMK33gMHbukurY4rNyt9CxIniGm6PfioUsQPoAITQJ\";s:12:\"js/brands.js\";s:71:\"sha384-NuqRsJYX4n2gSY6iMRHPZJxtpR40C8Lc/CV66yyeP1Vu5W2QSuVyPxMRpRIGihE+\";s:24:\"js/conflict-detection.js\";s:71:\"sha384-GLrjh9czojGY48hc8pYlf/3FRNEBu9OWvNAta7SMilmijx8+ciGGVZyD+VwV4FVP\";s:13:\"js/duotone.js\";s:71:\"sha384-uO8Ntsr5QW0kAl13UUiYRBDhu3foxlKI+jZjPBApRxFDX2tgO/GYiCXIYiGixOU5\";s:17:\"js/fontawesome.js\";s:71:\"sha384-FdPoPmNNPrerz9uF/cNSTyPmNCRf6b81QDEPk0JlXAaailLV3DT9yA8plMzyffNZ\";s:11:\"js/light.js\";s:71:\"sha384-zE0WHJZIhNaysmywEoQBm6THN0uK5wAyfKWoN6lJPGOlrMB8hf0Yt4/+bex9jZi2\";s:13:\"js/regular.js\";s:71:\"sha384-+3mzeMYwSyHPQfOsqYlwcE3OSC7aI/+DjyVLkBxqWP9O+JyoEtzidrSonbNKh1uy\";s:11:\"js/solid.js\";s:71:\"sha384-9I7yL3g1YvBlMZjZ0bWzPqP1m3Ic5t3EgFq/MqNm2r8FUxDVowt7dO4S1IFleLqZ\";s:14:\"js/v4-shims.js\";s:71:\"sha384-+Onl+wOd5BbZvaC8Q/mQUO3lZAqsUyD+xqhS57VlU7gIpqXBMcS9Tw94A9uMZRwX\";}}}s:6:\"5.12.0\";a:1:{s:3:\"sri\";a:2:{s:4:\"free\";a:14:{s:11:\"css/all.css\";s:71:\"sha384-REHJTs1r2ErKBuJB0fCK99gCYsVjwxHrSU0N7I1zl9vZbggVJXRMsv/sLlOAGb4M\";s:14:\"css/brands.css\";s:71:\"sha384-ouytoyjvzHVJu1m+KEtJ+2Ys+WFsXUlknprEuQAUs62XNn0shj9U2QeTwdJQmPR1\";s:19:\"css/fontawesome.css\";s:71:\"sha384-VoScp22LWX8GkkUAmdkkkj+rz+/r84lmCD6FALIryJxjwBSz6kE6oebSlamQx19e\";s:15:\"css/regular.css\";s:71:\"sha384-uUtN9GUP/RxDz5kko+qO6znqTP45OrABIxrrPhm8tax1s1huRxYCF7xDm+YunNDB\";s:13:\"css/solid.css\";s:71:\"sha384-9AfJF7pZ+RYk3wXpf8ge6fc3XhPaW3Xl57Qj/mSzPckn9Tu8zJ9qUipWq+/utX20\";s:19:\"css/svg-with-js.css\";s:71:\"sha384-e3I5IwYfes9z/NL+oosxhrbsLa9R8TaEY+Krsm07Fcz7q/R+8nswvn20QsrR8tsb\";s:16:\"css/v4-shims.css\";s:71:\"sha384-AL44/7DEVqkvY9j8IjGLGZgFmHAjuHa+2RIWKxDliMNIfSs9g14/BRpYwHrWQgz6\";s:9:\"js/all.js\";s:71:\"sha384-S+e0w/GqyDFzOU88KBBRbedIB4IMF55OzWmROqS6nlDcXlEaV8PcFi4DHZYfDk4Y\";s:12:\"js/brands.js\";s:71:\"sha384-NLUhiMQCi+OH3uxQu0Ems+2GYt6KJ89f90f4kZlK0BoDB63kHZqAICPl7nQHppJy\";s:24:\"js/conflict-detection.js\";s:71:\"sha384-PpGSW7GgJeChJyQc4XW1MIgUrRkMZudoPYOYAqGERZ+w8ammaWDBQvHM3Qp85XCV\";s:17:\"js/fontawesome.js\";s:71:\"sha384-aolToWrR1Hn3EFHDZtvTl0mtjuJJKLxSu/6b2tlr1g9dS+RLt6QVshweU+2e1v6V\";s:13:\"js/regular.js\";s:71:\"sha384-LCyqT0dvDekY5RP1UquYgUJARvp4tHVJocO5ICwoWSyVoSXrKpJrRrDYxj7+ukHO\";s:11:\"js/solid.js\";s:71:\"sha384-QsXs4eh2k/7mk3dvvNMhJJDjh8UQ++vWm4e7ULJ1UZTbOv3wQOzn+4ULg5iLW+Ph\";s:14:\"js/v4-shims.js\";s:71:\"sha384-NNQFVmb048Dmy0GH4ex0kGVcjxaPeY6JA1+ImM4Lsfr4HOD5CNMvCSoIfjeJJWX9\";}s:3:\"pro\";a:18:{s:11:\"css/all.css\";s:71:\"sha384-ekOryaXPbeCpWQNxMwSWVvQ0+1VrStoPJq54shlYhR8HzQgig1v5fas6YgOqLoKz\";s:14:\"css/brands.css\";s:71:\"sha384-z3CBOpMFSI4D+GXPvBsSW5vXhm4MEzWuC/CycHv+vsuzuztOzPpomZimFLeWNOgk\";s:15:\"css/duotone.css\";s:71:\"sha384-SnqCl1xqt09zXtBnCqJWrwMR2wbeWfxeAEB8e2QuoHdWNY1V5k0HrDi889EMHehh\";s:19:\"css/fontawesome.css\";s:71:\"sha384-CtsKDnRWWHDhjRZ5qgpCFCGpib2FU2SChFu0xRt81grgvXq1P+lbpROQoBLxlU4o\";s:13:\"css/light.css\";s:71:\"sha384-i+ivMdAc0+wLEnd+UdXLpYGNTbyn/0Rjz7EqmkqEOkfat5/2T+S63wn3WDk6h4Yh\";s:15:\"css/regular.css\";s:71:\"sha384-hCQzyeTkj8xmAEG5HT7Hx6t6DUkpTM34rr6FHL04J4AWtPtryU6EjsEDb+Gf17KD\";s:13:\"css/solid.css\";s:71:\"sha384-U9f9KTMQ1TBvUUFLpp6FgAy1M59lrF3q3rYTHPRVtT8OzY3xyyFUzKevJFYHEbhq\";s:19:\"css/svg-with-js.css\";s:71:\"sha384-CpTDS+d/m1rbSfuYxoVJXNCmq6ovovJAD1qgFE+K1Vf5N/n5Nt5yEoZq1UovRsXR\";s:16:\"css/v4-shims.css\";s:71:\"sha384-w49b1IAwJTEsYuPUW2QuSzpWNnhksbL+b/1q2eGObJ2CVV/HO5ubRS4jyMLB4cGs\";s:9:\"js/all.js\";s:71:\"sha384-t1m5KR+UJYhp5D1IG6cS5MuYjxDyh/lIkrB1YUpSPfGxgR4r7pA2xW+KoAfcE5IZ\";s:12:\"js/brands.js\";s:71:\"sha384-L2A2TL70Fg2x6gHvF0zTdYDo163eb/op5YdWXAr/rWfprmIjt6Ib+mdHv60yzNh2\";s:24:\"js/conflict-detection.js\";s:71:\"sha384-Tj7c3TfdpwGV2RqPFYgEbtUTrY+wJeAPDMsuUTvdrbMDWlP6gpUN6LNbXNf1C8BA\";s:13:\"js/duotone.js\";s:71:\"sha384-wAGnJyD+rhKARbazT5ohAk3YosShbJZGkuSG5lrKQOfQpG+7Q7o6ZmAvNqeJ7mFf\";s:17:\"js/fontawesome.js\";s:71:\"sha384-YdKgBdzRKP5F/uorpoOtlS1fRNfveZicpRkkQTn0pQdqGWQs6AMr7Jby3mA/G53+\";s:11:\"js/light.js\";s:71:\"sha384-VuS+lIluvKV9KjbEENEaZi4Ixed0QRYlUr6DI6+U1vj/rOfMP7wl84Z53+fMZXM5\";s:13:\"js/regular.js\";s:71:\"sha384-lS00sjHGt6pxefm2C7siOngllQ0WM3NoXEgwBb79KI3nh2iB5F/vkL7q09F/Z3tj\";s:11:\"js/solid.js\";s:71:\"sha384-ejND26kSb92qqj9cH70EMoR8jytCElYWiCB0v+JkXBz6+2ccBkNJkJZuMmrXY9L+\";s:14:\"js/v4-shims.js\";s:71:\"sha384-xCtgvUZSTFqAix3U6PrST0KLLMXPkzVPwXq3AbYkoKi81K4Ppryd5D8lUII1MeU+\";}}}s:6:\"5.12.1\";a:1:{s:3:\"sri\";a:2:{s:4:\"free\";a:14:{s:11:\"css/all.css\";s:71:\"sha384-v8BU367qNbs/aIZIxuivaU55N5GPF89WBerHoGA4QTcbUjYiLQtKdrfXnqAcXyTv\";s:14:\"css/brands.css\";s:71:\"sha384-+2AYGyI2bR10NExh4Lu/3NQmpNxck8EcRE7aATrMi9QQ9OAKQAQw1bcrlWkp0tdM\";s:19:\"css/fontawesome.css\";s:71:\"sha384-C1VkjHy10mh0wo7rz2xEDdqrfn5C+AJpaCpUyScFHzKb0mnAU3I//2RrdAE+LfQ6\";s:15:\"css/regular.css\";s:71:\"sha384-ZYhRqsbjqPY5BrYAS/7RLN0cbKU9T2MfB24Lb42Gyv2BHvW5sujo7gc5gXEReTq9\";s:13:\"css/solid.css\";s:71:\"sha384-yiUBjfJC2dVbhAEtVzEfH+R8ZQJ91V1C+Vtr1ZDTX+gUBZWrNyVrs/Nvc1fzi8GP\";s:19:\"css/svg-with-js.css\";s:71:\"sha384-XBFwYq8dzGeC/rGkEgveavwuEU0D16mIKfWeCX6deYzhMUaa8GX4CgA5c/YHP2xo\";s:16:\"css/v4-shims.css\";s:71:\"sha384-C8a18+Gvny8XkjAdfto/vjAUdpGuPtl1Ix/K2BgKhFaVO6w4onVVHiEaN9h9XsvX\";s:9:\"js/all.js\";s:71:\"sha384-ZbbbT1gw3joYkKRqh0kWyRp32UAvdqkpbLedQJSlnI8iLQcFVxaGyrOgOJiDQTTR\";s:12:\"js/brands.js\";s:71:\"sha384-KASsDRWwlErb8dTf+e5TxRXMnbXrVlbPbn1hS5B/yS4vNsF7mHHO+Gw1bBDhcyOt\";s:24:\"js/conflict-detection.js\";s:71:\"sha384-fHnSzPZE3xYvvXY0y51vln9J+Jd0eK4HughCkcA0NsBpmAGgU97n65RbDqUgnWf1\";s:17:\"js/fontawesome.js\";s:71:\"sha384-H4naMsxnUrIT8qihjWfwIKXi5biIYnqUsQ+vIJGZIKfA+7/O3FxgvMrdH77X+aID\";s:13:\"js/regular.js\";s:71:\"sha384-yUk5aOIIy62R2bRFbFq0+bo+ChWYs75cusETAJ1KYvEMRiEbQZmNU6u+PK60t536\";s:11:\"js/solid.js\";s:71:\"sha384-OSCcNUu98kEBVxq0vZaBr0wdmmd2ojuJwvWuSRKD0V10PWmvTetja8mxGfZm5PsV\";s:14:\"js/v4-shims.js\";s:71:\"sha384-/OZ1Lht4J1/FfstamqqFX1tF7PkDWDKbvat1bkWByC2KRJwGzm/H2bVuw8N4SD8y\";}s:3:\"pro\";a:18:{s:11:\"css/all.css\";s:71:\"sha384-TxKWSXbsweFt0o2WqfkfJRRNVaPdzXJ/YLqgStggBVRREXkwU7OKz+xXtqOU4u8+\";s:14:\"css/brands.css\";s:71:\"sha384-oRjDIXtfHT9YAjxHLAbf8PsJklTJN+dl7PmnAlOTYJhNAspi+/xgU4f12vi5xGzz\";s:15:\"css/duotone.css\";s:71:\"sha384-qrJ30c8jzW/3IOQRl4RddzzMsw3YIUWq5YhHW/8D8EJnS+5J13GpCGVEVI3ELc/W\";s:19:\"css/fontawesome.css\";s:71:\"sha384-k8n1hWo+b1vuRb6E3KATGC++lfNDnJTtJ6pS2BFF3tp/OshnO7uhzoOj/zJbGfwg\";s:13:\"css/light.css\";s:71:\"sha384-iUpVK/Fzq7teRSWAUmJsnlccV1OgC2fMpgreA8gxAm68UxbZPiMu3GP4IbKdKIUh\";s:15:\"css/regular.css\";s:71:\"sha384-QprxpKrx/cRYKXmWVkM97ert3857dCN6bbf6cRMELoa1+IYdsHoqweHwJksEfb0j\";s:13:\"css/solid.css\";s:71:\"sha384-uef1Ib3WhVuFbw7CZtyE+4IDCiKe1/bGU0vJ2naf8VQHKAeA67yU344LBk/H6nhx\";s:19:\"css/svg-with-js.css\";s:71:\"sha384-GucW5chDMZnyGPL1yaIe1GOHu/X7ixbmNjinYEIVr8a4Q4ewZjgipeXJhVi1lsrd\";s:16:\"css/v4-shims.css\";s:71:\"sha384-58YCAaXf5eAJ+1vna1eEUPuU+Ez6EhIPG77PXmK7QciGJsDNAHt2D8ke3vDio+Hz\";s:9:\"js/all.js\";s:71:\"sha384-RiuSF/PBDHssKXqYfH16Hw3famw7Xg29hNO7Lg636dZXUg42q2UtNLPsGfihOxT9\";s:12:\"js/brands.js\";s:71:\"sha384-yrJPiY+1PdmFAwIfz5kqOJt6qBz7DmhXnjLZWLQ9FopoqnhHIBdOQk6hafYoSquV\";s:24:\"js/conflict-detection.js\";s:71:\"sha384-bIg1sG9EStRr/9ohrrZJs0/uTEvUEEOO+NWuOAsIj3a1ZCHqvWUW6w975b4BSbqI\";s:13:\"js/duotone.js\";s:71:\"sha384-1EFXmt5rBEAK6aeEt/mZiYu0QhdFqz7oRm0Kc4xKyZ2IkrQYBc5F77PWXv3Jl4jY\";s:17:\"js/fontawesome.js\";s:71:\"sha384-P6BxA/EZmb6ypE1RKWOU6G8Ww/wI6w4R6uP6u9mkq3uaBehDQxHOLax3fLvDqkvt\";s:11:\"js/light.js\";s:71:\"sha384-08D3jBd9Co2q3IJB/9qnaukQ4ZhFWVLATRpNirJUQ+yQ/oUORDPfJ7Z2OWySf7/A\";s:13:\"js/regular.js\";s:71:\"sha384-zw99I3pdjnsTnY9W+2pz18pxMpOw12uAiVqYL4dZJOf0Lm8dio2v03Y0L2wzECI7\";s:11:\"js/solid.js\";s:71:\"sha384-Jr2b2cxzFQ84TxM+s7yh1jUu1f4FLCHQQDT3ZeBYZNQo+xvCw52PmB7GbC9yqSqA\";s:14:\"js/v4-shims.js\";s:71:\"sha384-sLzGuPzMXKEht2hBPBvC5ere217qvxFZ1AogesHLWdB5ojWBInm4wE4J+HV7PB6z\";}}}s:6:\"5.13.0\";a:1:{s:3:\"sri\";a:2:{s:4:\"free\";a:14:{s:11:\"css/all.css\";s:71:\"sha384-Bfad6CLCknfcloXFOyFnlgtENryhrpZCe29RTifKEixXQZ38WheV+i/6YWSzkz3V\";s:14:\"css/brands.css\";s:71:\"sha384-yZSrIKdp94pouX5Mo4J2MnZUIAuHlZhe3H2c4FRXeUcHvI2k0zNtPrBu8p3bjun5\";s:19:\"css/fontawesome.css\";s:71:\"sha384-syoT0d9IcMjfxtHzbJUlNIuL19vD9XQAdOzftC+llPALVSZdxUpVXE0niLOiw/mn\";s:15:\"css/regular.css\";s:71:\"sha384-rbtXN6sVGIr49U/9DEVUaY55JgfUhjDiDo3EC0wYxfjknaJamv0+cF3XvyaovFbC\";s:13:\"css/solid.css\";s:71:\"sha384-fZFUEa75TqnWs6kJuLABg1hDDArGv1sOKyoqc7RubztZ1lvSU7BS+rc5mwf1Is5a\";s:19:\"css/svg-with-js.css\";s:71:\"sha384-zMDYkJEHc2iapAk7o9HXGGD5N2+GGhOFQPDdNTYvlcc0gBA5r7r5f0aSYeCvm0qn\";s:16:\"css/v4-shims.css\";s:71:\"sha384-/7iOrVBege33/9vHFYEtviVcxjUsNCqyeMnlW/Ms+PH8uRdFkKFmqf9CbVAN0Qef\";s:9:\"js/all.js\";s:71:\"sha384-ujbKXb9V3HdK7jcWL6kHL1c+2Lj4MR4Gkjl7UtwpSHg/ClpViddK9TI7yU53frPN\";s:12:\"js/brands.js\";s:71:\"sha384-c4QRk2vaIFBj+66H3IMCeLBpgmeNbFV8HqOs55qMib1v/dM3JXdodyctPNa9hTyl\";s:24:\"js/conflict-detection.js\";s:71:\"sha384-sDmAMseQ6ZkNcFsP2c8NLyUmSqzUpn9PdoWqr/IP+mXZANSiuN9/09SKaEaMJ39l\";s:17:\"js/fontawesome.js\";s:71:\"sha384-/uNTArWag0fq+MOMnITxuc/uQTqh5NVc+1x0LO4xG//FFwUa8Xff8zrZXIpETdf9\";s:13:\"js/regular.js\";s:71:\"sha384-5FWE8IhPJgMtacw/tJgCapT/ag4ftBYmykFO3KUsozTQ9JKaQhH2oX7RZdCDyWxg\";s:11:\"js/solid.js\";s:71:\"sha384-dCJKkv4KgC8c4IlevkK2DC4yY+rQidnMOt91EmILDbdn8M6cdsjaUbf6awWnsCaZ\";s:14:\"js/v4-shims.js\";s:71:\"sha384-XrjUu+3vbvZoLzAa5lC50XIslajkadQ9kvvTTq0odZ+LCoNEGqomuCdORdHv6wZ6\";}s:3:\"pro\";a:18:{s:11:\"css/all.css\";s:71:\"sha384-IIED/eyOkM6ihtOiQsX2zizxFBphgnv1zbe1bKA+njdFzkr6cDNy16jfIKWu4FNH\";s:14:\"css/brands.css\";s:71:\"sha384-YJugi/aYht+lwnwrJEOZp+tAEQ+DxNy2WByHkJcz+0oxlJu8YMSeEwsvZubB8F/E\";s:15:\"css/duotone.css\";s:71:\"sha384-oRY9z8lvkaf2a1RyLPsz9ba5IbYiz1X/udoO3kZH3WM+gidZ+eELnojAqaBwvAmB\";s:19:\"css/fontawesome.css\";s:71:\"sha384-tSxOKkJ+YPQOZg1RZd01upxL2FeeFVkHtkL0+04oWgcm9jnvH+EQNLxhpaNYblG2\";s:13:\"css/light.css\";s:71:\"sha384-HLeT9I9TL5c2ujLOZhv6z58D+FdF5R//KTyhCOiYBp1ZX9ZEdaVKPxZmzPx/tMWY\";s:15:\"css/regular.css\";s:71:\"sha384-BPtrG4jSUTPogkW6mA5hAGjvJapJnnMa8tKHQOR9MnrINanXN/IGDInK/SngoAFb\";s:13:\"css/solid.css\";s:71:\"sha384-9mSry5MRUHIfL5zghm8hV6FRKJIMfpofq3NWCyo+Kko5c16y0um8WfF5lB2EGIHJ\";s:19:\"css/svg-with-js.css\";s:71:\"sha384-9WuNcdGCglpaefA1oUecTWMQL/+LmrCJiJJM+pDHX+82lfkj1CKUYLc6DZJQ+1/s\";s:16:\"css/v4-shims.css\";s:71:\"sha384-/WH+7sthk7TduL5PHd16Jew3Hd7eKInsAclAq/MoZWeyR4bMgUj12MSN79PtHEjc\";s:9:\"js/all.js\";s:71:\"sha384-Z0e6PSokCQP510gixgZGPs+obVv8eogS/eS2+/7lLSMOfmLnWBgPQppPispQXGUM\";s:12:\"js/brands.js\";s:71:\"sha384-T90KA1rFqB4OFs7EjJ9EGjXJkOXPhELY4hLaFVnB0LaTNUFGn3QyzNJZh307KVVc\";s:24:\"js/conflict-detection.js\";s:71:\"sha384-8g5Au/J6e7pPZjkCDisd8Jd9psYpdlosRUbac9lOdXAADXrNgc20T1Xc24eIy3I7\";s:13:\"js/duotone.js\";s:71:\"sha384-dkbWEvgccxMcr38iB9BWNiExUnolXcLY54hGUJkFUqThvx5XsvcEervgRgRWz5fl\";s:17:\"js/fontawesome.js\";s:71:\"sha384-bU46hq+Od2wfS4XGCT7Ab5XmYYYY8LURSiGsr4YLIrUWBPeImW/B+OkFEcHhOzuF\";s:11:\"js/light.js\";s:71:\"sha384-ipYj2yPBG2ozjlrUCd6AheWkvEpqcCQNY7yxX8wDoIJc5Lr1zVXAE4sKB3hVfjfT\";s:13:\"js/regular.js\";s:71:\"sha384-5CC2/v59nxbyM1595fgM84ERvZXK5WbpCnB9/dd1gTJc2LyitbiKhULkaiXZNj6V\";s:11:\"js/solid.js\";s:71:\"sha384-Imz7xdjp2/vTu6azMFMusPHfSLwcYmj5ZWzOXv3esrLD8IDP9AMA28bwpJZwaR1g\";s:14:\"js/v4-shims.js\";s:71:\"sha384-ZbnNry/TJ2Ald71QRyefS1elxArPz0oOfiNFxpfSO0Yb5lnnftVJMFbENL3j0hCf\";}}}s:6:\"5.13.1\";a:1:{s:3:\"sri\";a:2:{s:4:\"free\";a:14:{s:11:\"css/all.css\";s:71:\"sha384-xxzQGERXS00kBmZW/6qxqJPyxW3UR0BPsL4c8ILaIWXva5kFi7TxkIIaMiKtqV1Q\";s:14:\"css/brands.css\";s:71:\"sha384-pmyS4Hp0pc0tA0poF+AKYeURgyIgYLt12rD/6gLC98rTImbSYIe75vT2/3jK4zIh\";s:19:\"css/fontawesome.css\";s:71:\"sha384-O6duc3QftgMWW3awKiGYswymy288kVFZgGWC/4YCl48Y0codWJRgs8DA0N4dX/zx\";s:15:\"css/regular.css\";s:71:\"sha384-aDoEE1PtWF0YZqVk7el3O+QPApPko7v9/7VYyuzjhHWwJ3cmn0m7xE3/FkHSpPNT\";s:13:\"css/solid.css\";s:71:\"sha384-wG7JbYjXVhle8f17qIp6KJaO/5PsPzOrT76RgvdRGLHj0yXZZ3jg98yb0GNRv1+M\";s:19:\"css/svg-with-js.css\";s:71:\"sha384-CFCaxC5Lp+1aYrNgJjxz8bNrgnzVPnSxma3pb+m90jym25B+q2vYd3JfLQR00SNn\";s:16:\"css/v4-shims.css\";s:71:\"sha384-KkCLkpBvvcSnFQn3PbNkSgmwKGj7ln8pQe/6BOAE0i+/fU9QYEx5CtwduPRyTNob\";s:9:\"js/all.js\";s:71:\"sha384-heKROmDHlJdBb+n64p+i+wLplNYUZPaZmp2HZ4J6KCqzmd33FJ8QClrOV3IdHZm5\";s:12:\"js/brands.js\";s:71:\"sha384-Ay9V1h0l5sywM7gJ5YvOc05QytfKqZAElRgqU5kPcIIUAUBqLOYwu9gnW6p5t/FN\";s:24:\"js/conflict-detection.js\";s:71:\"sha384-xDU4X/EdF/mFSa0TktUKBTHd/td1gTc+xWNLKdYcvrAUZExjiWhDnrLM4lGkqzeH\";s:17:\"js/fontawesome.js\";s:71:\"sha384-4NJBLvz0eHSgtSVDb+VOLh4cxmVluIBqCaNw97NvJAo18r+qV9pze1g4YnhB/X6Y\";s:13:\"js/regular.js\";s:71:\"sha384-omrmE/gvA72r1j409JaSn3V6w5f7Mx7GZpjB8xqS4nLwGpT7Zj2obev62Y9QcCZr\";s:11:\"js/solid.js\";s:71:\"sha384-81RFXCmeESYg4G/uFGo6Tu/eeK3klw0oKItW3nPhi2BuryJcE4lkOkwWsW6jzoNz\";s:14:\"js/v4-shims.js\";s:71:\"sha384-CtI1i5e/58ZMUgZkT75wgboNZAbEXBNToPY17SfEmfyKvGuJW7DP418LdXkjI++F\";}s:3:\"pro\";a:18:{s:11:\"css/all.css\";s:71:\"sha384-B9BoFFAuBaCfqw6lxWBZrhg/z4NkwqdBci+E+Sc2XlK/Rz25RYn8Fetb+Aw5irxa\";s:14:\"css/brands.css\";s:71:\"sha384-e0CAD3LQqbxBCI1WW9pe35Vr+ogbg41axplGx9yY6Woaw6h+zHnB7v4sVuZjHDnK\";s:15:\"css/duotone.css\";s:71:\"sha384-jZslG/z2CMKpawOGi2BzAUH7QBRu5umkFNeP0Op1SZksaT8WGx5MuZazFfE/XR9h\";s:19:\"css/fontawesome.css\";s:71:\"sha384-eKHMjnfl7jrOmk1Fw4dpPDTetBHFOho47C/omrsmBVN2ii45aI8s97OUFVtGg1CR\";s:13:\"css/light.css\";s:71:\"sha384-N45G0WPo8CMcXE4y+hOnuWLp2TJxNbhk/YbM4GQEymB5fPGzOXVH+er/7Z15oBjl\";s:15:\"css/regular.css\";s:71:\"sha384-h1Eirl+AlKkBdUtIMW1hm36KarFrx3iEfjcnTYKeeUdZTOsT8hLDc0lnlNG2jPn5\";s:13:\"css/solid.css\";s:71:\"sha384-F78AVlY1oEzT5bXRSwVzraqWTcbpglP7ILEEE3rmu1gIfm/TUo5gpdN4YVfvp7Xj\";s:19:\"css/svg-with-js.css\";s:71:\"sha384-ZFFudtU+0nvUFj6ogUZSspaq7QhLb6JJX6jSIu5UiZAbZMhnBJfNwZahptQ4MQ/i\";s:16:\"css/v4-shims.css\";s:71:\"sha384-He820UjOck3Qu+A0dH2+CmHOeYAYN0kqRW3s6hHC/Jzu8IXSeZF2pn+lgVpz4KuJ\";s:9:\"js/all.js\";s:71:\"sha384-RFburpZVVirucdjarLLIoBiT+LY5YuPB8XboZYWRuWpElr46csH7Ia2nsHfkfBZF\";s:12:\"js/brands.js\";s:71:\"sha384-bM9U2rf0yP/4jsztQkRVwJnqtVcLJzwAMaVgd4sfQYxxm0ru+TieQ4ZaxKW4vsyo\";s:24:\"js/conflict-detection.js\";s:71:\"sha384-DuzRvwD99f8XqXEPIxkpB1F+Ik6c2AZMj6gWcEDwFUCAgtVSelRH9Dos4SMxw/+i\";s:13:\"js/duotone.js\";s:71:\"sha384-uABtWM9HIHso7RIYTkd4w0zB8IgL/hTcPNyYTVA62Qw0lK3umduLb+vIYtXCd6W8\";s:17:\"js/fontawesome.js\";s:71:\"sha384-Ta21ZAqXVyXVqLCnHENnO2ULnrJQzNdGFAbMR1nbZOSV7PcTcZVIWZJCCcRYy2Q4\";s:11:\"js/light.js\";s:71:\"sha384-+8Y6x3Roex77ZBdaQqtTN2QKu/TIOdzoswRYxryfW9ELmUxMTYLgzdz5nlA/3ndC\";s:13:\"js/regular.js\";s:71:\"sha384-sSHWg/dKYjGSJU6C17C2qGImASfPcJqy2BaW/iTzifkPJmzprIMH1tl4/tIbWq8M\";s:11:\"js/solid.js\";s:71:\"sha384-VBOdkc1roPM6EIGTBi2yraUNs04SZ9+TsLzF0vIecIKYf6oXYxAYgjzMpH8UdZYh\";s:14:\"js/v4-shims.js\";s:71:\"sha384-iwdWtJevtQK06+Bbqeb7Oo+osfnPQWsHQWR+5SeND0soWVUGjfyRC2XdttrYI2j+\";}}}s:6:\"5.14.0\";a:1:{s:3:\"sri\";a:2:{s:4:\"free\";a:14:{s:11:\"css/all.css\";s:71:\"sha384-HzLeBuhoNPvSl5KYnjx0BT+WB0QEEqLprO+NBkkk5gbc67FTaL7XIGa2w1L0Xbgc\";s:14:\"css/brands.css\";s:71:\"sha384-MiOGyNsVTeSVUjE9q/52dpdZjrr7yQAjVRUs23Bir5NhrTq0YA0rny4u/qe4dxNj\";s:19:\"css/fontawesome.css\";s:71:\"sha384-PRy/NDAXVTUcXlWA3voA+JO/UMtzWgsYuwMxjuu6DfFPgzJpciUiPwgsvp48fl3p\";s:15:\"css/regular.css\";s:71:\"sha384-e46AbGhCSICtPh8xpc35ZioOrHg2PGsH1Bpy/vyr9AhEMVhttzxc+2GSMSP+Y60P\";s:13:\"css/solid.css\";s:71:\"sha384-TN9eFVoW87zV3Q7PfVXNZFuCwsmMwkuOTOUsyESfMS9uwDTf7yrxXH78rsXT3xf0\";s:19:\"css/svg-with-js.css\";s:71:\"sha384-PB7dcmSOBXciTYYzTvxdvcCEy4k3woMwwVAtsIA3LUQyKW21C7UL9EcGtd6IRNLc\";s:16:\"css/v4-shims.css\";s:71:\"sha384-9aKO2QU3KETrRCCXFbhLK16iRd15nC+OYEmpVb54jY8/CEXz/GVRsnM73wcbYw+m\";s:9:\"js/all.js\";s:71:\"sha384-3Nqiqht3ZZEO8FKj7GR1upiI385J92VwWNLj+FqHxtLYxd9l+WYpeqSOrLh0T12c\";s:12:\"js/brands.js\";s:71:\"sha384-V7gsTxvUZaeC6NAsCa24o3WvPOXwSsUM8/SBgy+fxlzWL3xEGXHsAv2E3UO5zKcZ\";s:24:\"js/conflict-detection.js\";s:71:\"sha384-uMs7U5rgbKM9mJ/p05oZ+z+8uK1lwLhl96KWxP5odG0wm26IfhzgKQ0ktZnc2PYP\";s:17:\"js/fontawesome.js\";s:71:\"sha384-DNo9bmYZCHLtp0n0l0XA2UsoRHX1nx38aRP+p9yoP5A8kVTfeWG3aySMOq5FD/v3\";s:13:\"js/regular.js\";s:71:\"sha384-zHXcIX0meH+eFgqCa9QdLtYfc+0p7KcF4fVB+gMVFjV6rzYv+LxSIuF5i2eGVDlt\";s:11:\"js/solid.js\";s:71:\"sha384-4RG3cEPIlCBy6VNzxM9ZoEwZW+65ed5JDOfaJAnQqwV6ha/jZDJTXjFmvjFM4bk4\";s:14:\"js/v4-shims.js\";s:71:\"sha384-g+ezV6Pq6549QkJkkz2wmW/wpazNaliTdSg/HX4bKsQ7S8cfyMOiyAfzfWPtlVR9\";}s:3:\"pro\";a:18:{s:11:\"css/all.css\";s:71:\"sha384-VhBcF/php0Z/P5ZxlxaEx1GwqTQVIBu4G4giRWxTKOCjTxsPFETUDdVL5B6vYvOt\";s:14:\"css/brands.css\";s:71:\"sha384-DkuHshSFBB5Ozmaoq36ICABPCsIIbamipzuH7NO0sxDIDrJloLD43yBzNLI3gxS6\";s:15:\"css/duotone.css\";s:71:\"sha384-QRFqAT1IRNAzMGALiXfanFtQEBoLDPPh1vnrMbxHa+UeJkCTHO3TpYXHQ+GK1pKg\";s:19:\"css/fontawesome.css\";s:71:\"sha384-CAxg0L30Vie2vI3AniQ4UA+pSswoJmr/MK5Dl5DP9YlE1nzJn4z5updw5S3i/Nsn\";s:13:\"css/light.css\";s:71:\"sha384-LmKkPHDqucxgmrtLKWrMGZc5nnHQYAdFkSzMtl1OcvTZn4pebmVziSZPtp27MA6u\";s:15:\"css/regular.css\";s:71:\"sha384-izRgjQadEFrlAsdFZjlQ4v6Ff2E0R02RwYZwdL8lrt398rQmLNOFYYNk9qQoqjDP\";s:13:\"css/solid.css\";s:71:\"sha384-qJugmlTDyF5CNuv00JB+04BCmCVi5C2ZZhsIVMX0wxWr7U3ZuOsmO+nOLtoTxeWG\";s:19:\"css/svg-with-js.css\";s:71:\"sha384-EjLtrKO3gucE2cOzLw8A5aJpQ9oXEJTxlTkbLrrL4JR7xGLPI8B1fyK3ygNxeLxq\";s:16:\"css/v4-shims.css\";s:71:\"sha384-oydBLEZZlqJqf0OWwXyyj91mRqrL25j/VMAvTl0BA0iIMoJGDTSksMDnqkl+TWLA\";s:9:\"js/all.js\";s:71:\"sha384-8nFttujfhbCh3CZJ34J+BtLPrg9cGflbku3ZQUTUewA7mqA8TG5Uip4fzQRbERs0\";s:12:\"js/brands.js\";s:71:\"sha384-9112PiGcvkxlUNBecZ0rk0c6zEGUKlR/enlHdLy0Xu42kfHEbIKsFVBsmEn+6cEt\";s:24:\"js/conflict-detection.js\";s:71:\"sha384-9rbnCwKDHzpLDHYvYRqRWcyLZc3anAu+oe1dRxPOk7RcqBzjAv7CYTvAQJGkUNXS\";s:13:\"js/duotone.js\";s:71:\"sha384-HFlrQxjzjMUAiYmFuUKrkp90VMEpD/dpb8unLEWH5QXnUs2xHw5zd8aiztrPBLbT\";s:17:\"js/fontawesome.js\";s:71:\"sha384-XULY2W1C7bGq9gruRvsk8Zyhq33b1/TgBBKzJ+8dzWkJm0kObgcry2qU+Qf+HOZw\";s:11:\"js/light.js\";s:71:\"sha384-a8Ul+Nmi3glFYXvks3ShdxGHyk09LsZ3+TIjDr2vj9lMx2F29TqTJm7U0EutxFdH\";s:13:\"js/regular.js\";s:71:\"sha384-B8V2/SCNt/naDJB0LkeljUBBYYhGFm/rUVnNsFYlutzbeSTTzVEqxRo8SN3tuHSl\";s:11:\"js/solid.js\";s:71:\"sha384-CjNAVlgtLE9uQuDgWphA+b5vXjcy5spSSezhnbGWUZl0VDkAxzeU8elFOdDs4qaU\";s:14:\"js/v4-shims.js\";s:71:\"sha384-kN/8Lc85No/I30OsF5JSmBzc0W1W0AvgBJGA1eEtVSfaiIeg8oPTJ8CerHqDREVn\";}}}s:6:\"5.15.1\";a:1:{s:3:\"sri\";a:2:{s:4:\"free\";a:14:{s:11:\"css/all.css\";s:71:\"sha384-vp86vTRFVJgpjF9jiIGPEEqYqlDwgyBgEF109VFjmqGmIY/Y4HV4d3Gp2irVfcrp\";s:14:\"css/brands.css\";s:71:\"sha384-/feuykTegPRR7MxelAQ+2VUMibQwKyO6okSsWiblZAJhUSTF9QAVR0QLk6YwNURa\";s:19:\"css/fontawesome.css\";s:71:\"sha384-ijEtygNrZDKunAWYDdV3wAZWvTHSrGhdUfImfngIba35nhQ03lSNgfTJAKaGFjk2\";s:15:\"css/regular.css\";s:71:\"sha384-APzfePYec2VC7jyJSpgbPrqGZ365g49SgeW+7abV1GaUnDwW7dQIYFc+EuAuIx0c\";s:13:\"css/solid.css\";s:71:\"sha384-yo370P8tRI3EbMVcDU+ziwsS/s62yNv3tgdMqDSsRSILohhnOrDNl142Df8wuHA+\";s:19:\"css/svg-with-js.css\";s:71:\"sha384-wvKQCF3aHjf73vG90/oO/tFarRthMbxfbW1DeHM+eJJYWmiFLJ0DyCzE1aSFHazB\";s:16:\"css/v4-shims.css\";s:71:\"sha384-WCuYjm/u5NsK4s/NfnJeHuMj6zzN2HFyjhBu/SnZJj7eZ6+ds4zqIM3wYgL59Clf\";s:9:\"js/all.js\";s:71:\"sha384-9/D4ECZvKMVEJ9Bhr3ZnUAF+Ahlagp1cyPC7h5yDlZdXs4DQ/vRftzfd+2uFUuqS\";s:12:\"js/brands.js\";s:71:\"sha384-GUtlu2Qit8cdodM5DbKnbDIWFJA8nWCVEwETZXY2xvKV1TFLtD/AL+bCOsPyh05M\";s:24:\"js/conflict-detection.js\";s:71:\"sha384-sefi04js7ZytQojQsuOy097ewgefakplyIWjkCI75Wz1IxHB/9NAAinmgLG3uDt/\";s:17:\"js/fontawesome.js\";s:71:\"sha384-v0OPwyxrMWxEgAVlmUqvjeEr48Eh/SOZ2DRtVYJCx1ZNDfWBfNMWUjwUwBCJgfO4\";s:13:\"js/regular.js\";s:71:\"sha384-i9Vys31h0tPXNeAe12HKp4zkBi0S3LAH4OGYRSWKSrdnPYTS4pQgCc/HakrenJBh\";s:11:\"js/solid.js\";s:71:\"sha384-oKbh94nlFq571cjny1jaIBlQwzTJW4KYExGYjslYSoG/J/w68zUI+KHPRveXB6EY\";s:14:\"js/v4-shims.js\";s:71:\"sha384-IEHK9LKBXJdi7Y/gik7R6VYPuwx8hMiwQuaOh7BQUQ9rKmWr2N04KYFdmt5Xi0qG\";}s:3:\"pro\";a:18:{s:11:\"css/all.css\";s:71:\"sha384-9ZfPnbegQSumzaE7mks2IYgHoayLtuto3AS6ieArECeaR8nCfliJVuLh/GaQ1gyM\";s:14:\"css/brands.css\";s:71:\"sha384-YgEKO0tR8hhGPO9Dv3YGK+GstKp44//D72dbOA0oTX+7myWawnkifErid6FIpP9W\";s:15:\"css/duotone.css\";s:71:\"sha384-bXXzjCj9fg9FACS6tpRWhBsNqQ7j7swH/U3MKTJrZuRbF3ktmj9g/lie7L3CNSTd\";s:19:\"css/fontawesome.css\";s:71:\"sha384-RFOcGND+1HYm6OyEAF5WKkoZnwv/cXQpCX6KduKC1vAKAoohkNYWNPhkx4fsH9Fn\";s:13:\"css/light.css\";s:71:\"sha384-yWmEVLm9kM0L2w+XPDQQUv6tARNHEYPPwdDplMiVced5iOVoiUIToRveagZ56DVa\";s:15:\"css/regular.css\";s:71:\"sha384-pvlGSUiPzTZa8YsqGs23BENlf3D4ddnLRdl2q5R1ekGw7nnWJZ0AK74DUr0mzLTH\";s:13:\"css/solid.css\";s:71:\"sha384-LRz1HmzqffP7wO7piC0QSObi89cOdpFP7qMIx/UZ+qK2TdoDBdl+LidxFVnYu23p\";s:19:\"css/svg-with-js.css\";s:71:\"sha384-mFHdQxElacASluqApikB6+SUGnAOWouxc19KqW5eZGoZ+b4A/Cj6pMUCGn6g1uZ+\";s:16:\"css/v4-shims.css\";s:71:\"sha384-r35xeRHwDKxzFjeApFdZuwo9D/nV4p0BPL4BxIVmsyKQGWWBaxG59Gr/9x7IfVog\";s:9:\"js/all.js\";s:71:\"sha384-Vipr9QSlUeD/qnhkau6GBnZnUmVkbaRZ0PgB1KjvWa1UoNBKnuzg1TgbJJn2a12T\";s:12:\"js/brands.js\";s:71:\"sha384-rdZ4AVYAMfVJRjRJzozK2JY6LOdLxKdUkHuegulAuMdllLH7M9AllgBLuYmBe+zm\";s:24:\"js/conflict-detection.js\";s:71:\"sha384-qgGl/EYa0JYIveAO7M9W/hshMqlMyo0G/QHio/5D5r1ZbZxAoqcTTReeL4gRrL4m\";s:13:\"js/duotone.js\";s:71:\"sha384-4qqOVq7ZvSMSgZij30G8q1kOs7pBiAWrSVKqWRv32l99D/qqXlMpFQK8wLSfeQEZ\";s:17:\"js/fontawesome.js\";s:71:\"sha384-whiLNjPVOuBfSNjL/tLtRWANHP97vxmZ5OoUK496MOTzH07UdmxDLsnSBgvvjLNf\";s:11:\"js/light.js\";s:71:\"sha384-AEYbWLXnCyDCeopMCsF+A4qHLchpzJ4wMnZiE74Bcp6qLWwXIJCWY0ASqAf0qYrf\";s:13:\"js/regular.js\";s:71:\"sha384-wM50oZlS/21q6M6tlw0EWan+0yFpuRC/PrPeimdGxjCjfx45F0x3NZggS5uFp5uv\";s:11:\"js/solid.js\";s:71:\"sha384-PezVa2U3+0USHwNA7bgvfA+uSS1IPVdTat51a5IgvNGHUJjcvsj+TheZ6X30JybM\";s:14:\"js/v4-shims.js\";s:71:\"sha384-MafE1kr6MZ6PhxNeH0/kvg7f5ramk1tE+y/dBi4C6WgxaKU4mNGRxPNxcEZ5maAx\";}}}s:6:\"5.15.2\";a:1:{s:3:\"sri\";a:2:{s:4:\"free\";a:14:{s:11:\"css/all.css\";s:71:\"sha384-vSIIfh2YWi9wW0r9iZe7RJPrKwp6bG+s9QZMoITbCckVJqGCCRhc+ccxNcdpHuYu\";s:14:\"css/brands.css\";s:71:\"sha384-RTi1U6SIW2G3kUi5NslKQjA34F8CsQCVduJO50jqtxhR2KY++LR7KZS2886EwXrk\";s:19:\"css/fontawesome.css\";s:71:\"sha384-Hx1dya9ptAdKu2hLNR5C2Cwgm+wCfwD0VMGE6jk5OUxxa9I58YfxOCwEtRog+3wk\";s:15:\"css/regular.css\";s:71:\"sha384-GMkIgTgosuQEt2PEwBHI7MMRsrQplN2sT/7bzPOIxG+Hn37iTlZXFb37m6uE+iHj\";s:13:\"css/solid.css\";s:71:\"sha384-6qO6EOFIDfvv6uzAzozX/BvMu/qkIIHxWYOVMjpVjX+NtPuNyd3YiOEflKIIV2ka\";s:19:\"css/svg-with-js.css\";s:71:\"sha384-6iJDq4HKs21oqDV0KkGhh5uve3aJBXwTX0ACa8Fp5Sx7fcZtIumvT+GSzqSEsceV\";s:16:\"css/v4-shims.css\";s:71:\"sha384-1CjXmylX8++C7CVZORGA9EwcbYDfZV2D4Kl1pTm3hp2I/usHDafIrgBJNuRTDQ4f\";s:9:\"js/all.js\";s:71:\"sha384-vuFJ2JiSdUpXLKGK+tDteQZBqNlMwAjhZ3TvPaDfN9QmbPb7Q8qUpbSNapQev3YF\";s:12:\"js/brands.js\";s:71:\"sha384-CFHIjJ6e4s9fugmZkgMS+xAN9t3pMb8WzxVLSL61rvRx/NfBorLHHVF+7/xxhpll\";s:24:\"js/conflict-detection.js\";s:71:\"sha384-SY45zU2Pf71PV9B/kvEgK9jzpEbe14MiprEwrg1VcbXdBcjXbNTPwoXfp6A+ntJG\";s:17:\"js/fontawesome.js\";s:71:\"sha384-PIP1h/CVyNo59Pr+vM6s86Zkm82HEv890eKMTpB5eqJZFZQwZuMwf73Sy5SzVrK8\";s:13:\"js/regular.js\";s:71:\"sha384-ghS5pTGfZccQRYN4cnBH4kBWGY/ePY4j4VKfFliJmM6ZYomFMIo462PxXa2RGqWR\";s:11:\"js/solid.js\";s:71:\"sha384-rKdfCFMYG2O/K+5WQDPmcKngEtAvqyIxYkazidXjp48yEiCcl//F6lxZ9cZ8MhM+\";s:14:\"js/v4-shims.js\";s:71:\"sha384-VxtQ3wW8qt0QTDld0MGEB9IMEOyCOtvOXC7I0JU3T01V6NR+C6MP5HxC+tGNkhdV\";}s:3:\"pro\";a:18:{s:11:\"css/all.css\";s:71:\"sha384-yJpxAFV0Ip/w63YkZfDWDTU6re/Oc3ZiVqMa97pi8uPt92y0wzeK3UFM2yQRhEom\";s:14:\"css/brands.css\";s:71:\"sha384-rsNdgxJGzM0RuTegPn4p1eHXocyvt3ZbnTifPXmOewdRLCOqzP22d/M+WxbRiwSN\";s:15:\"css/duotone.css\";s:71:\"sha384-E4/odus3ylondNThYB3uIGSZpewOhvhh0QD8x2p7S0ot6p/JcbVd//lr7cMEUIBc\";s:19:\"css/fontawesome.css\";s:71:\"sha384-RZW433tEsVW3OLEaC2n31z0V1DmyQdjrwNKMRLBjyZQ7r4RU0PxYhkvjKCsZMCO3\";s:13:\"css/light.css\";s:71:\"sha384-oJib4m7hS3ZSiUXjFvObb+ZFf2AGOBOUX+MFk3CuBZwz8LQSe3d3EgZHHJBkJGXT\";s:15:\"css/regular.css\";s:71:\"sha384-ffFT2jJN64hGajTqkZsA2KE2SDBO2Gcmb0wr10fRLpKNDWYcl3M3KsLuzQHg5QAh\";s:13:\"css/solid.css\";s:71:\"sha384-PfqDBw8PmSrNcYq7F4SvYoZekYP2x84SYAyG41rncZdySTjSS9eWEE7ynvJRElQY\";s:19:\"css/svg-with-js.css\";s:71:\"sha384-MeQL8xjLhct6yZa8AXEQOD0yWeV925K9YrlcgspMC+IdCbI3q1b8B7VX8NS6N3lS\";s:16:\"css/v4-shims.css\";s:71:\"sha384-vfegZgYJmcP2K/VrhAwtTtU1OgvF83Y8zoQ524YvQFIGowI3tr8C6wvpWUsSLUZA\";s:9:\"js/all.js\";s:71:\"sha384-ZbBwfM248+qoG5GJvuV2PmK9gvlW3dXpgC/jeIn45pWWroL3v+5K1ZAth+gs165y\";s:12:\"js/brands.js\";s:71:\"sha384-K53M8ZRlon+Wd3MVzcIEU1NZXEh4h98NnLM8WZ/7E98pbg0J1q17tKGgr45c5qCs\";s:24:\"js/conflict-detection.js\";s:71:\"sha384-whZrbu3lLf9+EK7QxSHsdpAWM0drsjefOTFm3zfcUhZSInAwLaIrdOd2Qd8MKDMW\";s:13:\"js/duotone.js\";s:71:\"sha384-nTarcZNLMStpbHz1QpoaqVDyKoUrzncdV+zZ040hkinCtVKl8gTXSiyUM4h0K48M\";s:17:\"js/fontawesome.js\";s:71:\"sha384-dy2wSTcBbCGnFNjThZw/FfuNbPeoGoOSWgX7HmvH3PKcJ0Se3w3CZnalamfRuLpE\";s:11:\"js/light.js\";s:71:\"sha384-gL1IbgNyLHskDPg9uinrWBfxmDsla3neHzcEAIjbzQTx6W69Jvs9S/fRBXUt6FbW\";s:13:\"js/regular.js\";s:71:\"sha384-9JMXUFvwOD5rSQZs74FEC4SsybjccRbbwK7iiQiriFSd4sPr7pB7/ghp1KZH7tCr\";s:11:\"js/solid.js\";s:71:\"sha384-oVJ5+ellTPbci7MOrfl59xerw0M0RnQEGG0jx/JlNyOpkvrXHaZUCfKJUs08+gVi\";s:14:\"js/v4-shims.js\";s:71:\"sha384-ht5Q/pi1VU6byhn9MctthIZ2kSBqK5GhhR9gnTzPM+BJlAyCymRS3xx74c9twxdh\";}}}s:6:\"5.15.3\";a:1:{s:3:\"sri\";a:2:{s:4:\"free\";a:14:{s:11:\"css/all.css\";s:71:\"sha384-SZXxX4whJ79/gErwcOYf+zWLeJdY/qpuqC4cAa9rOGUstPomtqpuNWT9wdPEn2fk\";s:14:\"css/brands.css\";s:71:\"sha384-V5Z1KgRRJyY878qCx7+zUeTDm0FgjoYrbmSortFqRPGz+Ue6XDe4uIiMqB3tB/wd\";s:19:\"css/fontawesome.css\";s:71:\"sha384-wESLQ85D6gbsF459vf1CiZ2+rr+CsxRY0RpiF1tLlQpDnAgg6rwdsUF1+Ics2bni\";s:15:\"css/regular.css\";s:71:\"sha384-Dn9L7vwedvmbdep+J8U5Zbrp+ES46dt8pm8ZMUu9iOR9isC4+Y/KP1h4StrDd/F+\";s:13:\"css/solid.css\";s:71:\"sha384-LA8Ug4T/nhVkyhrSmSirsoAo9iDrBk8E7U80aSPeD+w3vO8PzOJIS6agGcbIwwX0\";s:19:\"css/svg-with-js.css\";s:71:\"sha384-C4KLoR3asMHYArL0nLQXEaFZIFfRMiV0Ul0DvsMfSMZ+YLJwFu0Rpxix+EZwqxOy\";s:16:\"css/v4-shims.css\";s:71:\"sha384-C2B+KlPW+WkR0Ld9loR1x3cXp7asA0iGVodhCoJ4hwrWm/d9qKS59BGisq+2Y0/D\";s:9:\"js/all.js\";s:71:\"sha384-haqrlim99xjfMxRP6EWtafs0sB1WKcMdynwZleuUSwJR0mDeRYbhtY+KPMr+JL6f\";s:12:\"js/brands.js\";s:71:\"sha384-oEE/PrsvhwsuT1MjC4sgnz39CQ84HoPt8jwH0RLyJDdDOKulN+UEbm9IgJW0aTu5\";s:24:\"js/conflict-detection.js\";s:71:\"sha384-OwOgf6Oss8Oh+cy6VnIGLlcyMhaaOPN+3gyLv2UyvjybuPrTNNgJljGYEAqSglUM\";s:17:\"js/fontawesome.js\";s:71:\"sha384-hD97VKS04Rv8VYShf782apVZOVP6bVH/ubzrWXIIbKOwnD6gsDIcB29K03FL1A9J\";s:13:\"js/regular.js\";s:71:\"sha384-bPKzNk+f6IzEi89cU+jf3bwWzJQqo+U1/QYUijuD7XD9WO3MSrrAVVEglIOCo6VD\";s:11:\"js/solid.js\";s:71:\"sha384-9xA4r2/2cctd+IZZKLvI1hmeHZ5Yp8xXkS6J8inDtdyZCqhEHVcTGmSUCbNED5Ae\";s:14:\"js/v4-shims.js\";s:71:\"sha384-oJX16kNznlRQV8hvYpOXlQKGc8xQj+HgmxViFoFiQgx0jZ4QKELTQecpcx905Pkg\";}s:3:\"pro\";a:18:{s:11:\"css/all.css\";s:71:\"sha384-iKbFRxucmOHIcpWdX9NTZ5WETOPm0Goy0WmfyNcl52qSYtc2Buk0NCe6jU1sWWNB\";s:14:\"css/brands.css\";s:71:\"sha384-GTxp/8UKFkexlguDtPsFi90d++F9f26nZCM99OSQo69514FK7Of5mgM9Efhs5O9L\";s:15:\"css/duotone.css\";s:71:\"sha384-nuPd13VLdsw5iBtqelv9tQ6l6+CteSUrmoT5enzHVJodx7WdNUYXNwgVpA7bgsXn\";s:19:\"css/fontawesome.css\";s:71:\"sha384-DHjwMcq12OEB4DQ+qulZDDroaXZqm7h9V6AjiP/RuUF8NhxUa8x6UWdv1AeZS+90\";s:13:\"css/light.css\";s:71:\"sha384-IvEgf1JJYgCtB5fP9nmT3uC7DY96POpmhUjo/98B8FMju1w295nj5yGBfwgD3MYj\";s:15:\"css/regular.css\";s:71:\"sha384-Z3GHSXKByZgv1Ri9CiFq0jYUQ982JHZOOg4awUHcuVBjTxwNd+PVQO1/PSwChyzK\";s:13:\"css/solid.css\";s:71:\"sha384-Ymp/JSUSR6EuZ4KjxcliW8lJ7wkYBR6oasX7EMi6SG0QBPmNUDAEG9rd7Ogy0Ca/\";s:19:\"css/svg-with-js.css\";s:71:\"sha384-n/+zO4Fk1/R4EL7q+xf44zBEgvFziVgA7BUNwfjcGjHq/X6U0v25ESHqN/l5Wprm\";s:16:\"css/v4-shims.css\";s:71:\"sha384-yV4xIIsecn1iqxJy3IC5YyRSLwtkkFuOvfPvj1hGH5NLLej9Cum4hPOUL2uQYfQ6\";s:9:\"js/all.js\";s:71:\"sha384-OF9QwbqmlzSPpIxe2GYS8lkGFyaFfrgUPD2J3qj8zGVps17Y/x8EK2U8PEl6UrpH\";s:12:\"js/brands.js\";s:71:\"sha384-5u0zCiPDAEBQPvGxnai1VRZiSs9yQmyspSLrg0Fc7ru5CeddU1cef/24itMCpcWb\";s:24:\"js/conflict-detection.js\";s:71:\"sha384-W0jz7GGBNDbeSyOhqqJrtOVDFLX4Qlqm/5K4RqM9ZpPIZL6tmDCMkEIheypFOiSK\";s:13:\"js/duotone.js\";s:71:\"sha384-rutYU6OuFfIS5MmBE4wrpMhP633bNlRHqn/SFpcetMTKr+rsBxnoTd80mkHI7wum\";s:17:\"js/fontawesome.js\";s:71:\"sha384-hwdDrjZFQbBwoFcHZZ/6e61XHiwY9csS0Wxi8i5jUgTurxmYITntaGLFYCssX7By\";s:11:\"js/light.js\";s:71:\"sha384-soVEahH07bOeX1Nlhdi4VQ+yvDpIGN9A/qbzm/PgfDrpvh7AaCTyMkQNk1spjHbf\";s:13:\"js/regular.js\";s:71:\"sha384-GR++czVV+1briVrgT0SHxwKuKqqXqfkRb2NxZ8O4rad/c/iKIn85PDSaZQ3cjiAZ\";s:11:\"js/solid.js\";s:71:\"sha384-JwTquvZ50ZD4wvDw99MHsjx621x02jCoiXBKy103wTwDMBbDLmhRcCV4v9mq5CV4\";s:14:\"js/v4-shims.js\";s:71:\"sha384-xczhE4W0SRyRFalFfxUKqclGdqLDVnc/F118WebJIQ/QyS3XKXIHXTieQKG1rG/+\";}}}s:6:\"5.15.4\";a:1:{s:3:\"sri\";a:2:{s:4:\"free\";a:14:{s:11:\"css/all.css\";s:71:\"sha384-DyZ88mC6Up2uqS4h/KRgHuoeGwBcD4Ng9SiP4dIRy0EXTlnuz47vAwmeGwVChigm\";s:14:\"css/brands.css\";s:71:\"sha384-S5yUroXKhsCryF2hYGm7i8RQ/ThL96qmmWD+lF5AZTdOdsxChQktVW+cKP/s4eav\";s:19:\"css/fontawesome.css\";s:71:\"sha384-jLKHWM3JRmfMU0A5x5AkjWkw/EYfGUAGagvnfryNV3F9VqM98XiIH7VBGVoxVSc7\";s:15:\"css/regular.css\";s:71:\"sha384-e7wK18mMVsIpE/BDLrCQ99c7gROAxr9czDzslePcAHgCLGCRidxq1mrNCLVF2oaj\";s:13:\"css/solid.css\";s:71:\"sha384-Tv5i09RULyHKMwX0E8wJUqSOaXlyu3SQxORObAI08iUwIalMmN5L6AvlPX2LMoSE\";s:19:\"css/svg-with-js.css\";s:71:\"sha384-meSUsKN46Q06zfndZ6zDskLd5vJrCPwgb2izpfSMfWpQLijQApceQWIsbpLy2lAF\";s:16:\"css/v4-shims.css\";s:71:\"sha384-Vq76wejb3QJM4nDatBa5rUOve+9gkegsjCebvV/9fvXlGWo4HCMR4cJZjjcF6Viv\";s:9:\"js/all.js\";s:71:\"sha384-rOA1PnstxnOBLzCLMcre8ybwbTmemjzdNlILg8O7z1lUkLXozs4DHonlDtnE7fpc\";s:12:\"js/brands.js\";s:71:\"sha384-xf4z6gHzXeY6YwFJm8AKcD9SSq8TsfF4+UJj1JxzwQHk+VNATxkknGEzmdtYV0w1\";s:24:\"js/conflict-detection.js\";s:71:\"sha384-b4+d5l6vwWgdPDCbk4SG+VPRplFp3JtWehGqKvfat/MWON5/PSWvf0l89dpfUDUG\";s:17:\"js/fontawesome.js\";s:71:\"sha384-dPBGbj4Uoy1OOpM4+aRGfAOc0W37JkROT+3uynUgTHZCHZNMHfGXsmmvYTffZjYO\";s:13:\"js/regular.js\";s:71:\"sha384-EEuk6Tk/hsJ0IJMUp+btTmHLuWPGGIm8I3xmxRawuWaY1xqWEm3EKVdnHNlYX+6t\";s:11:\"js/solid.js\";s:71:\"sha384-/BxOvRagtVDn9dJ+JGCtcofNXgQO/CCCVKdMfL115s3gOgQxWaX/tSq5V8dRgsbc\";s:14:\"js/v4-shims.js\";s:71:\"sha384-bx00wqJq+zY9QLCMa/zViZPu1f0GJ3VXwF4GSw3GbfjwO28QCFr4qadCrNmJQ/9N\";}s:3:\"pro\";a:18:{s:11:\"css/all.css\";s:71:\"sha384-rqn26AG5Pj86AF4SO72RK5fyefcQ/x32DNQfChxWvbXIyXFePlEktwD18fEz+kQU\";s:14:\"css/brands.css\";s:71:\"sha384-Q9/9nfR6hUHbM3NjqxA59j5l/9c23JjwDDuPsV5SKplBvgLpFDtJmukyC2oCwp28\";s:15:\"css/duotone.css\";s:71:\"sha384-Zi3Yce9z7/mhFiZHlM/DEBTnheymZyqrjMoWYPP8xtNCl+LtJKnaJ0vaGnPfqc/i\";s:19:\"css/fontawesome.css\";s:71:\"sha384-ig3RKyui4sECvuz+WE8EmFYy7sjRvEvy82mmhfV7ljRieb+0f8eEZKxHv2KC0+io\";s:13:\"css/light.css\";s:71:\"sha384-zCLzLBaV9kpBZtwZ72K00PI4UjqXZhrzMeVtYGOOHqL2N5PXSVw2MtJjaWTKYDHW\";s:15:\"css/regular.css\";s:71:\"sha384-sDvgA98ePLM7diZOYxIrDEITlUxoFxdt0CPuqjdLr/w62pPuOc73uFoigWEnVpDa\";s:13:\"css/solid.css\";s:71:\"sha384-2aj01VFITmYatwqdIKc7PHVmhLqFnnkVCilBk0Uj/fGoczNJXKvV45XlyHr/HU9g\";s:19:\"css/svg-with-js.css\";s:71:\"sha384-cHJCnE8H1fC+puOpWCd6OSOmJ1q8KxWtIm/JUpb9705KggGjyKbMzryJWJDw2OPb\";s:16:\"css/v4-shims.css\";s:71:\"sha384-sKQhO4q55X7e4nIIO+wnutVfpIITv8+QJG6hE15hThUjV3ssIxUGT4VAoAGYmOU5\";s:9:\"js/all.js\";s:71:\"sha384-8nTbev/iV1sg3ESYOAkRPRDMDa5s0sknqroAe9z4DiM+WDr1i/VKi5xLWsn87Car\";s:12:\"js/brands.js\";s:71:\"sha384-MwpSaMFXAxVGLfxKR0S/SL1BvfRLmlowKeqIE/yF7uW5ax+r1fqRs12asOCkF9Jf\";s:24:\"js/conflict-detection.js\";s:71:\"sha384-my7QwPFkgZPqsrDx/vNCyAMQw86Ee5ZUeCUBA7CF0l9rWFcxoH+h+NdSGyYBh2pq\";s:13:\"js/duotone.js\";s:71:\"sha384-AFpIAPhppteteZyLTXU8oPEbmuNz5WwwWSVAKJxuEn51LibO/iPZ+fC5DzmLJzoo\";s:17:\"js/fontawesome.js\";s:71:\"sha384-RTs6cAeLGZoCPlBxXNxYfQnVIrvTagXGxIhrXFjWgp4i4E5urdGFLlkfbsk1Nd+L\";s:11:\"js/light.js\";s:71:\"sha384-6EhWHErkaXt19GTK7f+5rRc16ekdzvItcFycGZi1GS/AycADXj7L2tkZ9z2O71ot\";s:13:\"js/regular.js\";s:71:\"sha384-WWzdx7E114gkDQnLVS/7s5WUTa5KQUqY5D8LGqBB7y132sxhUbrIHfqde9aenKnJ\";s:11:\"js/solid.js\";s:71:\"sha384-DfpPYefTs8qX3aeMuUJxalewnmVXDDtxcIJFo+Bz1qrNTaoEwMIaZkfoWx404GvG\";s:14:\"js/v4-shims.js\";s:71:\"sha384-9lueRrgA8PnJBSmeS0/jHPFpZZ/hC/7n/XNQhCroAsZSoTtaEj6Q+ewHcpgFPqFw\";}}}s:11:\"6.0.0-beta1\";a:1:{s:3:\"sri\";a:2:{s:4:\"free\";a:14:{s:11:\"css/all.css\";s:71:\"sha384-QTEmscQJYWW3qGP+JMq44fmHSM1SbRIn3hxdZ0RBhX7yzbDOmdhCzVDY/nCs7Yfh\";s:14:\"css/brands.css\";s:71:\"sha384-YxspAfDWGMmVGaoWFDjr/ceg8QdLKNj76+YDQ3iXiX1d64PMg/rVRUQMIcd7loDR\";s:19:\"css/fontawesome.css\";s:71:\"sha384-Y63uHbYQVeMm+hkTj/YJpPSWvwA7maoOgWIcH/L/Zil8zxKQNclQIgNioLyE+zQT\";s:15:\"css/regular.css\";s:71:\"sha384-3+YTU1oGJl/DJPoU+JvGaD8K0waHM6gIPSWeabncnJ1y/LzxnMdPNvXxvbJtzkH4\";s:13:\"css/solid.css\";s:71:\"sha384-SVoL9P0p4yDjJ7K7qukXf8FBr4TcwUEZpvnQv80juxlb+QtrhT0zH3Gidw6aACkN\";s:19:\"css/svg-with-js.css\";s:71:\"sha384-bhQY/O7CPf/LJ1fFQ19Hb4zwFDg7vUCZT9GLZM4RVTzxhZCINjHGSM7VaB36hnHe\";s:16:\"css/v4-shims.css\";s:71:\"sha384-4q5P4wLQvP0vMZgsfSOPe2qSqfL+Y76J/5hi9QW1QqtZ0qdgSrcFRIv5MgSNtFX4\";s:9:\"js/all.js\";s:71:\"sha384-s6zGSTvDy4KZ4ncPlsj+2l4ATGBt+gXsKFfd4lR4QKFl2RgB4iOoqZzDkRqndbvR\";s:12:\"js/brands.js\";s:71:\"sha384-gksSOJLGNOMoFqSuS5Ki/PIhYoVzeS8bWP7Gg6b/6gY3FXNGW3ZwRY12rkFGpvz9\";s:24:\"js/conflict-detection.js\";s:71:\"sha384-JsmVGsnClQ/8mX7vDm+8UJ9XHlqIuwxPIKrIkpXt4mJZiaeCzg/uXxY3OjB7MajC\";s:17:\"js/fontawesome.js\";s:71:\"sha384-PkZHTzZps6BUB70Jc6Ujwh17lPpgjVJlG98uCR+Dg+bsDNAHk7UbcsVq9pUY0QM5\";s:13:\"js/regular.js\";s:71:\"sha384-i/4zUQF6PMLPil02YpE9smRx7XTQ0/bwaSlMl4QZRk0yFj0PCJqkv231+5hjbcsq\";s:11:\"js/solid.js\";s:71:\"sha384-ufQzc6WFPbylIrm5F6yJOtKS4KCrT6hoEuGPNEMv+9Y2ZVmEC0Jt5Tqf25Q2hOa8\";s:14:\"js/v4-shims.js\";s:71:\"sha384-3dTEd1SkEJhxEBZpeAOJF+PzflHEdVc87NLQ1dQd1UFpZNiygckU0Ku29kJavA2Q\";}s:3:\"pro\";a:0:{}}}s:11:\"6.0.0-beta2\";a:1:{s:3:\"sri\";a:2:{s:4:\"free\";a:14:{s:11:\"css/all.css\";s:71:\"sha384-H8oq+jCbb0QVbhroj1DucOj59MYLAHR4vQPc0ClgJJzMS/YL7OcRJfM/ehkfKqhU\";s:14:\"css/brands.css\";s:71:\"sha384-9RVmH5wLHK5upannGNFElXHKDeCRaoz+RuosjPpGqwUmn2+p5J5IBUd0P726kTk3\";s:19:\"css/fontawesome.css\";s:71:\"sha384-m+NmQ9JGB4PGDECPUaU3EyjsUk6jyyMoM53D/n//nHSADtoSKusJc/BF/ZffIvI0\";s:15:\"css/regular.css\";s:71:\"sha384-mwb6xqj3Cg9cBoRZDNp2p4Sv49gYTCgHVLVwbErL3sJCA+RJ3Xhwq19ezzyT1KqX\";s:13:\"css/solid.css\";s:71:\"sha384-sBOgtFigRpSU/zNyZLGNKX6O+VrUJzHdITsX3+nGRutcAaSdRMmnc8LOJk8XzoDM\";s:19:\"css/svg-with-js.css\";s:71:\"sha384-/ShrxWgDzY0RmtJK6gusdzSMS1yYysWIr6y1FFEG9B7naj2HqXMNxatmNRgmRDCx\";s:16:\"css/v4-shims.css\";s:71:\"sha384-wA6dLShvXgKngeGUYrFpv9/zgLLUtPxBL9y1OD9u5uQmeT3wWxvZVue3BO4xo4f0\";s:9:\"js/all.js\";s:71:\"sha384-vwquPQ7YyWL/EWINiNcgCpPP9Wbx44bLyI1NbrUJmEacQGGGWUzpERymaTAjvS9H\";s:12:\"js/brands.js\";s:71:\"sha384-X5eSej258z73rxsuRybt1adaWo6MobuyduuEYgYhbJMavb1jXYBhCqd1ZwRC9/7W\";s:24:\"js/conflict-detection.js\";s:71:\"sha384-MOke50TwkELSa34Yzu6DEGxTlT3Wdn5DynHvqLANi/pFPBZxRDnFhJnD6mE/GuoP\";s:17:\"js/fontawesome.js\";s:71:\"sha384-vo5XH3GmQrg9pkTZYURBhzEXm7Xslw9fD0z49HVMvdquMGvwTiUKJP4he5iFSPot\";s:13:\"js/regular.js\";s:71:\"sha384-UDm7R3v5rW8y32ssB0WDalZIS8AztwsdQERaPBHTRLStI7Bfr/fhWLuXr5nYZG8M\";s:11:\"js/solid.js\";s:71:\"sha384-f199SbfL8tgeze5wETQ87SF+anBX6Dmf9bWZSBvW02HFz602Fqhv1u1iCnKgdbls\";s:14:\"js/v4-shims.js\";s:71:\"sha384-Teg5BVlogMJp4To5SNk5eS6Ct/+y3KN9D/UWWXr4e2JhUbT1rgnLDWGXp/TG/0a/\";}s:3:\"pro\";a:0:{}}}s:11:\"6.0.0-beta3\";a:1:{s:3:\"sri\";a:2:{s:4:\"free\";a:16:{s:11:\"css/all.css\";s:71:\"sha384-5e2ESR8Ycmos6g3gAKr1Jvwye8sW4U1u/cAKulfVJnkakCcMqhOudbtPnvJ+nbv7\";s:14:\"css/brands.css\";s:71:\"sha384-Lzg1sLP4sLS8KyVySlmRH4QzbOnIzlp/h2MYRTDkxMPKwaD+zxathmN655nRjRSG\";s:19:\"css/fontawesome.css\";s:71:\"sha384-RAtjHVFRUZs4Tif4stxk4r1UN31mhO2m2ii67jtwlyWDXls6IDZ6/N2bHxt3bA48\";s:15:\"css/regular.css\";s:71:\"sha384-TvfVCWnd24+5zZ+qmyScSguhYpT7YtOajZ0b4IVLn3+T3dFYzXkgu/EE/Nrf2km5\";s:13:\"css/solid.css\";s:71:\"sha384-4veAyGk1Tas2qyx7CD/29iLDa8aarX6vdaWWVPD7K/m8FdvH9ae9yFNbWOxmP1hZ\";s:19:\"css/svg-with-js.css\";s:71:\"sha384-MLxC4sgXwbw5k1vFBDb68XNAF7UdJ7e1ibhu+ySJnAakTpweYCcq7jCcQpd5nJjU\";s:20:\"css/v4-font-face.css\";s:71:\"sha384-LJQ43yQLnfgXK8pn645vHWEmSJrVqisZaieRPj7NGV7cCzlL/B67BDv8gMRBS53i\";s:16:\"css/v4-shims.css\";s:71:\"sha384-zCIuCI9fw3QOcUPL5/7JfB3Qw6sjEimma+57eLWmHPHyVgqGmX5XLwGi3Ak5fLzQ\";s:20:\"css/v5-font-face.css\";s:71:\"sha384-W7b35mq2oJvzl9StEqMDWhapHEgwLh3/iohOpz2RopU0+3/eOmb8eubYCz0OwUcj\";s:9:\"js/all.js\";s:71:\"sha384-6e7nA5mhBVXnMIAtGPETl10C7oipDhu2IN/lyxyjAJG+KzNtRLqrqFJN5wJ+6/qU\";s:12:\"js/brands.js\";s:71:\"sha384-zY1eKUaz/NWcOf6xnU5eePxV3anVtTTAlu33RytBcT9jGz8dstwzZbVpp2l609NT\";s:24:\"js/conflict-detection.js\";s:71:\"sha384-rN+BHnX2WMsUD7VYL6PykWIyqG6SyEu6IdhgM42fLyWqC7JlY2k76ufmZvMFU43a\";s:17:\"js/fontawesome.js\";s:71:\"sha384-W1qlouWJA+8MQIORaSCnwNHhaPuAMwQGosDEwU/g4kkawDb4WwLy3ZWVpa/KtRXb\";s:13:\"js/regular.js\";s:71:\"sha384-Axuj5+DJ+mQA38QqwpWCujH6bCefx3brdTdN+ffhy6oxdqSvs1evxn4iX828SSe6\";s:11:\"js/solid.js\";s:71:\"sha384-9d1SM0Z1PczSHlc0bwe5j/n1kjp14H06SgMcxbmNkp6ZSQa6CqneEHKQkfVGPcR7\";s:14:\"js/v4-shims.js\";s:71:\"sha384-ZkRpffzN60bZU7hfI/zFR3Nv603593UFKpz6QAm3FUAUqGa60uzGmuEGLB5BZNsY\";}s:3:\"pro\";a:0:{}}}s:5:\"6.0.0\";a:1:{s:3:\"sri\";a:2:{s:4:\"free\";a:16:{s:11:\"css/all.css\";s:71:\"sha384-3B6NwesSXE7YJlcLI9RpRqGf2p/EgVH8BgoKTaUrmKNDkHPStTQ3EyoYjCGXaOTS\";s:14:\"css/brands.css\";s:71:\"sha384-Adcde+txsvO9VVaHmK9GsiU0ps9W6rwF+IlMCjHpCeU5j18z8lenKNx6AV7OuQKy\";s:19:\"css/fontawesome.css\";s:71:\"sha384-caIQK8zI/KcZVq2HWogTcGbcxd9c0Alp2SDcy0eOHIjipClzJQ8HEkSNcoXtKq+w\";s:15:\"css/regular.css\";s:71:\"sha384-CAcRRHVEmhGr2UjS0hlffWvnfewfvVqvDJP03d3f3NctPBCvDfPMY6L8r4to10MT\";s:13:\"css/solid.css\";s:71:\"sha384-zW4IamLJkgRrzYFdEixnM4hbhScK8Q/B0aYHqhGxQf6jrj1pxNaEzS7n65YVdFsW\";s:19:\"css/svg-with-js.css\";s:71:\"sha384-+FYTcfgXTek/jHYrY62q/wv2/QxcumMqXHB/9ZHrAwFBiACe0XD+xXBvrlpG93Qd\";s:20:\"css/v4-font-face.css\";s:71:\"sha384-K7jXM/Fd0TzcNoMz1bK2/PRaJLYkgynKTlUyKXatOFEovvEO1Zownee30wS0rxq4\";s:16:\"css/v4-shims.css\";s:71:\"sha384-Mo3tUbn02WJ1eXNOTbemz64sjSQx9PEUk4o3BJbDNrfhSAfbPobKWeqYpV3xkTBC\";s:20:\"css/v5-font-face.css\";s:71:\"sha384-iYWocEeLglluGxouLD/E0jzilCIbE6LTAKof7ZPB7/YSAogAA6bLTJyo2T98POzn\";s:9:\"js/all.js\";s:71:\"sha384-l+HksIGR+lyuyBo1+1zCBSRt6v4yklWu7RbG0Cv+jDLDD9WFcEIwZLHioVB4Wkau\";s:12:\"js/brands.js\";s:71:\"sha384-ZCobqGyWQ2Qg///QRAi+jqRlO/9aWmMHd6tb0emtG9QBX9t77I71IHg19T90mlfk\";s:24:\"js/conflict-detection.js\";s:71:\"sha384-5v1FR2qOT+wEONoibSzBiWIvpXEOyyRuvOtNOfwijR3h4K7tg12vL4TNx4iSsQWX\";s:17:\"js/fontawesome.js\";s:71:\"sha384-pULjvYk4ZbCHxvgkOUhY3s6wbSkRp/9WHqh+NdM+FkmDQsdJeg2XyOHSEQ0AZlr4\";s:13:\"js/regular.js\";s:71:\"sha384-7XHlSs/t85udVElMnHlVDct1GXjA01UIyQLQRbYc3bxChziaGT776dBUgqd/o82r\";s:11:\"js/solid.js\";s:71:\"sha384-IWq2srnodX6Z+US+NFdwALHXDvdogKkBx7sUMzfypASSeqsNzF+gAS48WnkPcYbf\";s:14:\"js/v4-shims.js\";s:71:\"sha384-ybkuz/OxDnyDU81HhdheMi5FjVHdKkPPnnfX2H5pClfR9x+aAMkenwEbVe0AdPt9\";}s:3:\"pro\";a:0:{}}}s:5:\"6.1.0\";a:1:{s:3:\"sri\";a:2:{s:4:\"free\";a:16:{s:11:\"css/all.css\";s:71:\"sha384-eLT4eRYPHTmTsFGFAzjcCWX+wHfUInVWNm9YnwpiatljsZOwXtwV2Hh6sHM6zZD9\";s:14:\"css/brands.css\";s:71:\"sha384-E8UvjEv9HnIyjcD0D2Nfr/M7y5wA7GK+DoLhh5Sbfd0MtCSpdREBn8Wc/SdeaBDA\";s:19:\"css/fontawesome.css\";s:71:\"sha384-RLM8Rxp/DcBfCfSI3bGwwoMMxxy34D2e58WAqXmmdnh0WYlAQ8jeOB3A1ed5KUSm\";s:15:\"css/regular.css\";s:71:\"sha384-luZMTbX5lx1yPkwYfjdCtbXx2AL3j1H+ffZ1LJSuxepC2TKyGzv3zkgftThS/BDN\";s:13:\"css/solid.css\";s:71:\"sha384-ltWlpN+Dl8XfKEnC9oW+dDRF8Z7jsYkxQ/WMRoJ2VHH5G2nQZ4if2NWwmV0ybzZ7\";s:19:\"css/svg-with-js.css\";s:71:\"sha384-gLJsqV+iGZdsakTXDecPQLbmHTTUB6vIJ2ukjLJTPa+YXsdHu5alOSYZZTagrVSG\";s:20:\"css/v4-font-face.css\";s:71:\"sha384-WTcUA4jr+YtMif40YOsaoMazuo9cigaWqC7Vrj6PjPzPt/VegPK08OEyRvvIauzD\";s:16:\"css/v4-shims.css\";s:71:\"sha384-k1PPow2i4/GbflsJCusORB91wBmXUDdw6pOkXu2vQWXIsmLbIL0t/aA7FroyJf1r\";s:20:\"css/v5-font-face.css\";s:71:\"sha384-SXOfPW9HC6/r4BP4QoUVZNVol9D+ncClNpAseJsRONb9L1F7QgV6ltEXcLnYJv9H\";s:9:\"js/all.js\";s:71:\"sha384-vLLEq/Un/eZFmXAu4Xxf8F00RSSMzPcI7iDiT6hpB4zFpezCEGhb5daeR8PLyrLI\";s:12:\"js/brands.js\";s:71:\"sha384-cNUzI2P088AN66Vx9jSolJDKuj/ZWgTtbwYleQo9MedrXul9DrmthXUDN2iFVk9u\";s:24:\"js/conflict-detection.js\";s:71:\"sha384-te3/sj8uC87v52yVrB6zr3Fm5m0AyGLAHYUIx853+yLbLffUUfXrdztSp/yFACrc\";s:17:\"js/fontawesome.js\";s:71:\"sha384-n82ItqkVbr/bDMKi4caJ2ZLCgihjr3y0aF69FTVAfwQmyFRVucR9QvBKz7DliBNY\";s:13:\"js/regular.js\";s:71:\"sha384-/wcH7fFePVuXUD0zgIUKgQwvWV21321nbGpvX01SjmZ01yE/n68/Wp8rBxpsKI/+\";s:11:\"js/solid.js\";s:71:\"sha384-A4ZBrBkKFVj3yXr0kIOFHs3vCQDJSHAU9OiRxm9X42e+amWJl68HpDCbONxiMp12\";s:14:\"js/v4-shims.js\";s:71:\"sha384-WqC1w5exlfB7/5UiHTZp/YAnoS9Ovlzh55EwGjzaMxZZtL1omDGlh7KehDlpgKUr\";}s:3:\"pro\";a:0:{}}}s:5:\"6.1.1\";a:1:{s:3:\"sri\";a:2:{s:4:\"free\";a:16:{s:11:\"css/all.css\";s:71:\"sha384-/frq1SRXYH/bSyou/HUp/hib7RVN1TawQYja658FEOodR/FQBKVqT9Ol+Oz3Olq5\";s:14:\"css/brands.css\";s:71:\"sha384-GjGxypaJovIS9KvmJ0F1G5aXPEfMvk9dMgnwAAw7UOfX7zTQZMapUiXX/+8HlctD\";s:19:\"css/fontawesome.css\";s:71:\"sha384-zIaWifL2YFF1qaDiAo0JFgsmasocJ/rqu7LKYH8CoBEXqGbb9eO+Xi3s6fQhgFWM\";s:15:\"css/regular.css\";s:71:\"sha384-i84Ve3MkmiZYhWmYDjLPpHYYvg36qy5F11ipncNWsQMTrwZ8nGSSX3Q2QnmwEGdR\";s:13:\"css/solid.css\";s:71:\"sha384-DhmF1FmzR9+RBLmbsAts3Sp+i6cZMWQwNTRsew7pO/e4gvzqmzcpAzhDIwllPonQ\";s:19:\"css/svg-with-js.css\";s:71:\"sha384-ET/prSuhSJFD66MbC3j2l1MrZtW8jdamNc+wmMcmh804U+5Isyo29kVkPjr+4+9P\";s:20:\"css/v4-font-face.css\";s:71:\"sha384-DPkhMKJRq9+6LzxVlr0poYa5+EQVr/onntse7iwk6coJonLqzoCBzSKF6ccKoXRm\";s:16:\"css/v4-shims.css\";s:71:\"sha384-4Jczmr1SlicmtiAiHGxwWtSzLJAS97HzJsKGqfC0JtZktLrPXIux1u6GJNVRRqiN\";s:20:\"css/v5-font-face.css\";s:71:\"sha384-QmV/KObe6h/Mb8GC5urJmE9hmFaZDtdnqpCUz9P9nDHFgMeDXyI6IARqnuDRkYu1\";s:9:\"js/all.js\";s:71:\"sha384-xBXmu0dk1bEoiwd71wOonQLyH+VpgR1XcDH3rtxrLww5ajNTuMvBdL5SOiFZnNdp\";s:12:\"js/brands.js\";s:71:\"sha384-jUDsa+5FKZnKIWUpGkvYZHGEx5UxPEu6XJtEMH9ZGXZZkUNVWX1vs+a51vHKs3EY\";s:24:\"js/conflict-detection.js\";s:71:\"sha384-SgqpzfPaFrGdMcCtSUb4dAD1aDr5a93AfPBL+tk14acF93aGDvasqDcPFbHe24pS\";s:17:\"js/fontawesome.js\";s:71:\"sha384-9zErGp+biBilRrlpD1l3ExnaqXc8QLITlNpGtb4OL6W1JChl0wwmDNs4U/0UA8L8\";s:13:\"js/regular.js\";s:71:\"sha384-5ZhDHsI9yoa8E6DaGJCLj2Lgi8w4KE42IQi4jvmqYVCaza4Iqi8/hSniWspK7fUs\";s:11:\"js/solid.js\";s:71:\"sha384-KPytPVc+hwHwX9HXl4tA7SWJ0Sob6StzjVRoxC4Q4U0JgXujpuVrkBxR0Hsf8A25\";s:14:\"js/v4-shims.js\";s:71:\"sha384-lUDzd+x9AFWWpLYlM0ZCD+x586cN20gzVDrjHh8HUz22j1QwqTKQGkmd64bfBeZi\";}s:3:\"pro\";a:0:{}}}s:5:\"6.1.2\";a:1:{s:3:\"sri\";a:2:{s:4:\"free\";a:16:{s:11:\"css/all.css\";s:71:\"sha384-fZCoUih8XsaUZnNDOiLqnby1tMJ0sE7oBbNk2Xxf5x8Z4SvNQ9j83vFMa/erbVrV\";s:14:\"css/brands.css\";s:71:\"sha384-bSSRmv/7zc8N//nlEscKMJrVdXnmDX0i3KY5/Z25DbCimvRgRrefGMGQORqrdfD+\";s:19:\"css/fontawesome.css\";s:71:\"sha384-X8QTME3FCg1DLb58++lPvsjbQoCT9bp3MsUU3grbIny/3ZwUJkRNO8NPW6zqzuW9\";s:15:\"css/regular.css\";s:71:\"sha384-VkONnoon0mCxG87ODS8tYdngkEsiD8Sd23d3b4KRiZfPqB9YD9hlTNWSc1pkWUct\";s:13:\"css/solid.css\";s:71:\"sha384-0BumEd2qDQ2SCps2Pnnhegpr+si0PveDhbdhKgLYwY9x611h8s22Zh8td+W7jeys\";s:19:\"css/svg-with-js.css\";s:71:\"sha384-GCDsQfUYx2ESsVn+lTf9CyU+PGOUBXnknizovQ4IJxE5loN0RHLpN+vRHxwybMFN\";s:20:\"css/v4-font-face.css\";s:71:\"sha384-E84k0fsWgsf0UqlJxsjgvjalIakzDn/aoXROK5S9mgTazm9ZOb/8zZ0qyqkdKDD7\";s:16:\"css/v4-shims.css\";s:71:\"sha384-iW7MVRJO9Fj06GFbRcMqdZBcVQhjBWlVXUjtY7XCppA+DZUoHBQ7B8VB+EjXUkPV\";s:20:\"css/v5-font-face.css\";s:71:\"sha384-C2uLsOCgtzzsIRkD2hyqhqJnsO6tKm8ec1erAE0iUqF9rveCxghE19k8tc41ksjq\";s:9:\"js/all.js\";s:71:\"sha384-11X1bEJVFeFtn94r1jlvSC7tlJkV2VJctorjswdLzqOJ6ZvYBSZQkaQVXG0R4Flt\";s:12:\"js/brands.js\";s:71:\"sha384-U5yq7AQDGZ6J9YLnrFCX7Qb4jl4/ARIio5SQIZcB5bLjDxI9j3Z3rg1jows2sbu3\";s:24:\"js/conflict-detection.js\";s:71:\"sha384-vGTTZfVQhZ4yWSot55BXgm/SDH+MsKEeG2GFPNoKnoFJmosfJzkaPyMucBkV94KT\";s:17:\"js/fontawesome.js\";s:71:\"sha384-hAYe7Q//ZOaw3fT5VW5hCn+guWuzOj8+KjXlS95ZxcRnVX+SxyugquCJURnqC7UK\";s:13:\"js/regular.js\";s:71:\"sha384-60G9FrRhST1TC039tICDDsfkkIa1Smg8kwF6wa9wYEpDqGrd5kQtp9JCsfWW7GCA\";s:11:\"js/solid.js\";s:71:\"sha384-tc7MH1B8eIPGWXxQScItgwJcDhnfKKXr7R39oJJCo9oQ5QssIq6fJM9HvdSHlmUE\";s:14:\"js/v4-shims.js\";s:71:\"sha384-JwJ3z2CNw6j4LN4k+tA6GEN2OQSUzcSBpWIsEqlngCZqnfxDsQUe5SURjhpXLhvY\";}s:3:\"pro\";a:0:{}}}s:5:\"6.2.0\";a:1:{s:3:\"sri\";a:2:{s:4:\"free\";a:16:{s:11:\"css/all.css\";s:71:\"sha384-SOnAn/m2fVJCwnbEYgD4xzrPtvsXdElhOVvR8ND1YjB5nhGNwwf7nBQlhfAwHAZC\";s:14:\"css/brands.css\";s:71:\"sha384-aPlaxY3ZTSh7uDmsF2W7hsMfri06sIyTmCDnY7ERd0fdq3Sf5bUKYZMvomNxUaXn\";s:19:\"css/fontawesome.css\";s:71:\"sha384-z4tVnCr80ZcL0iufVdGQSUzNvJsKjEtqYZjiQrrYKlpGow+btDHDfQWkFjoaz/Zr\";s:15:\"css/regular.css\";s:71:\"sha384-wn3adrQUGPbU211xcXhUrH0E0l+tYlkc3uXQ8WiBvnHj6ZU9E1vKwzjRaCKUenlU\";s:13:\"css/solid.css\";s:71:\"sha384-0mfI7+kSnb5u0q8irmrfJVv1jYIBfeR+8BsSsgUDjP4HCYuQ+kLshHc4xpHeBqrp\";s:19:\"css/svg-with-js.css\";s:71:\"sha384-lvs3gozt+olLidIy5GkpdCk5cvS3LPkq49a9KDlN1Xh1bkPTNGeTL6SJCX6gqyYx\";s:20:\"css/v4-font-face.css\";s:71:\"sha384-RSx4BCEB9OLjPKMTvFSenXMC8VTsramvoyHB5iSB1VvRvjZ+nendH6WKbigGUl31\";s:16:\"css/v4-shims.css\";s:71:\"sha384-MAgG0MNwzSXBbmOw4KK9yjMrRaUNSCk3WoZPkzVC1rmhXzerY4gqk/BLNYtdOFCO\";s:20:\"css/v5-font-face.css\";s:71:\"sha384-RS0a4x4GGXTod9x2HdKnveb/E8M6PuU4d/ZQVzhS+333QRA/Ozo84SeOKdLTZ2yN\";s:9:\"js/all.js\";s:71:\"sha384-W5zCdxUh9KjkijDohSc4bFCIfbZKNYcz/hdWjfRL1whrEJO6YBXMaZcAZU5YWJNW\";s:12:\"js/brands.js\";s:71:\"sha384-09m3HDo5mYd2JdkpussYgOLApaYuUblFkHtmeNGHcQv5bXjDeCFdH2iVYjUT8dQ/\";s:24:\"js/conflict-detection.js\";s:71:\"sha384-lbmBDViH+2PwoLg/9cPkkkTMdiyjpcY/jpRNab/Tt0ZmaSdv+85nXkEXaCe/kFp0\";s:17:\"js/fontawesome.js\";s:71:\"sha384-KZ1LJTCtJ2KL1x2pH7hR3CElXzG3s0P624sTHaiTFoSKBMBlwu0mrvkjm8jKox6f\";s:13:\"js/regular.js\";s:71:\"sha384-9P5qtFxImyObPMiImjKy+Kc+r+0+br3QTmRpQSswRkuWxTlb1Jsn7wG/i1i5xJjp\";s:11:\"js/solid.js\";s:71:\"sha384-H6YBpm4VRWLTfp0nRZIrLoT2zc1rWaEEYxYC+HyWXxSKY+AUn5evalgkgT0EpMDN\";s:14:\"js/v4-shims.js\";s:71:\"sha384-FirTqNsw+MidIWcJQan+CwXPSApCil9UBGO7gSOrDvmnzlApH42azPyb5gSH12vT\";}s:3:\"pro\";a:0:{}}}s:5:\"6.2.1\";a:1:{s:3:\"sri\";a:2:{s:4:\"free\";a:16:{s:11:\"css/all.css\";s:71:\"sha384-twcuYPV86B3vvpwNhWJuaLdUSLF9+ttgM2A6M870UYXrOsxKfER2MKox5cirApyA\";s:14:\"css/brands.css\";s:71:\"sha384-zzq6oTpui+lGFqUViC9Wq0M0ruPnfZLT+vZoMnTIf7z5TIhLggF72ZKZD0dGWakx\";s:19:\"css/fontawesome.css\";s:71:\"sha384-QYIZto+st3yW+o8+5OHfT6S482Zsvz2WfOzpFSXMF9zqeLcFV0/wlZpMtyFcZALm\";s:15:\"css/regular.css\";s:71:\"sha384-ec0IxhWgl7nOQwUxu15+OAt2ylNSDoZllO5JM+Wlfp5iRzHOV7834BmFjztiNi1a\";s:13:\"css/solid.css\";s:71:\"sha384-XA4GNh8NX8EYkM7X7NCXQzS7tTEzSelPJ2gF6s+KKgR7Fcep3WAa9iKAxyYEQBqh\";s:19:\"css/svg-with-js.css\";s:71:\"sha384-Hb+xoMIh5T/8ALSNePRt0QBxUzia2Csd7In9RrXrwe3btQGQk9QHDQtpl5W/3oNR\";s:20:\"css/v4-font-face.css\";s:71:\"sha384-O4Uaae/V6mzTlKODhK4IpUZZiXIuaH//HQIvOJgzp+YRf+0ms93I87n4WtBYLudx\";s:16:\"css/v4-shims.css\";s:71:\"sha384-RreHPODFsMyzCpG+dKnwxOSjmjkuPWWdYP8sLpBRoSd8qPNJwaxKGUdxhQOKwUc7\";s:20:\"css/v5-font-face.css\";s:71:\"sha384-MReR7mQQUkCxHgYCao8fyFmmRcib7wPhbYWSNMZeFKTaoe0r0NePq6eeDHHfDHoR\";s:9:\"js/all.js\";s:71:\"sha384-sCgwm7cN2+PN5J6MEF+tnqkCY4Wc5WRcGU+I9b04LSQaPRMO09dnbrVilAWAbH1z\";s:12:\"js/brands.js\";s:71:\"sha384-paSlHD0OmJVQU3bqeDxqGDmSDHe9M4KOKTS5fMPqUnLBatCB5mFvvUWCyFmuaWU/\";s:24:\"js/conflict-detection.js\";s:71:\"sha384-+VJZyx6TPe/0fC+AtQuiPhcJ3vxer0IsFetCmdTQKAlBkj0JQPtHG5wlHTjTMR2P\";s:17:\"js/fontawesome.js\";s:71:\"sha384-zqHeJ5LxaaUrtMetMhaqvaChYEnpeC2GD7jY9JtkUU7ALLAiMHF8VEs/9hI45Rlk\";s:13:\"js/regular.js\";s:71:\"sha384-V8GcQvIrFZ6r5GLjZ1HYSOuM0xejDxJM7Q88AzR4e3ErN2SHiVEIRJ9fMxu8hLD9\";s:11:\"js/solid.js\";s:71:\"sha384-hnLkLr3nX34CKy5QEs25fE1nSgfHyy9WeOa2te+FT3Q9L5m4L5aNizHqOEdFPX7s\";s:14:\"js/v4-shims.js\";s:71:\"sha384-r4s+tpoonjJ7uL821D+ZropRuilrahBs/t7I5GxACKAAVGLOlq+1O+yQklgFyawo\";}s:3:\"pro\";a:0:{}}}s:5:\"6.3.0\";a:1:{s:3:\"sri\";a:2:{s:4:\"free\";a:16:{s:11:\"css/all.css\";s:71:\"sha384-nYX0jQk7JxCp1jdj3j2QdJbEJaTvTlhexnpMjwIkYQLdk9ZE3/g8CBw87XP2N0pR\";s:14:\"css/brands.css\";s:71:\"sha384-nAID/7ZbfvEYU+xSZ0WSonEMJwE3L/H601tipVgerMsWXyzaigVLkTK01HvpcFXt\";s:19:\"css/fontawesome.css\";s:71:\"sha384-IfdMaxM7xApqzQmi9UKLIQPSX+440ganmZq+rMGyqDukniVtKl003KdPruUrtXtK\";s:15:\"css/regular.css\";s:71:\"sha384-ix51dCg7sGikKC5kWHfI3mtSd1gIH4xMi7/QU+Af5fqLFjJf8hpbeb3TYZ6cIUV+\";s:13:\"css/solid.css\";s:71:\"sha384-PxcNnk8LvpDOF9+oRKY/0jnWn7dad+8aYUBNBvUlkcVedXQVe08FomQti4AD5v8V\";s:19:\"css/svg-with-js.css\";s:71:\"sha384-/siyQcTjrZDFe29mEtEHK7Eb4EhdKEvYw+vgxleGBDIrHDHZbq3CnTLFfBubXXI4\";s:20:\"css/v4-font-face.css\";s:71:\"sha384-NKf3ykwJFzOuD3j328idnfCz39TdN8EmH8pKT9lKR8HGEwrr7e8EetwwJ4easRJd\";s:16:\"css/v4-shims.css\";s:71:\"sha384-SQz6YOYE9rzJdPMcxCxNEmEuaYeT0ayZY/ZxArYWtTnvBwcfHI6rCwtgsOonZ+08\";s:20:\"css/v5-font-face.css\";s:71:\"sha384-a4b/G2DeLnJR7cWqyrY2Sp1zq2yloVgemqVyajo2TOgC+CyG89CFGs3h/4t6tE6C\";s:9:\"js/all.js\";s:71:\"sha384-QM3vQ1ro1SUguF26PKxC17ZxibTi/ixpgL9NRL5/RHw1AmA0pfSeGCh6k+uqbyzJ\";s:12:\"js/brands.js\";s:71:\"sha384-+dgonENyuv/Ma5wK3qD7a5ah/QkyvBj6vKZRydt/XL8UZ4/vW+knK6Mzgz0n1Tur\";s:24:\"js/conflict-detection.js\";s:71:\"sha384-9spX59FjXN5m4FE1qKeJAkbeccFpPSSkK7uRDbyfsWMLoovjBrKMwI7QPzr9IItI\";s:17:\"js/fontawesome.js\";s:71:\"sha384-/fIp3d9vqOYL5eP47pOEUYZ/h5dXL4fD9Rc4DWSuIqMZkUj+DA94qNELNYZm8VJS\";s:13:\"js/regular.js\";s:71:\"sha384-sQbun49r1isRugOLIXUMavarR+iGPwX3CD+RnzFVwcq5a6ytn90mjg95EavZR7FQ\";s:11:\"js/solid.js\";s:71:\"sha384-G+v/7MQzsBBqsKVV3XKv8ThIDYIyXG6LJWqTPBrADbzQf/Ok8cTgjl0X+smak2c5\";s:14:\"js/v4-shims.js\";s:71:\"sha384-wIToinlzS6m/RbLlDnKRNYNV9AH+JiQw4YYjKJLDHvRHM3otJbm3Yo6HW5Tmlm6Q\";}s:3:\"pro\";a:0:{}}}}}}', 'no');

